000
CXUS52 KMFL 171000
CF6TMB
PRELIMINARY LOCAL CLIMATOLOGICAL DATA (WS FORM: F-6)

                                          STATION:   KENDALL-TAMIAMI EXEC ARPT
                                          MONTH:     FEBRUARY
                                          YEAR:      2019
                                          LATITUDE:   25 38 N
                                          LONGITUDE:  80 26 W

  TEMPERATURE IN F:       :PCPN:    SNOW:  WIND      :SUNSHINE: SKY     :PK WND
================================================================================
1   2   3   4   5  6A  6B    7    8   9   10  11  12  13   14  15   16   17  18
                                     12Z  AVG MX 2MIN
DY MAX MIN AVG DEP HDD CDD  WTR  SNW DPTH SPD SPD DIR MIN PSBL S-S WX    SPD DR
================================================================================

 1  80  60  70   3   0   5 0.00  0.0    0  5.8 15 110   M    M   1 1      19 110
 2  82  67  75   8   0  10 0.10  0.0    0  6.6 15 130   M    M   3        18 130
 3  86  62  74   7   0   9 0.00  0.0    0  5.0 14 280   M    M   2 1      18 320
 4  79  61  70   3   0   5 0.00  0.0    0  6.4 14 320   M    M   3 1      19 320
 5  81  59  70   3   0   5 0.00  0.0    0  4.1 13 100   M    M   2 1      16  60
 6  80  58  69   2   0   4 0.00  0.0    0  5.7 16 100   M    M   1 1      26  90
 7  80  58  69   1   0   4 0.00  0.0    0  6.0 18 100   M    M   2        22 120
 8  83  60  72   4   0   7    T  0.0    0  6.0 18 110   M    M   2        22 100
 9  80  62  71   3   0   6 0.07  0.0    0  8.5 25  50   M    M   4        35  40
10  82  66  74   6   0   9 0.01  0.0    0 13.5 26  90   M    M   4        33  90
11  79  68  74   6   0   9 0.15  0.0    0  8.8 21 120   M    M   6 18     27 110
12  84  69  77   9   0  12 0.00  0.0    0  8.4 20 160   M    M   3        24 130
13  74  61  68   0   0   3 1.47  0.0    0  8.9 23 360   M    M   5 18     30 360
14  80  57  69   1   0   4 0.00  0.0    0 10.0 20 360   M    M   2        23  10
15  84  58  71   3   0   6 0.00  0.0    0  3.7 10 120   M    M   2 1      15 360
16  83  56  70   1   0   5 0.00  0.0    0  4.9 15 200   M    M   2        19 190
================================================================================
SM 1297  982         0 103  1.80     0.0 112.3          M       44
================================================================================
AV 81.1 61.4                               7.0 FASTST   M    M   3    MAX(MPH)
                                 MISC ---->  # 26  90               # 35   40
================================================================================
NOTES:
# LAST OF SEVERAL OCCURRENCES

COLUMN 17 PEAK WIND IN M.P.H.

PRELIMINARY LOCAL CLIMATOLOGICAL DATA (WS FORM: F-6) , PAGE 2

                                          STATION:  KENDALL-TAMIAMI EXEC ARPT
                                          MONTH:    FEBRUARY
                                          YEAR:     2019
                                          LATITUDE:   25 38 N
                                          LONGITUDE:  80 26 W

[TEMPERATURE DATA]      [PRECIPITATION DATA]       SYMBOLS USED IN COLUMN 16

AVERAGE MONTHLY: 71.2   TOTAL FOR MONTH:   1.80    1 = FOG OR MIST
DPTR FM NORMAL:   3.5   DPTR FM NORMAL:    0.46    2 = FOG REDUCING VISIBILITY
HIGHEST:    86 ON  3    GRTST 24HR  1.47 ON 13-13      TO 1/4 MILE OR LESS
LOWEST:     56 ON 16                               3 = THUNDER
                        SNOW, ICE PELLETS, HAIL    4 = ICE PELLETS
                        TOTAL MONTH:   0.0 INCH    5 = HAIL
                        GRTST 24HR     0.0         6 = FREEZING RAIN OR DRIZZLE
                        GRTST DEPTH:   0           7 = DUSTSTORM OR SANDSTORM:
                                                       VSBY 1/2 MILE OR LESS
                                                   8 = SMOKE OR HAZE
[NO. OF DAYS WITH]      [WEATHER - DAYS WITH]      9 = BLOWING SNOW
                                                   X = TORNADO
MAX 32 OR BELOW:   0    0.01 INCH OR MORE:   5
MAX 90 OR ABOVE:   0    0.10 INCH OR MORE:   3
MIN 32 OR BELOW:   0    0.50 INCH OR MORE:   1
MIN  0 OR BELOW:   0    1.00 INCH OR MORE:   1

[HDD (BASE 65) ]
TOTAL THIS MO.     0    CLEAR  (SCALE 0-3)  10
DPTR FM NORMAL   -19    PTCLDY (SCALE 4-7)   6
TOTAL FM JUL 1    66    CLOUDY (SCALE 8-10)  0
DPTR FM NORMAL   -95

[CDD (BASE 65) ]
TOTAL THIS MO.   103
DPTR FM NORMAL    36    [PRESSURE DATA]
TOTAL FM JAN 1   216    HIGHEST SLP M ON M
DPTR FM NORMAL    58    LOWEST  SLP 29.87 ON 16

[REMARKS]
