000
CXUS52 KMFL 221000
CF6TMB
PRELIMINARY LOCAL CLIMATOLOGICAL DATA (WS FORM: F-6)

                                          STATION:   KENDALL-TAMIAMI EXEC ARPT
                                          MONTH:     AUGUST
                                          YEAR:      2019
                                          LATITUDE:   25 38 N
                                          LONGITUDE:  80 26 W

  TEMPERATURE IN F:       :PCPN:    SNOW:  WIND      :SUNSHINE: SKY     :PK WND
================================================================================
1   2   3   4   5  6A  6B    7    8   9   10  11  12  13   14  15   16   17  18
                                     12Z  AVG MX 2MIN
DY MAX MIN AVG DEP HDD CDD  WTR  SNW DPTH SPD SPD DIR MIN PSBL S-S WX    SPD DR
================================================================================

 1  84  79  82  -1   0  17 0.12  0.0    0  6.7 15 130   M    M   3 138    20 120
 2  91  75  83   0   0  18 0.09  0.0    0  5.8 25 270   M    M   2 13     32 260
 3  92  75  84   1   0  19 4.04  0.0    0  5.8 35 260   M    M   4 1238   40 260
 4  93  76  85   2   0  20 0.49  0.0    0  3.9 25 270   M    M   1 138    29 270
 5  90  77  84   1   0  19 0.00  0.0    0  2.5 14 130   M    M   1 3      18 130
 6  91  75  83   0   0  18    T  0.0    0  4.1 14 230   M    M   1 3      19 230
 7  90  76  83   0   0  18 0.01  0.0    0  3.2 14 140   M    M   2 3      16 140
 8  94  76  85   2   0  20 0.03  0.0    0  2.6  9 180   M    M   2 3       M  M
 9  95  75  85   2   0  20 0.03  0.0    0  2.2 24 320   M    M   2 3      30 330
10  94  77  86   3   0  21 0.00  0.0    0  4.9 21 320   M    M   1 3      24 320
11  92  77  85   2   0  20 0.83  0.0    0  5.1 24 300   M    M   2 13     29 300
12  91  77  84   1   0  19    T  0.0    0  4.0 14 330   M    M   2 138    16 310
13  91  73  82  -1   0  17 1.65  0.0    0  3.5 26 270   M    M   2 13     31 270
14  90  75  83   0   0  18 0.22  0.0    0  3.3 23 260   M    M   1 13     27 260
15  92  76  84   1   0  19 1.17  0.0    0  5.2 20 110   M    M   3 13     27 110
16  93  73  83   0   0  18 0.01  0.0    0  5.5 16 140   M    M   1 3      21 150
17  93  75  84   1   0  19    T  0.0    0  3.9 14 180   M    M   3        18 170
18  92  76  84   2   0  19 0.00  0.0    0  5.6 16 120   M    M   0        20 120
19  90  76  83   1   0  18    T  0.0    0  8.9 20 130   M    M   1 3      30 110
20  90  77  84   2   0  19 0.01  0.0    0  9.7 22 110   M    M   2 1      27 100
21  90  75  83   1   0  18    T  0.0    0  6.7 16 100   M    M   2        22 140
================================================================================
SM 1918 1591         0 394  8.70     0.0 103.1          M       38
================================================================================
AV 91.3 75.8                               4.9 FASTST   M    M   2    MAX(MPH)
                                 MISC ---->  # 35 260               # 40  260
================================================================================
NOTES:
# LAST OF SEVERAL OCCURRENCES

COLUMN 17 PEAK WIND IN M.P.H.

PRELIMINARY LOCAL CLIMATOLOGICAL DATA (WS FORM: F-6) , PAGE 2

                                          STATION:  KENDALL-TAMIAMI EXEC ARPT
                                          MONTH:    AUGUST
                                          YEAR:     2019
                                          LATITUDE:   25 38 N
                                          LONGITUDE:  80 26 W

[TEMPERATURE DATA]      [PRECIPITATION DATA]       SYMBOLS USED IN COLUMN 16

AVERAGE MONTHLY: 83.6   TOTAL FOR MONTH:   8.70    1 = FOG OR MIST
DPTR FM NORMAL:   0.7   DPTR FM NORMAL:    2.59    2 = FOG REDUCING VISIBILITY
HIGHEST:    95 ON  9    GRTST 24HR  4.04 ON  3- 3      TO 1/4 MILE OR LESS
LOWEST:     73 ON 16,13                            3 = THUNDER
                        SNOW, ICE PELLETS, HAIL    4 = ICE PELLETS
                        TOTAL MONTH:   0.0 INCH    5 = HAIL
                        GRTST 24HR     0.0         6 = FREEZING RAIN OR DRIZZLE
                        GRTST DEPTH:   0           7 = DUSTSTORM OR SANDSTORM:
                                                       VSBY 1/2 MILE OR LESS
                                                   8 = SMOKE OR HAZE
[NO. OF DAYS WITH]      [WEATHER - DAYS WITH]      9 = BLOWING SNOW
                                                   X = TORNADO
MAX 32 OR BELOW:   0    0.01 INCH OR MORE:  13
MAX 90 OR ABOVE:  20    0.10 INCH OR MORE:   7
MIN 32 OR BELOW:   0    0.50 INCH OR MORE:   4
MIN  0 OR BELOW:   0    1.00 INCH OR MORE:   3

[HDD (BASE 65) ]
TOTAL THIS MO.     0    CLEAR  (SCALE 0-3)  19
DPTR FM NORMAL     0    PTCLDY (SCALE 4-7)   2
TOTAL FM JUL 1     0    CLOUDY (SCALE 8-10)  0
DPTR FM NORMAL     0

[CDD (BASE 65) ]
TOTAL THIS MO.   394
DPTR FM NORMAL    19    [PRESSURE DATA]
TOTAL FM JAN 1  3033    HIGHEST SLP M ON M
DPTR FM NORMAL   649    LOWEST  SLP 29.90 ON  2

[REMARKS]
