000
CXUS52 KMFL 191000
CF6TMB
PRELIMINARY LOCAL CLIMATOLOGICAL DATA (WS FORM: F-6)

                                          STATION:   KENDALL-TAMIAMI EXEC ARPT
                                          MONTH:     APRIL
                                          YEAR:      2019
                                          LATITUDE:   25 38 N
                                          LONGITUDE:  80 26 W

  TEMPERATURE IN F:       :PCPN:    SNOW:  WIND      :SUNSHINE: SKY     :PK WND
================================================================================
1   2   3   4   5  6A  6B    7    8   9   10  11  12  13   14  15   16   17  18
                                     12Z  AVG MX 2MIN
DY MAX MIN AVG DEP HDD CDD  WTR  SNW DPTH SPD SPD DIR MIN PSBL S-S WX    SPD DR
================================================================================

 1  86  63  75   4   0  10 0.00  0.0    0  5.5 17 150   M    M   3        23 130
 2  90  65  78   7   0  13 0.00  0.0    0  7.9 23 270   M    M   2        28 280
 3  85  67  76   5   0  11 0.01  0.0    0 12.2 22  80   M    M   8        28 100
 4  81  70  76   5   0  11 1.27  0.0    0 11.5 18 110   M    M   9 18     22 100
 5  84  69  77   6   0  12 0.00  0.0    0  7.3 17 130   M    M   2        22 120
 6  86  69  78   6   0  13 0.00  0.0    0  8.3 16 100   M    M   1        22 100
 7  86  74  80   8   0  15 0.00  0.0    0 11.9 20 110   M    M   4        25 110
 8  87  76  82  10   0  17 0.00  0.0    0 11.0 20 110   M    M   3        24 120
 9  85  70  78   6   0  13 0.63  0.0    0  5.6 24 250   M    M   5 13     40 240
10  88  68  78   6   0  13 0.01  0.0    0  9.0 21 270   M    M   4        26 250
11  87  62  75   3   0  10 0.00  0.0    0  4.9 17 100   M    M   2 1      20 130
12  88  65  77   5   0  12 0.00  0.0    0  8.3 18 140   M    M   1        24 110
13  86  74  80   8   0  15 0.00  0.0    0 11.0 18 120   M    M   3        25 120
14  89  78  84  12   0  19 0.00  0.0    0 10.3 20 140   M    M   5        26 150
15  90  65  78   5   0  13    T  0.0    0  8.8 18 290   M    M   5        22 320
16  85  63  74   1   0   9 0.00  0.0    0  8.9 18  80   M    M   0        23 100
17  84  64  74   1   0   9 0.00  0.0    0  7.9 20 110   M    M   2        24  70
18  87  70  79   6   0  14 0.00  0.0    0 12.1 21 130   M    M   3        27 130
================================================================================
SM 1554 1232         0 229  1.92     0.0 162.4          M       62
================================================================================
AV 86.3 68.4                               9.0 FASTST   M    M   3    MAX(MPH)
                                 MISC ---->  # 24 250               # 40  240
================================================================================
NOTES:
# LAST OF SEVERAL OCCURRENCES

COLUMN 17 PEAK WIND IN M.P.H.

PRELIMINARY LOCAL CLIMATOLOGICAL DATA (WS FORM: F-6) , PAGE 2

                                          STATION:  KENDALL-TAMIAMI EXEC ARPT
                                          MONTH:    APRIL
                                          YEAR:     2019
                                          LATITUDE:   25 38 N
                                          LONGITUDE:  80 26 W

[TEMPERATURE DATA]      [PRECIPITATION DATA]       SYMBOLS USED IN COLUMN 16

AVERAGE MONTHLY: 77.4   TOTAL FOR MONTH:   1.92    1 = FOG OR MIST
DPTR FM NORMAL:   5.4   DPTR FM NORMAL:    0.46    2 = FOG REDUCING VISIBILITY
HIGHEST:    90 ON 15, 2 GRTST 24HR  1.27 ON  4- 4      TO 1/4 MILE OR LESS
LOWEST:     62 ON 11                               3 = THUNDER
                        SNOW, ICE PELLETS, HAIL    4 = ICE PELLETS
                        TOTAL MONTH:   0.0 INCH    5 = HAIL
                        GRTST 24HR     0.0         6 = FREEZING RAIN OR DRIZZLE
                        GRTST DEPTH:   0           7 = DUSTSTORM OR SANDSTORM:
                                                       VSBY 1/2 MILE OR LESS
                                                   8 = SMOKE OR HAZE
[NO. OF DAYS WITH]      [WEATHER - DAYS WITH]      9 = BLOWING SNOW
                                                   X = TORNADO
MAX 32 OR BELOW:   0    0.01 INCH OR MORE:   4
MAX 90 OR ABOVE:   2    0.10 INCH OR MORE:   2
MIN 32 OR BELOW:   0    0.50 INCH OR MORE:   2
MIN  0 OR BELOW:   0    1.00 INCH OR MORE:   1

[HDD (BASE 65) ]
TOTAL THIS MO.     0    CLEAR  (SCALE 0-3)   9
DPTR FM NORMAL     0    PTCLDY (SCALE 4-7)   8
TOTAL FM JUL 1    68    CLOUDY (SCALE 8-10)  1
DPTR FM NORMAL  -129

[CDD (BASE 65) ]
TOTAL THIS MO.   229
DPTR FM NORMAL    99    [PRESSURE DATA]
TOTAL FM JAN 1   856    HIGHEST SLP M ON M
DPTR FM NORMAL   336    LOWEST  SLP 29.75 ON 10

[REMARKS]
