000
CXUS51 KCLE 220800
CF6TOL
PRELIMINARY LOCAL CLIMATOLOGICAL DATA (WS FORM: F-6)

                                          STATION:   TOLEDO OH
                                          MONTH:     FEBRUARY
                                          YEAR:      2019
                                          LATITUDE:   41 35 N
                                          LONGITUDE:  83 48 W

  TEMPERATURE IN F:       :PCPN:    SNOW:  WIND      :SUNSHINE: SKY     :PK WND
================================================================================
1   2   3   4   5  6A  6B    7    8   9   10  11  12  13   14  15   16   17  18
                                     12Z  AVG MX 2MIN
DY MAX MIN AVG DEP HDD CDD  WTR  SNW DPTH SPD SPD DIR MIN PSBL S-S WX    SPD DR
================================================================================

 1  18   3  11 -15  54   0 0.03  0.4    3  2.8  7 100   M    M   6 8       9 110
 2  42   6  24  -2  41   0 0.00  0.0    3  7.9 20 230   M    M   4 18     25 220
 3  57  38  48  22  17   0 0.00  0.0    2  8.2 18 220   M    M   5 18     26 230
 4  55  37  46  20  19   0 0.21  0.0    0  8.9 20 220   M    M   9 1      29 230
 5  50  33  42  16  23   0 0.00  0.0    0  8.7 18 290   M    M  10 1      25 280
 6  37  33  35   9  30   0 0.61  0.0    0  6.0 16 320   M    M  10 16     22 330
 7  60  33  47  20  18   0 0.17  0.0    0 13.4 44 260   M    M  10 1      50 270
 8  34  16  25  -2  40   0    T    T    0 23.0 37 270   M    M  10 8      47 270
 9  28  15  22  -5  43   0    T    T    0  5.7 20 300   M    M   2        32 270
10  30  14  22  -5  43   0 0.14  1.4    0  7.4 14 100   M    M   6 12     17  90
11  30  26  28   1  37   0 0.03  0.2    1 13.4 23  80   M    M  10 1468   31 100
12  37  29  33   5  32   0 0.63    T    1 16.2 33 240   M    M  10 1268   41 250
13  29  22  26  -2  39   0    T    T    T 21.5 36 260   M    M   6 8      44 250
14  47  24  36   8  29   0 0.01  0.0    T  8.0 16 220   M    M   4        23 220
15  45  20  33   5  32   0 0.04  0.0    0 15.7 28 250   M    M   7        35 280
16  27  21  24  -4  41   0 0.00  0.0    0  7.3 15  70   M    M   9        19  80
17  30  24  27  -2  38   0 0.11  1.7    0 12.5 24  70   M    M  10 16     29  70
18  31  17  24  -5  41   0    T  0.3    1  6.9 14 340   M    M   8        17 340
19  34  13  24  -5  41   0 0.00  0.0    T  3.0 13 100   M    M   0        15 120
20  40  26  33   4  32   0 0.21  0.7    1 11.0 25 260   M    M   8 168    33 250
21  42  32  37   7  28   0 0.00  0.0    0 14.2 26 260   M    M   3        36 250
================================================================================
SM  803  482       718   0  2.19     4.7 221.7          M      147
================================================================================
AV 38.2 23.0                              10.6 FASTST   M    M   7    MAX(MPH)
                                 MISC ---->  # 44 260               # 50  270
================================================================================
NOTES:
# LAST OF SEVERAL OCCURRENCES

COLUMN 17 PEAK WIND IN M.P.H.

PRELIMINARY LOCAL CLIMATOLOGICAL DATA (WS FORM: F-6) , PAGE 2

                                          STATION:  TOLEDO OH
                                          MONTH:    FEBRUARY
                                          YEAR:     2019
                                          LATITUDE:   41 35 N
                                          LONGITUDE:  83 48 W

[TEMPERATURE DATA]      [PRECIPITATION DATA]       SYMBOLS USED IN COLUMN 16

AVERAGE MONTHLY: 30.6   TOTAL FOR MONTH:   2.19    1 = FOG OR MIST
DPTR FM NORMAL:   3.1   DPTR FM NORMAL:    0.68    2 = FOG REDUCING VISIBILITY
HIGHEST:    60 ON  7    GRTST 24HR  0.63 ON 12-12      TO 1/4 MILE OR LESS
LOWEST:      3 ON  1                               3 = THUNDER
                        SNOW, ICE PELLETS, HAIL    4 = ICE PELLETS
                        TOTAL MONTH:   4.7 INCHES  5 = HAIL
                        GRTST 24HR   1.7 ON 17-17  6 = FREEZING RAIN OR DRIZZLE
                        GRTST DEPTH:   3 ON  2, 1  7 = DUSTSTORM OR SANDSTORM:
                                                       VSBY 1/2 MILE OR LESS
                                                   8 = SMOKE OR HAZE
[NO. OF DAYS WITH]      [WEATHER - DAYS WITH]      9 = BLOWING SNOW
                                                   X = TORNADO
MAX 32 OR BELOW:   8    0.01 INCH OR MORE:  11
MAX 90 OR ABOVE:   0    0.10 INCH OR MORE:   7
MIN 32 OR BELOW:  16    0.50 INCH OR MORE:   2
MIN  0 OR BELOW:   0    1.00 INCH OR MORE:   0

[HDD (BASE 65) ]
TOTAL THIS MO.   718    CLEAR  (SCALE 0-3)   3
DPTR FM NORMAL   -71    PTCLDY (SCALE 4-7)   8
TOTAL FM JUL 1  4174    CLOUDY (SCALE 8-10) 10
DPTR FM NORMAL  -164

[CDD (BASE 65) ]
TOTAL THIS MO.     0
DPTR FM NORMAL     0    [PRESSURE DATA]
TOTAL FM JAN 1     0    HIGHEST SLP M ON M
DPTR FM NORMAL     0    LOWEST  SLP 29.48 ON 12

[REMARKS]
