000
CXUS51 KCLE 160800
CF6TOL
PRELIMINARY LOCAL CLIMATOLOGICAL DATA (WS FORM: F-6)

                                          STATION:   TOLEDO OH
                                          MONTH:     JULY
                                          YEAR:      2019
                                          LATITUDE:   41 35 N
                                          LONGITUDE:  83 48 W

  TEMPERATURE IN F:       :PCPN:    SNOW:  WIND      :SUNSHINE: SKY     :PK WND
================================================================================
1   2   3   4   5  6A  6B    7    8   9   10  11  12  13   14  15   16   17  18
                                     12Z  AVG MX 2MIN
DY MAX MIN AVG DEP HDD CDD  WTR  SNW DPTH SPD SPD DIR MIN PSBL S-S WX    SPD DR
================================================================================

 1  96  63  80   7   0  15 0.00  0.0    0  4.8 14 240   M    M   0        19 250
 2  95  72  84  11   0  19    T  0.0    0  6.9 31 270   M    M   3 3      43 280
 3  89  72  81   8   0  16 1.12  0.0    0  6.8 23 240   M    M   4 13     32 240
 4  92  70  81   7   0  16 0.86  0.0    0  4.1 21 250   M    M   4 138    31 250
 5  96  71  84  10   0  19 0.00  0.0    0  4.8 17 280   M    M   1 13     21 260
 6  90  73  82   8   0  17 0.56  0.0    0  5.8 24 270   M    M   3 13     28 270
 7  84  66  75   1   0  10 0.10  0.0    0  7.4 15  50   M    M   7 18     18  30
 8  83  62  73  -1   0   8 0.00  0.0    0  5.2 13  40   M    M   0        17  70
 9  86  59  73  -1   0   8 0.00  0.0    0  4.2 13  40   M    M   0        17  60
10  94  64  79   5   0  14 0.00  0.0    0  5.2 15 200   M    M   2 3      20 210
11  90  72  81   7   0  16 0.00  0.0    0  7.5 17 290   M    M   2        22 290
12  85  62  74   0   0   9 0.00  0.0    0  5.0 13  10   M    M   0        16  10
13  94  61  78   4   0  13 0.00  0.0    0  8.3 21 250   M    M   1        27 240
14  90  67  79   5   0  14    T  0.0    0  3.6 12  20   M    M   1        15  30
15  94  64  79   5   0  14 0.23  0.0    0  3.1 20 330   M    M   1 3      24 330
================================================================================
SM 1358  998         0 208  2.87     0.0  82.7          M       29
================================================================================
AV 90.5 66.5                               5.5 FASTST   M    M   2    MAX(MPH)
                                 MISC ---->  # 31 270               # 43  280
================================================================================
NOTES:
# LAST OF SEVERAL OCCURRENCES

COLUMN 17 PEAK WIND IN M.P.H.

PRELIMINARY LOCAL CLIMATOLOGICAL DATA (WS FORM: F-6) , PAGE 2

                                          STATION:  TOLEDO OH
                                          MONTH:    JULY
                                          YEAR:     2019
                                          LATITUDE:   41 35 N
                                          LONGITUDE:  83 48 W

[TEMPERATURE DATA]      [PRECIPITATION DATA]       SYMBOLS USED IN COLUMN 16

AVERAGE MONTHLY: 78.5   TOTAL FOR MONTH:   2.87    1 = FOG OR MIST
DPTR FM NORMAL:   4.7   DPTR FM NORMAL:    1.36    2 = FOG REDUCING VISIBILITY
HIGHEST:    96 ON  5, 1 GRTST 24HR  1.12 ON  3- 3      TO 1/4 MILE OR LESS
LOWEST:     59 ON  9                               3 = THUNDER
                        SNOW, ICE PELLETS, HAIL    4 = ICE PELLETS
                        TOTAL MONTH:   0.0 INCH    5 = HAIL
                        GRTST 24HR     0.0         6 = FREEZING RAIN OR DRIZZLE
                        GRTST DEPTH:   0           7 = DUSTSTORM OR SANDSTORM:
                                                       VSBY 1/2 MILE OR LESS
                                                   8 = SMOKE OR HAZE
[NO. OF DAYS WITH]      [WEATHER - DAYS WITH]      9 = BLOWING SNOW
                                                   X = TORNADO
MAX 32 OR BELOW:   0    0.01 INCH OR MORE:   5
MAX 90 OR ABOVE:  10    0.10 INCH OR MORE:   5
MIN 32 OR BELOW:   0    0.50 INCH OR MORE:   3
MIN  0 OR BELOW:   0    1.00 INCH OR MORE:   1

[HDD (BASE 65) ]
TOTAL THIS MO.     0    CLEAR  (SCALE 0-3)  12
DPTR FM NORMAL     0    PTCLDY (SCALE 4-7)   3
TOTAL FM JUL 1     0    CLOUDY (SCALE 8-10)  0
DPTR FM NORMAL     0

[CDD (BASE 65) ]
TOTAL THIS MO.   208
DPTR FM NORMAL    75    [PRESSURE DATA]
TOTAL FM JAN 1   418    HIGHEST SLP M ON M
DPTR FM NORMAL    62    LOWEST  SLP 29.78 ON 11

[REMARKS]
