000
CXUS53 KTOP 190800
CF6TOP
PRELIMINARY LOCAL CLIMATOLOGICAL DATA (WS FORM: F-6)

                                          STATION:   Topeka KS
                                          MONTH:     FEBRUARY
                                          YEAR:      2019
                                          LATITUDE:   39  4 N
                                          LONGITUDE:  95 38 W

  TEMPERATURE IN F:       :PCPN:    SNOW:  WIND      :SUNSHINE: SKY     :PK WND
================================================================================
1   2   3   4   5  6A  6B    7    8   9   10  11  12  13   14  15   16   17  18
                                     12Z  AVG MX 2MIN
DY MAX MIN AVG DEP HDD CDD  WTR  SNW DPTH SPD SPD DIR MIN PSBL S-S WX    SPD DR
================================================================================

 1  54  19  37   6  28   0 0.00  0.0    0  3.8 14 170   M    M   0 12     20 160
 2  60  32  46  15  19   0 0.00  0.0    0  8.1 22 180   M    M   7 12     34 170
 3  68  53  61  30   4   0 0.00  0.0    0 13.6 25 160   M    M   6        36 160
 4  61  20  41  10  24   0 0.00  0.0    0 12.1 26 340   M    M   5 18     37 340
 5  24  19  22 -10  43   0    T    T    0  8.2 13  30   M    M   8 1468   17  40
 6  24  21  23  -9  42   0 0.03    T    0  9.2 21 250   M    M  10 1468   27  10
 7  21  11  16 -16  49   0 0.08  0.4    T 16.0 26 310   M    M   7 18     36 280
 8  25   6  16 -16  49   0 0.00  0.0    T  5.8 14 300   M    M   0        19 310
 9  33  12  23  -9  42   0 0.00  0.0    0 10.8 20 130   M    M   5        24 150
10  39  30  35   2  30   0    T    T    0  5.8 16 140   M    M  10 168    22 140
11  35  31  33   0  32   0 0.23    T    0  9.2 17 320   M    M  10 12     24 320
12  41  24  33   0  32   0    T    T    0 10.8 20 320   M    M   4        30 300
13  55  24  40   6  25   0 0.00  0.0    0  7.0 20 200   M    M   0        30 220
14  55  19  37   3  28   0 0.00  0.0    0 11.5 28 330   M    M   2        41 320
15  19  13  16 -18  49   0 0.26  2.8    3 10.4 18 360   M    M   8 68     24 340
16  28  14  21 -14  44   0 0.04  0.1    2  7.9 16  80   M    M   8 18     21  70
17  29  18  24 -11  41   0    T    T    2 10.2 20 310   M    M   8 18     28 300
18  26  11  19 -16  46   0 0.00  0.0    2  7.5 13 310   M    M   3        18 310
================================================================================
SM  697  377       627   0  0.64     3.3 167.9          M      101
================================================================================
AV 38.7 20.9                               9.3 FASTST   M    M   6    MAX(MPH)
                                 MISC ---->  # 28 330               # 41  320
================================================================================
NOTES:
# LAST OF SEVERAL OCCURRENCES

COLUMN 17 PEAK WIND IN M.P.H.

PRELIMINARY LOCAL CLIMATOLOGICAL DATA (WS FORM: F-6) , PAGE 2

                                          STATION:  Topeka KS
                                          MONTH:    FEBRUARY
                                          YEAR:     2019
                                          LATITUDE:   39  4 N
                                          LONGITUDE:  95 38 W

[TEMPERATURE DATA]      [PRECIPITATION DATA]       SYMBOLS USED IN COLUMN 16

AVERAGE MONTHLY: 29.8   TOTAL FOR MONTH:   0.64    1 = FOG OR MIST
DPTR FM NORMAL:  -2.9   DPTR FM NORMAL:   -0.16    2 = FOG REDUCING VISIBILITY
HIGHEST:    68 ON  3    GRTST 24HR  0.26 ON 15-15      TO 1/4 MILE OR LESS
LOWEST:      6 ON  8                               3 = THUNDER
                        SNOW, ICE PELLETS, HAIL    4 = ICE PELLETS
                        TOTAL MONTH:   3.3 INCHES  5 = HAIL
                        GRTST 24HR   2.8 ON 15-15  6 = FREEZING RAIN OR DRIZZLE
                        GRTST DEPTH:   3 ON 15     7 = DUSTSTORM OR SANDSTORM:
                                                       VSBY 1/2 MILE OR LESS
                                                   8 = SMOKE OR HAZE
[NO. OF DAYS WITH]      [WEATHER - DAYS WITH]      9 = BLOWING SNOW
                                                   X = TORNADO
MAX 32 OR BELOW:   8    0.01 INCH OR MORE:   5
MAX 90 OR ABOVE:   0    0.10 INCH OR MORE:   2
MIN 32 OR BELOW:  17    0.50 INCH OR MORE:   0
MIN  0 OR BELOW:   0    1.00 INCH OR MORE:   0

[HDD (BASE 65) ]
TOTAL THIS MO.   627    CLEAR  (SCALE 0-3)   4
DPTR FM NORMAL    48    PTCLDY (SCALE 4-7)   9
TOTAL FM JUL 1  3798    CLOUDY (SCALE 8-10)  5
DPTR FM NORMAL   109

[CDD (BASE 65) ]
TOTAL THIS MO.     0
DPTR FM NORMAL     0    [PRESSURE DATA]
TOTAL FM JAN 1     0    HIGHEST SLP M ON M
DPTR FM NORMAL     0    LOWEST  SLP 29.44 ON 14

[REMARKS]
