000
CXUS53 KTOP 250800
CF6TOP
PRELIMINARY LOCAL CLIMATOLOGICAL DATA (WS FORM: F-6)

                                          STATION:   Topeka KS
                                          MONTH:     APRIL
                                          YEAR:      2019
                                          LATITUDE:   39  4 N
                                          LONGITUDE:  95 38 W

  TEMPERATURE IN F:       :PCPN:    SNOW:  WIND      :SUNSHINE: SKY     :PK WND
================================================================================
1   2   3   4   5  6A  6B    7    8   9   10  11  12  13   14  15   16   17  18
                                     12Z  AVG MX 2MIN
DY MAX MIN AVG DEP HDD CDD  WTR  SNW DPTH SPD SPD DIR MIN PSBL S-S WX    SPD DR
================================================================================

 1  58  33  46  -4  19   0 0.00  0.0    0  8.9 18 180   M    M   2 8      27 190
 2  58  36  47  -4  18   0    T  0.0    0  4.5 17  10   M    M   4 8      22 360
 3  67  48  58   7   7   0    T  0.0    0 11.1 22 140   M    M   7        29 170
 4  62  44  53   2  12   0    T  0.0    0  5.8 15 170   M    M   8 12     22 190
 5  71  42  57   5   8   0 0.00  0.0    0  7.8 17 120   M    M   6 12     22 120
 6  76  50  63  11   2   0 0.30  0.0    0  8.9 21 170   M    M   0 13     29 170
 7  77  51  64  12   1   0 0.00  0.0    0  7.1 23 310   M    M   5 1      32 320
 8  82  44  63  10   2   0 0.00  0.0    0  5.2 17 280   M    M   0 1      25 280
 9  77  48  63  10   2   0 0.00  0.0    0  8.5 20 130   M    M   0        26 130
10  87  58  73  20   0   8 0.00  0.0    0 15.7 26 160   M    M   0        46 160
11  77  36  57   3   8   0 0.00  0.0    0 17.7 26 170   M    M   9        44 180
12  56  33  45  -9  20   0 0.00  0.0    0 11.5 23 290   M    M   0        36 290
13  57  28  43 -11  22   0 0.00  0.0    0  8.7 20 360   M    M   0        27 350
14  61  37  49  -6  16   0 0.00  0.0    0  7.0 18 310   M    M   1        24 300
15  79  42  61   6   4   0 0.00  0.0    0  9.8 24 170   M    M   0        36 180
16  85  55  70  15   0   5 0.00  0.0    0 10.3 24 160   M    M   0        36 170
17  77  53  65   9   0   0 0.05  0.0    0 11.5 22 340   M    M   9 3      31 340
18  68  47  58   2   7   0 0.00  0.0    0 14.8 28 340   M    M   3        39 360
19  66  42  54  -2  11   0 0.00  0.0    0  9.6 23  10   M    M   1        33  10
20  79  37  58   1   7   0 0.00  0.0    0  6.7 18 180   M    M   0        25 160
21  86  60  73  16   0   8 0.00  0.0    0 16.9 32 180   M    M   0        49 180
22  75  54  65   8   0   0 0.07  0.0    0 11.2 24 260   M    M   6 3      36 270
23  57  52  55  -3  10   0    T  0.0    0  5.0 13  10   M    M   7        16 360
24  74  51  63   5   2   0 0.00  0.0    0  2.6 12 150   M    M   5        15 170
================================================================================
SM 1712 1081       178  21  0.42     0.0 226.8          M       73
================================================================================
AV 71.3 45.0                               9.4 FASTST   M    M   3    MAX(MPH)
                                 MISC ---->  # 32 180               # 49  180
================================================================================
NOTES:
# LAST OF SEVERAL OCCURRENCES

COLUMN 17 PEAK WIND IN M.P.H.

PRELIMINARY LOCAL CLIMATOLOGICAL DATA (WS FORM: F-6) , PAGE 2

                                          STATION:  Topeka KS
                                          MONTH:    APRIL
                                          YEAR:     2019
                                          LATITUDE:   39  4 N
                                          LONGITUDE:  95 38 W

[TEMPERATURE DATA]      [PRECIPITATION DATA]       SYMBOLS USED IN COLUMN 16

AVERAGE MONTHLY: 58.2   TOTAL FOR MONTH:   0.42    1 = FOG OR MIST
DPTR FM NORMAL:   4.0   DPTR FM NORMAL:   -2.27    2 = FOG REDUCING VISIBILITY
HIGHEST:    87 ON 10    GRTST 24HR  0.30 ON  6- 6      TO 1/4 MILE OR LESS
LOWEST:     28 ON 13                               3 = THUNDER
                        SNOW, ICE PELLETS, HAIL    4 = ICE PELLETS
                        TOTAL MONTH:   0.0 INCH    5 = HAIL
                        GRTST 24HR     0.0         6 = FREEZING RAIN OR DRIZZLE
                        GRTST DEPTH:   0           7 = DUSTSTORM OR SANDSTORM:
                                                       VSBY 1/2 MILE OR LESS
                                                   8 = SMOKE OR HAZE
[NO. OF DAYS WITH]      [WEATHER - DAYS WITH]      9 = BLOWING SNOW
                                                   X = TORNADO
MAX 32 OR BELOW:   0    0.01 INCH OR MORE:   3
MAX 90 OR ABOVE:   0    0.10 INCH OR MORE:   1
MIN 32 OR BELOW:   1    0.50 INCH OR MORE:   0
MIN  0 OR BELOW:   0    1.00 INCH OR MORE:   0

[HDD (BASE 65) ]
TOTAL THIS MO.   178    CLEAR  (SCALE 0-3)  14
DPTR FM NORMAL  -101    PTCLDY (SCALE 4-7)   7
TOTAL FM JUL 1  5085    CLOUDY (SCALE 8-10)  3
DPTR FM NORMAL   211

[CDD (BASE 65) ]
TOTAL THIS MO.    21
DPTR FM NORMAL     4    [PRESSURE DATA]
TOTAL FM JAN 1    21    HIGHEST SLP M ON M
DPTR FM NORMAL     1    LOWEST  SLP 29.13 ON 11

[REMARKS]
