000
CXUS55 KCYS 261000
CF6TOR
PRELIMINARY LOCAL CLIMATOLOGICAL DATA (WS FORM: F-6)

                                          STATION:   TORRINGTON WY AIRPORT
                                          MONTH:     APRIL
                                          YEAR:      2018
                                          LATITUDE:   42  3 N
                                          LONGITUDE: 104  9 W

  TEMPERATURE IN F:       :PCPN:    SNOW:  WIND      :SUNSHINE: SKY     :PK WND
================================================================================
1   2   3   4   5  6A  6B    7    8   9   10  11  12  13   14  15   16   17  18
                                     12Z  AVG MX 2MIN
DY MAX MIN AVG DEP HDD CDD  WTR  SNW DPTH SPD SPD DIR MIN PSBL S-S WX    SPD DR
================================================================================

 1  44  19  32 -10  33   0    T    M    M 11.1 20 110   M    M   5 1      24 110
 2  63  26  45   3  20   0    T    M    M 11.9 29  40   M    M   3 16     35  40
 3  43  17  30 -13  35   0 0.00    M    M 16.3 33 320   M    M   0        44 320
 4  63  20  42  -1  23   0 0.00    M    M 11.2 29 310   M    M   2        37 270
 5  56  24  40  -3  25   0    T    M    M  9.5 22  10   M    M   3 1      26  10
 6  31  14  23 -21  42   0    T    M    M 11.6 22  60   M    M   9 1      26  70
 7  48  14  31 -13  34   0 0.00    M    M 10.2 18 140   M    M   4        23 130
 8  63  37  50   6  15   0 0.04    M    M 13.6 30 320   M    M   4        43 330
 9  58  33  46   2  19   0 0.00    M    M 11.0 24 300   M    M   4        31 320
10  71  27  49   4  16   0 0.00    M    M  7.3 18 290   M    M   0        24 290
11  76  42  59  14   6   0 0.00    M    M 13.7 41 290   M    M   1        57 290
12  63  37  50   4  15   0 0.17    M    M 13.2 32 110   M    M   3 1      41 110
13  46  23  35 -11  30   0 0.04    M    M 21.9 35 340   M    M  10 12     48 330
14  51  24  38  -8  27   0    T    M    M 13.5 29  10   M    M   3 1      35  10
15  61  21  41  -5  24   0 0.00    M    M  8.7 21 130   M    M   0        26 140
16  67  29  48   1  17   0 0.00    M    M 14.8 28 110   M    M   0        35 120
17  63  31  47   0  18   0 0.03    M    M 14.8 33 320   M    M   2 1      43 320
18  55  28  42  -6  23   0 0.00    M    M 13.4 30 320   M    M   1        38 330
19  64  26  45  -3  20   0 0.00    M    M 18.2 33 150   M    M   0        42 170
20  49  35  42  -6  23   0 0.03    M    M 16.2 29 140   M    M   6 1      36 140
21  47  33  40  -9  25   0 0.11    M    M  8.6 16 110   M    M   7 1      20 120
22  65  29  47  -2  18   0 0.00    M    M  6.1 13  90   M    M   3 12     16 110
23  71  34  53   4  12   0 0.30    M    M 15.6 37 340   M    M   3 13     49 340
24  44  30  37 -13  28   0 0.00    M    M 12.5 24 330   M    M   9        32 330
25  73  22  48  -2  17   0 0.00    M    M  5.4 31 360   M    M   0 1      38 350
================================================================================
SM 1435  675       565   0  0.72    M    310.3          M       82
================================================================================
AV 57.4 27.0                              12.4 FASTST   M    M   3    MAX(MPH)
                                 MISC ---->  # 41 290               # 57  290
================================================================================
NOTES:
# LAST OF SEVERAL OCCURRENCES

COLUMN 17 PEAK WIND IN M.P.H.

PRELIMINARY LOCAL CLIMATOLOGICAL DATA (WS FORM: F-6) , PAGE 2

                                          STATION:  TORRINGTON WY AIRPORT
                                          MONTH:    APRIL
                                          YEAR:     2018
                                          LATITUDE:   42  3 N
                                          LONGITUDE: 104  9 W

[TEMPERATURE DATA]      [PRECIPITATION DATA]       SYMBOLS USED IN COLUMN 16

AVERAGE MONTHLY: 42.2   TOTAL FOR MONTH:   0.72    1 = FOG OR MIST
DPTR FM NORMAL:  -3.7   DPTR FM NORMAL:   -0.60    2 = FOG REDUCING VISIBILITY
HIGHEST:    76 ON 11    GRTST 24HR  0.30 ON 23-23      TO 1/4 MILE OR LESS
LOWEST:     14 ON  7, 6                            3 = THUNDER
                        SNOW, ICE PELLETS, HAIL    4 = ICE PELLETS
                        TOTAL MONTH:    M          5 = HAIL
                        GRTST 24HR    M  ON   M    6 = FREEZING RAIN OR DRIZZLE
                        GRTST DEPTH:  M  ON   M    7 = DUSTSTORM OR SANDSTORM:
                                                       VSBY 1/2 MILE OR LESS
                                                   8 = SMOKE OR HAZE
[NO. OF DAYS WITH]      [WEATHER - DAYS WITH]      9 = BLOWING SNOW
                                                   X = TORNADO
MAX 32 OR BELOW:   1    0.01 INCH OR MORE:   7
MAX 90 OR ABOVE:   0    0.10 INCH OR MORE:   3
MIN 32 OR BELOW:  18    0.50 INCH OR MORE:   0
MIN  0 OR BELOW:   0    1.00 INCH OR MORE:   0

[HDD (BASE 65) ]
TOTAL THIS MO.   565    CLEAR  (SCALE 0-3)  15
DPTR FM NORMAL    90    PTCLDY (SCALE 4-7)   7
TOTAL FM JUL 1  6185    CLOUDY (SCALE 8-10)  3
DPTR FM NORMAL    26

[CDD (BASE 65) ]
TOTAL THIS MO.     0
DPTR FM NORMAL     0    [PRESSURE DATA]
TOTAL FM JAN 1     0    HIGHEST SLP  0.00 ON M
DPTR FM NORMAL     0    LOWEST  SLP 29.18 ON 12

[REMARKS]
