000
CXUS55 KCYS 191000
CF6TOR
PRELIMINARY LOCAL CLIMATOLOGICAL DATA (WS FORM: F-6)

                                          STATION:   TORRINGTON WY AIRPORT
                                          MONTH:     AUGUST
                                          YEAR:      2019
                                          LATITUDE:   42  3 N
                                          LONGITUDE: 104  9 W

  TEMPERATURE IN F:       :PCPN:    SNOW:  WIND      :SUNSHINE: SKY     :PK WND
================================================================================
1   2   3   4   5  6A  6B    7    8   9   10  11  12  13   14  15   16   17  18
                                     12Z  AVG MX 2MIN
DY MAX MIN AVG DEP HDD CDD  WTR  SNW DPTH SPD SPD DIR MIN PSBL S-S WX    SPD DR
================================================================================

 1  83  65  74   0   0   9    T    M    M  5.7 20 110   M    M   6        24 100
 2  90  61  76   2   0  11 0.00    M    M  7.3 18  70   M    M   2 1      22  60
 3  92  58  75   1   0  10 0.00    M    M  8.5 17 110   M    M   0        22 110
 4  96  62  79   5   0  14 0.39    M    M 11.5 33  30   M    M   1 13     40  20
 5  89  62  76   2   0  11 0.03    M    M  8.0 29  60   M    M   1 3      37  40
 6  94  57  76   2   0  11 0.00    M    M  6.2 25  10   M    M   0        33 360
 7  92  61  77   3   0  12 0.02    M    M  6.7 31  30   M    M   1        37  30
 8  84  61  73   0   0   8    T    M    M  6.7 16 160   M    M   2        20 160
 9  94  62  78   5   0  13 0.00    M    M  9.4 22 300   M    M   0 1      29 280
10  91  61  76   3   0  11 0.00    M    M  7.1 25 190   M    M   0        30 190
11  83  60  72  -1   0   7    T    M    M  9.0 18 220   M    M   1        26 110
12  87  57  72  -1   0   7 0.00    M    M  9.0 23 310   M    M   1 12     29 310
13  82  54  68  -4   0   3 0.00    M    M  8.1 18  90   M    M   2        22  90
14  84  56  70  -2   0   5 0.00    M    M 10.9 22 120   M    M   0        28 120
15  87  56  72   0   0   7 0.02    M    M 10.9 36  40   M    M   3 3      41  30
16  84  59  72   0   0   7 0.10    M    M  7.6 26  50   M    M   4 13     31  40
17  94  54  74   2   0   9 0.00    M    M  9.4 28  30   M    M   1 1      35  40
18  89  56  73   2   0   8 0.00    M    M 11.7 20 170   M    M   4        23 160
================================================================================
SM 1595 1062         0 163  0.56    M    153.7          M       29
================================================================================
AV 88.6 59.0                               8.5 FASTST   M    M   2    MAX(MPH)
                                 MISC ---->  # 36  40               # 41   30
================================================================================
NOTES:
# LAST OF SEVERAL OCCURRENCES

COLUMN 17 PEAK WIND IN M.P.H.

PRELIMINARY LOCAL CLIMATOLOGICAL DATA (WS FORM: F-6) , PAGE 2

                                          STATION:  TORRINGTON WY AIRPORT
                                          MONTH:    AUGUST
                                          YEAR:     2019
                                          LATITUDE:   42  3 N
                                          LONGITUDE: 104  9 W

[TEMPERATURE DATA]      [PRECIPITATION DATA]       SYMBOLS USED IN COLUMN 16

AVERAGE MONTHLY: 73.8   TOTAL FOR MONTH:   0.56    1 = FOG OR MIST
DPTR FM NORMAL:   0.8   DPTR FM NORMAL:   -0.37    2 = FOG REDUCING VISIBILITY
HIGHEST:    96 ON  4    GRTST 24HR  0.39 ON  4- 4      TO 1/4 MILE OR LESS
LOWEST:     54 ON 17,13                            3 = THUNDER
                        SNOW, ICE PELLETS, HAIL    4 = ICE PELLETS
                        TOTAL MONTH:    M          5 = HAIL
                        GRTST 24HR    M  ON   M    6 = FREEZING RAIN OR DRIZZLE
                        GRTST DEPTH:  M  ON   M    7 = DUSTSTORM OR SANDSTORM:
                                                       VSBY 1/2 MILE OR LESS
                                                   8 = SMOKE OR HAZE
[NO. OF DAYS WITH]      [WEATHER - DAYS WITH]      9 = BLOWING SNOW
                                                   X = TORNADO
MAX 32 OR BELOW:   0    0.01 INCH OR MORE:   5
MAX 90 OR ABOVE:   8    0.10 INCH OR MORE:   2
MIN 32 OR BELOW:   0    0.50 INCH OR MORE:   0
MIN  0 OR BELOW:   0    1.00 INCH OR MORE:   0

[HDD (BASE 65) ]
TOTAL THIS MO.     0    CLEAR  (SCALE 0-3)  15
DPTR FM NORMAL     0    PTCLDY (SCALE 4-7)   3
TOTAL FM JUL 1     0    CLOUDY (SCALE 8-10)  0
DPTR FM NORMAL    -6

[CDD (BASE 65) ]
TOTAL THIS MO.   163
DPTR FM NORMAL    15    [PRESSURE DATA]
TOTAL FM JAN 1   495    HIGHEST SLP M ON M
DPTR FM NORMAL   -69    LOWEST  SLP 29.63 ON 17

[REMARKS]
