000
CXUS55 KCYS 241000
CF6TOR
PRELIMINARY LOCAL CLIMATOLOGICAL DATA (WS FORM: F-6)

                                          STATION:   TORRINGTON WY AIRPORT
                                          MONTH:     APRIL
                                          YEAR:      2019
                                          LATITUDE:   42  3 N
                                          LONGITUDE: 104  9 W

  TEMPERATURE IN F:       :PCPN:    SNOW:  WIND      :SUNSHINE: SKY     :PK WND
================================================================================
1   2   3   4   5  6A  6B    7    8   9   10  11  12  13   14  15   16   17  18
                                     12Z  AVG MX 2MIN
DY MAX MIN AVG DEP HDD CDD  WTR  SNW DPTH SPD SPD DIR MIN PSBL S-S WX    SPD DR
================================================================================

 1  55  22  39  -3  26   0 0.00    M    M  9.1 32 330   M    M   2        40 320
 2  54  28  41  -1  24   0 0.06    M    M  5.9 15 110   M    M   6 1      19 110
 3  57  37  47   4  18   0 0.10    M    M 10.5 18 100   M    M   8 18     23 110
 4  69  37  53  10  12   0 0.00    M    M  7.1 22 270   M    M   5 12     31 250
 5  73  37  55  12  10   0 0.00    M    M  4.8 20 290   M    M   3        26 270
 6  73  34  54  10  11   0 0.00    M    M  8.6 22 280   M    M   1        29 300
 7  71  39  55  11  10   0 0.00    M    M 12.8 30 260   M    M   0        39 250
 8  72  42  57  13   8   0 0.00    M    M 10.5 20 320   M    M   2        27 260
 9  73  36  55  11  10   0    T    M    M  9.2 28  30   M    M   2        32  50
10  42  19  31 -14  34   0 0.02    M    M 17.8 33  40   M    M  10 1268   38  40
11  30  20  25 -20  40   0 0.01    M    M 17.9 28 320   M    M   7 18     37 320
12  40  20  30 -16  35   0 0.00    M    M 11.8 21 330   M    M   2        28 330
13  47  18  33 -13  32   0 0.00    M    M  8.7 21 180   M    M   3        25 160
14  64  31  48   2  17   0 0.00    M    M 11.9 33 280   M    M   2        46 280
15  65  43  54   8  11   0 0.05    M    M  9.5 25 260   M    M   7 1      31 270
16  65  38  52   5  13   0 0.00    M    M 11.5 26 150   M    M   2        33 140
17  62  40  51   4  14   0    T    M    M 14.3 32 320   M    M   5        40 330
18  60  33  47  -1  18   0    T    M    M 16.5 33 330   M    M   4        44 340
19  77  26  52   4  13   0 0.00    M    M  5.0 20 280   M    M   0        27 330
20  80  35  58  10   7   0 0.00    M    M  7.3 23 240   M    M   1        27 250
21  59  41  50   1  15   0 0.48    M    M 10.8 22  30   M    M   8 1      26  30
22  55  39  47  -2  18   0 0.05    M    M  5.5 17  10   M    M   7        22  20
23  70  32  51   2  14   0 0.00    M    M  4.3 10 130   M    M   0 8      16 100
================================================================================
SM 1413  747       410   0  0.77    M    231.3          M       87
================================================================================
AV 61.4 32.5                              10.1 FASTST   M    M   4    MAX(MPH)
                                 MISC ---->  # 33  40               # 46  280
================================================================================
NOTES:
# LAST OF SEVERAL OCCURRENCES

COLUMN 17 PEAK WIND IN M.P.H.

PRELIMINARY LOCAL CLIMATOLOGICAL DATA (WS FORM: F-6) , PAGE 2

                                          STATION:  TORRINGTON WY AIRPORT
                                          MONTH:    APRIL
                                          YEAR:     2019
                                          LATITUDE:   42  3 N
                                          LONGITUDE: 104  9 W

[TEMPERATURE DATA]      [PRECIPITATION DATA]       SYMBOLS USED IN COLUMN 16

AVERAGE MONTHLY: 47.0   TOTAL FOR MONTH:   0.77    1 = FOG OR MIST
DPTR FM NORMAL:   1.4   DPTR FM NORMAL:   -0.41    2 = FOG REDUCING VISIBILITY
HIGHEST:    80 ON 20    GRTST 24HR  0.48 ON 21-21      TO 1/4 MILE OR LESS
LOWEST:     18 ON 13                               3 = THUNDER
                        SNOW, ICE PELLETS, HAIL    4 = ICE PELLETS
                        TOTAL MONTH:    M          5 = HAIL
                        GRTST 24HR    M  ON   M    6 = FREEZING RAIN OR DRIZZLE
                        GRTST DEPTH:  M  ON   M    7 = DUSTSTORM OR SANDSTORM:
                                                       VSBY 1/2 MILE OR LESS
                                                   8 = SMOKE OR HAZE
[NO. OF DAYS WITH]      [WEATHER - DAYS WITH]      9 = BLOWING SNOW
                                                   X = TORNADO
MAX 32 OR BELOW:   1    0.01 INCH OR MORE:   7
MAX 90 OR ABOVE:   0    0.10 INCH OR MORE:   2
MIN 32 OR BELOW:   9    0.50 INCH OR MORE:   0
MIN  0 OR BELOW:   0    1.00 INCH OR MORE:   0

[HDD (BASE 65) ]
TOTAL THIS MO.   410    CLEAR  (SCALE 0-3)  11
DPTR FM NORMAL   -35    PTCLDY (SCALE 4-7)  10
TOTAL FM JUL 1  6383    CLOUDY (SCALE 8-10)  2
DPTR FM NORMAL   254

[CDD (BASE 65) ]
TOTAL THIS MO.     0
DPTR FM NORMAL     0    [PRESSURE DATA]
TOTAL FM JAN 1     0    HIGHEST SLP M ON M
DPTR FM NORMAL     0    LOWEST  SLP 29.37 ON  9

[REMARKS]
