000
CXUS55 KTBW 191000
CF6TPA
PRELIMINARY LOCAL CLIMATOLOGICAL DATA (WS FORM: F-6)

                                          STATION:   Tampa
                                          MONTH:     FEBRUARY
                                          YEAR:      2019
                                          LATITUDE:   27 58 N
                                          LONGITUDE:  82 32 W

  TEMPERATURE IN F:       :PCPN:    SNOW:  WIND      :SUNSHINE: SKY     :PK WND
================================================================================
1   2   3   4   5  6A  6B    7    8   9   10  11  12  13   14  15   16   17  18
                                     12Z  AVG MX 2MIN
DY MAX MIN AVG DEP HDD CDD  WTR  SNW DPTH SPD SPD DIR MIN PSBL S-S WX    SPD DR
================================================================================

 1  77  54  66   4   0   1 0.00  0.0    0  5.6 12 100   M    M   8        19 100
 2  78  64  71   9   0   6 0.02  0.0    0  4.6  9 230   M    M   8 1      15 220
 3  71  62  67   5   0   2 0.00  0.0    0  3.6  9 270   M    M   7 12     19 270
 4  71  59  65   3   0   0 0.00  0.0    0  4.5 15 280   M    M   8 1      22 270
 5  75  58  67   5   0   2 0.00  0.0    0  5.1  9 240   M    M   5 128    15 270
 6  79  60  70   8   0   5 0.00  0.0    0  4.6 14 290   M    M   3        17 270
 7  81  62  72  10   0   7 0.00  0.0    0  5.4 12 290   M    M   3        17 260
 8  80  60  70   7   0   5 0.00  0.0    0  4.5 13 330   M    M   3        26 280
 9  79  63  71   8   0   6 0.03  0.0    0  9.0 18  40   M    M   4 1      28  30
10  81  63  72   9   0   7 0.09  0.0    0  7.5 14  90   M    M   7 1      19  70
11  84  64  74  11   0   9 0.00  0.0    0  5.0 14 120   M    M   3        19 120
12  82  70  76  13   0  11 0.03  0.0    0  8.8 18 200   M    M   7 13     23 210
13  72  50  61  -2   4   0 0.32  0.0    0  9.3 29 300   M    M  10 13     43 290
14  76  44  60  -3   5   0 0.00  0.0    0  6.1 12  30   M    M   5        22 270
15  75  56  66   2   0   1 0.00  0.0    0  5.1 14 290   M    M   5        18 270
16  76  61  69   5   0   4 0.00  0.0    0  6.8 17 180   M    M   6        24 180
17  82  66  74  10   0   9 0.00  0.0    0  7.7 17 200   M    M   3 1      23 200
18  82  71  77  13   0  12 0.00  0.0    0  7.4 14 190   M    M   4 1      17 180
================================================================================
SM 1401 1087         9  87  0.49     0.0 110.6          M       99
================================================================================
AV 77.8 60.4                               6.1 FASTST   M    M   6    MAX(MPH)
                                 MISC ---->  # 29 300               # 43  290
================================================================================
NOTES:
# LAST OF SEVERAL OCCURRENCES

COLUMN 17 PEAK WIND IN M.P.H.

PRELIMINARY LOCAL CLIMATOLOGICAL DATA (WS FORM: F-6) , PAGE 2

                                          STATION:  Tampa
                                          MONTH:    FEBRUARY
                                          YEAR:     2019
                                          LATITUDE:   27 58 N
                                          LONGITUDE:  82 32 W

[TEMPERATURE DATA]      [PRECIPITATION DATA]       SYMBOLS USED IN COLUMN 16

AVERAGE MONTHLY: 69.1   TOTAL FOR MONTH:   0.49    1 = FOG OR MIST
DPTR FM NORMAL:   6.3   DPTR FM NORMAL:   -1.37    2 = FOG REDUCING VISIBILITY
HIGHEST:    84 ON 11    GRTST 24HR  0.32 ON 13-13      TO 1/4 MILE OR LESS
LOWEST:     44 ON 14                               3 = THUNDER
                        SNOW, ICE PELLETS, HAIL    4 = ICE PELLETS
                        TOTAL MONTH:   0.0 INCH    5 = HAIL
                        GRTST 24HR     0.0         6 = FREEZING RAIN OR DRIZZLE
                        GRTST DEPTH:   0           7 = DUSTSTORM OR SANDSTORM:
                                                       VSBY 1/2 MILE OR LESS
                                                   8 = SMOKE OR HAZE
[NO. OF DAYS WITH]      [WEATHER - DAYS WITH]      9 = BLOWING SNOW
                                                   X = TORNADO
MAX 32 OR BELOW:   0    0.01 INCH OR MORE:   5
MAX 90 OR ABOVE:   0    0.10 INCH OR MORE:   1
MIN 32 OR BELOW:   0    0.50 INCH OR MORE:   0
MIN  0 OR BELOW:   0    1.00 INCH OR MORE:   0

[HDD (BASE 65) ]
TOTAL THIS MO.     9    CLEAR  (SCALE 0-3)   4
DPTR FM NORMAL   -68    PTCLDY (SCALE 4-7)  12
TOTAL FM JUL 1   305    CLOUDY (SCALE 8-10)  2
DPTR FM NORMAL  -137

[CDD (BASE 65) ]
TOTAL THIS MO.    87
DPTR FM NORMAL    51    [PRESSURE DATA]
TOTAL FM JAN 1   135    HIGHEST SLP M ON M
DPTR FM NORMAL    49    LOWEST  SLP 29.85 ON 16

[REMARKS]
