000
CXUS52 KTBW 221000
CF6TPA
PRELIMINARY LOCAL CLIMATOLOGICAL DATA (WS FORM: F-6)

                                          STATION:   Tampa
                                          MONTH:     AUGUST
                                          YEAR:      2019
                                          LATITUDE:   27 58 N
                                          LONGITUDE:  82 32 W

  TEMPERATURE IN F:       :PCPN:    SNOW:  WIND      :SUNSHINE: SKY     :PK WND
================================================================================
1   2   3   4   5  6A  6B    7    8   9   10  11  12  13   14  15   16   17  18
                                     12Z  AVG MX 2MIN
DY MAX MIN AVG DEP HDD CDD  WTR  SNW DPTH SPD SPD DIR MIN PSBL S-S WX    SPD DR
================================================================================

 1   M  73   M   M   M   M 0.66  0.0    0  7.7 17  70   M    M   7 13     24  70
 2  87  74  81  -2   0  16 0.17  0.0    0  6.2 13 110   M    M   8 13     17  80
 3  91  76  84   1   0  19    T  0.0    0  4.5 10 250   M    M   5        19  40
 4  91  80  86   3   0  21 0.00  0.0    0  6.0 14 250   M    M   4        21 270
 5  91  80  86   3   0  21    T  0.0    0  6.2 14 270   M    M   6        20 280
 6  92  77  85   2   0  20 0.19  0.0    0  7.9 17 290   M    M   3 13     22 270
 7  92  76  84   1   0  19 0.53  0.0    0  7.4 26 270   M    M   6 138    35 260
 8  92  80  86   3   0  21 0.18  0.0    0  7.5 16 250   M    M   6 3      22 250
 9  92  82  87   4   0  22    T  0.0    0  8.5 16 260   M    M   6        19 260
10  90  83  87   4   0  22    T  0.0    0  7.0 14 270   M    M   6 3      19 280
11  92  83  88   5   0  23 0.00  0.0    0  7.2 16 190   M    M   8 3      20 170
12  92  82  87   4   0  22 0.01  0.0    0  5.6 15 280   M    M   8 38     25 270
13  89  80  85   2   0  20 0.29  0.0    0  5.8 15 330   M    M   8 13     17 330
14  88  76  82  -1   0  17 2.59  0.0    0  6.9 26 160   M    M   8 138    31 170
15  88  76  82  -1   0  17 1.05  0.0    0  7.1 24 190   M    M   8 138    30 190
16  84  75  80  -3   0  15 1.42  0.0    0 10.0 29 210   M    M   9 18     39 230
17  82  74  78  -5   0  13 1.44  0.0    0  5.2 22 260   M    M  10 18     27 260
18  88  77  83   0   0  18 0.04  0.0    0  5.8 20 190   M    M   8        25 190
19  93  75  84   1   0  19 0.93  0.0    0  4.5 25 160   M    M   7 13     32 150
20  92  77  85   2   0  20 0.09  0.0    0  3.9 10 120   M    M   6 3      12 120
21  93  77  85   2   0  20 0.35  0.0    0  4.8 15  30   M    M   7 13     22  50
================================================================================
SM 1799 1633         0 385  9.94     0.0 135.7          M      144
================================================================================
AV 90.0 77.8                               6.5 FASTST   M    M   7    MAX(MPH)
                                 MISC ---->  # 29 210               # 39  230
================================================================================
NOTES:
# LAST OF SEVERAL OCCURRENCES

COLUMN 17 PEAK WIND IN M.P.H.

PRELIMINARY LOCAL CLIMATOLOGICAL DATA (WS FORM: F-6) , PAGE 2

                                          STATION:  Tampa
                                          MONTH:    AUGUST
                                          YEAR:     2019
                                          LATITUDE:   27 58 N
                                          LONGITUDE:  82 32 W

[TEMPERATURE DATA]      [PRECIPITATION DATA]       SYMBOLS USED IN COLUMN 16

AVERAGE MONTHLY: 83.9   TOTAL FOR MONTH:   9.94    1 = FOG OR MIST
DPTR FM NORMAL:   0.9   DPTR FM NORMAL:    4.69    2 = FOG REDUCING VISIBILITY
HIGHEST:    93 ON 21,19 GRTST 24HR  2.59 ON 14-14      TO 1/4 MILE OR LESS
LOWEST:     73 ON  1                               3 = THUNDER
                        SNOW, ICE PELLETS, HAIL    4 = ICE PELLETS
                        TOTAL MONTH:   0.0 INCH    5 = HAIL
                        GRTST 24HR     0.0         6 = FREEZING RAIN OR DRIZZLE
                        GRTST DEPTH:   0           7 = DUSTSTORM OR SANDSTORM:
                                                       VSBY 1/2 MILE OR LESS
                                                   8 = SMOKE OR HAZE
[NO. OF DAYS WITH]      [WEATHER - DAYS WITH]      9 = BLOWING SNOW
                                                   X = TORNADO
MAX 32 OR BELOW:   0    0.01 INCH OR MORE:  15
MAX 90 OR ABOVE:  13    0.10 INCH OR MORE:  12
MIN 32 OR BELOW:   0    0.50 INCH OR MORE:   7
MIN  0 OR BELOW:   0    1.00 INCH OR MORE:   4

[HDD (BASE 65) ]
TOTAL THIS MO.     0    CLEAR  (SCALE 0-3)   0
DPTR FM NORMAL     0    PTCLDY (SCALE 4-7)  18
TOTAL FM JUL 1     0    CLOUDY (SCALE 8-10)  3
DPTR FM NORMAL     0

[CDD (BASE 65) ]
TOTAL THIS MO.   385
DPTR FM NORMAL     7    [PRESSURE DATA]
TOTAL FM JAN 1  2705    HIGHEST SLP M ON M
DPTR FM NORMAL   376    LOWEST  SLP 29.86 ON M

[REMARKS]
