000
CXUS55 KTBW 201000
CF6TPA
PRELIMINARY LOCAL CLIMATOLOGICAL DATA (WS FORM: F-6)

                                          STATION:   Tampa
                                          MONTH:     APRIL
                                          YEAR:      2019
                                          LATITUDE:   27 58 N
                                          LONGITUDE:  82 32 W

  TEMPERATURE IN F:       :PCPN:    SNOW:  WIND      :SUNSHINE: SKY     :PK WND
================================================================================
1   2   3   4   5  6A  6B    7    8   9   10  11  12  13   14  15   16   17  18
                                     12Z  AVG MX 2MIN
DY MAX MIN AVG DEP HDD CDD  WTR  SNW DPTH SPD SPD DIR MIN PSBL S-S WX    SPD DR
================================================================================

 1  72  65  69   0   0   4 0.02  0.0    0  5.6 13 350   M    M   8        15 110
 2  76  59  68  -2   0   3 0.10  0.0    0  6.5 15 300   M    M   6 1      25 270
 3  81  57  69  -1   0   4 0.00  0.0    0  6.7 14  70   M    M   3        22 110
 4  86  62  74   4   0   9 0.00  0.0    0  8.5 16 110   M    M   5        22 130
 5  84  66  75   5   0  10 0.37  0.0    0  5.8 14 230   M    M   6 18     19 240
 6  86  68  77   7   0  12 0.00  0.0    0  5.0 13 290   M    M   6 3      20 280
 7  88  71  80  10   0  15 0.00  0.0    0  5.7 13 180   M    M   6        18 120
 8  86  71  79   9   0  14 0.11  0.0    0  8.4 22 230   M    M   7 1      32 220
 9  83  70  77   6   0  12 0.34  0.0    0 12.5 24 190   M    M   9 18     31 190
10  81  68  75   4   0  10 0.02  0.0    0  7.3 15 260   M    M   4 1      22 270
11  85  68  77   6   0  12 0.00  0.0    0  6.0 13 260   M    M   3        19 240
12  87  71  79   8   0  14 0.00  0.0    0  6.7 13 200   M    M   3        16 190
13  88  73  81  10   0  16 0.00  0.0    0  8.0 15 190   M    M   6        22 150
14  88  71  80   8   0  15 0.73  0.0    0 12.3 26 290   M    M   7 123    34 290
15  77  64  71  -1   0   6 0.00  0.0    0 10.6 18 350   M    M   2        25 290
16  84  60  72   0   0   7 0.00  0.0    0  6.1 12  90   M    M   1        20 270
17  86  64  75   3   0  10 0.00  0.0    0  5.9 15 110   M    M   5        22 100
18  88  70  79   7   0  14 0.01  0.0    0  9.9 17 190   M    M   3        24 200
19  82  68  75   2   0  10 0.72  0.0    0 17.3 30 210   M    M   6 13     39 180
================================================================================
SM 1588 1266         0 197  2.42     0.0 154.8          M       96
================================================================================
AV 83.6 66.6                               8.1 FASTST   M    M   5    MAX(MPH)
                                 MISC ---->  # 30 210               # 39  180
================================================================================
NOTES:
# LAST OF SEVERAL OCCURRENCES

COLUMN 17 PEAK WIND IN M.P.H.

PRELIMINARY LOCAL CLIMATOLOGICAL DATA (WS FORM: F-6) , PAGE 2

                                          STATION:  Tampa
                                          MONTH:    APRIL
                                          YEAR:     2019
                                          LATITUDE:   27 58 N
                                          LONGITUDE:  82 32 W

[TEMPERATURE DATA]      [PRECIPITATION DATA]       SYMBOLS USED IN COLUMN 16

AVERAGE MONTHLY: 75.1   TOTAL FOR MONTH:   2.42    1 = FOG OR MIST
DPTR FM NORMAL:   4.2   DPTR FM NORMAL:    1.05    2 = FOG REDUCING VISIBILITY
HIGHEST:    88 ON 18,14 GRTST 24HR  0.73 ON 14-14      TO 1/4 MILE OR LESS
LOWEST:     57 ON  3                               3 = THUNDER
                        SNOW, ICE PELLETS, HAIL    4 = ICE PELLETS
                        TOTAL MONTH:   0.0 INCH    5 = HAIL
                        GRTST 24HR     0.0         6 = FREEZING RAIN OR DRIZZLE
                        GRTST DEPTH:   0           7 = DUSTSTORM OR SANDSTORM:
                                                       VSBY 1/2 MILE OR LESS
                                                   8 = SMOKE OR HAZE
[NO. OF DAYS WITH]      [WEATHER - DAYS WITH]      9 = BLOWING SNOW
                                                   X = TORNADO
MAX 32 OR BELOW:   0    0.01 INCH OR MORE:   9
MAX 90 OR ABOVE:   0    0.10 INCH OR MORE:   6
MIN 32 OR BELOW:   0    0.50 INCH OR MORE:   2
MIN  0 OR BELOW:   0    1.00 INCH OR MORE:   0

[HDD (BASE 65) ]
TOTAL THIS MO.     0    CLEAR  (SCALE 0-3)   4
DPTR FM NORMAL    -9    PTCLDY (SCALE 4-7)  14
TOTAL FM JUL 1   332    CLOUDY (SCALE 8-10)  1
DPTR FM NORMAL  -204

[CDD (BASE 65) ]
TOTAL THIS MO.   197
DPTR FM NORMAL    75    [PRESSURE DATA]
TOTAL FM JAN 1   591    HIGHEST SLP M ON M
DPTR FM NORMAL   230    LOWEST  SLP 29.73 ON 10

[REMARKS]
