000
CXUS56 KLKN 221009
CF6TPH
PRELIMINARY LOCAL CLIMATOLOGICAL DATA (WS FORM: F-6)

                                          STATION:   TONOPAH AIRPORT NV
                                          MONTH:     AUGUST
                                          YEAR:      2019
                                          LATITUDE:   38  3 N
                                          LONGITUDE: 117  5 W

  TEMPERATURE IN F:       :PCPN:    SNOW:  WIND      :SUNSHINE: SKY     :PK WND
================================================================================
1   2   3   4   5  6A  6B    7    8   9   10  11  12  13   14  15   16   17  18
                                     12Z  AVG MX 2MIN
DY MAX MIN AVG DEP HDD CDD  WTR  SNW DPTH SPD SPD DIR MIN PSBL S-S WX    SPD DR
================================================================================

 1  92  59  76   1   0  11 0.00    M    M  8.0 24 190   M    M   M        33 220
 2  93  56  75   0   0  10 0.00    M    M  8.4 24 200   M    M   M        33 190
 3  94  59  77   2   0  12 0.00    M    M 10.0 23 170   M    M   M        34 210
 4  98  57  78   4   0  13 0.00    M    M 10.0 33 190   M    M   M        24 220
 5  96  61  79   5   0  14 0.00    M    M  8.5 23 210   M    M   M        28 200
 6  95  60  78   4   0  13 0.00    M    M 10.5 31 190   M    M   M        39 180
 7  92  60  76   2   0  11    T    M    M 10.2 43 250   M    M   1 38     52 250
 8  86  57  72  -2   0   7 0.09    M    M 11.7 37 210   M    M   3 3      52 210
 9  87  51  69  -5   0   4 0.00    M    M 10.7 24 180   M    M   1        32 180
10  86  48  67  -7   0   2 0.00    M    M  9.4 24 200   M    M   0        30 210
11  85  54  70  -4   0   5 0.00    M    M  7.7 25 350   M    M   0        32 350
12  89  50  70  -3   0   5 0.00    M    M  7.3 16 220   M    M   0        24 190
13  92  54  73   0   0   8 0.00    M    M  8.0 18 190   M    M   0        28 170
14  94  56  75   2   0  10 0.00    M    M  7.0 17 210   M    M   0 8      22 220
15  96  58  77   4   0  12 0.00    M    M  6.8 15 210   M    M   0        21 210
16  96  56  76   3   0  11 0.00    M    M  6.6 22 260   M    M   0        29 240
17  94  63  79   6   0  14 0.00    M    M  7.0 20 350   M    M   0        26 280
18  91  56  74   2   0   9 0.00    M    M  8.5 22 180   M    M   0        28 210
19  89  52  71  -1   0   6 0.00    M    M  8.3 18 170   M    M   0        30 200
20  92  54  73   1   0   8 0.00    M    M  7.0 16 230   M    M   0        21 230
21  94  56  75   3   0  10 0.00    M    M  5.6 16 180   M    M   0 8      21 140
================================================================================
SM 1931 1177         0 195  0.09    M    177.2          M        5
================================================================================
AV 92.0 56.1                               8.4 FASTST   M    M   0    MAX(MPH)
                                 MISC ---->  # 43 250               # 52  250
================================================================================
NOTES:
# LAST OF SEVERAL OCCURRENCES

COLUMN 17 PEAK WIND IN M.P.H.

PRELIMINARY LOCAL CLIMATOLOGICAL DATA (WS FORM: F-6) , PAGE 2

                                          STATION:  TONOPAH AIRPORT NV
                                          MONTH:    AUGUST
                                          YEAR:     2019
                                          LATITUDE:   38  3 N
                                          LONGITUDE: 117  5 W

[TEMPERATURE DATA]      [PRECIPITATION DATA]       SYMBOLS USED IN COLUMN 16

AVERAGE MONTHLY: 74.0   TOTAL FOR MONTH:   0.09    1 = FOG OR MIST
DPTR FM NORMAL:   0.5   DPTR FM NORMAL:   -0.25    2 = FOG REDUCING VISIBILITY
HIGHEST:    98 ON  4    GRTST 24HR  0.09 ON  8- 8      TO 1/4 MILE OR LESS
LOWEST:     48 ON 10                               3 = THUNDER
                        SNOW, ICE PELLETS, HAIL    4 = ICE PELLETS
                        TOTAL MONTH:    M          5 = HAIL
                        GRTST 24HR    M  ON   M    6 = FREEZING RAIN OR DRIZZLE
                        GRTST DEPTH:  M  ON   M    7 = DUSTSTORM OR SANDSTORM:
                                                       VSBY 1/2 MILE OR LESS
                                                   8 = SMOKE OR HAZE
[NO. OF DAYS WITH]      [WEATHER - DAYS WITH]      9 = BLOWING SNOW
                                                   X = TORNADO
MAX 32 OR BELOW:   0    0.01 INCH OR MORE:   1
MAX 90 OR ABOVE:  15    0.10 INCH OR MORE:   0
MIN 32 OR BELOW:   0    0.50 INCH OR MORE:   0
MIN  0 OR BELOW:   0    1.00 INCH OR MORE:   0

[HDD (BASE 65) ]
TOTAL THIS MO.     0    CLEAR  (SCALE 0-3)  15
DPTR FM NORMAL     0    PTCLDY (SCALE 4-7)   0
TOTAL FM JUL 1     0    CLOUDY (SCALE 8-10)  0
DPTR FM NORMAL    -2

[CDD (BASE 65) ]
TOTAL THIS MO.   195
DPTR FM NORMAL    16    [PRESSURE DATA]
TOTAL FM JAN 1   638    HIGHEST SLP M ON M
DPTR FM NORMAL   -16    LOWEST  SLP 29.72 ON 18

[REMARKS]
