000
CXUS54 KFWD 200730
CF6TPL
PRELIMINARY LOCAL CLIMATOLOGICAL DATA (WS FORM: F-6)

                                          STATION:   TEMPLE
                                          MONTH:     FEBRUARY
                                          YEAR:      2019
                                          LATITUDE:   31  8 N
                                          LONGITUDE:  97 25 W

  TEMPERATURE IN F:       :PCPN:    SNOW:  WIND      :SUNSHINE: SKY     :PK WND
================================================================================
1   2   3   4   5  6A  6B    7    8   9   10  11  12  13   14  15   16   17  18
                                     12Z  AVG MX 2MIN
DY MAX MIN AVG DEP HDD CDD  WTR  SNW DPTH SPD SPD DIR MIN PSBL S-S WX    SPD DR
================================================================================

 1  65  55  60  12   5   0 0.02  0.0    0  6.8 12 150   M    M   9 1       M  M
 2  67  53  60  12   5   0    T  0.0    0  9.3 16 150   M    M   8 128     M  M
 3  72  60  66  17   0   1 0.00  0.0    0 12.9 20 170   M    M   6 1       M  M
 4  78  62  70  21   0   5 0.00  0.0    0 10.9 15 150   M    M   2 1      21 190
 5  77  64  71  22   0   6 0.00  0.0    0 12.5 21 170   M    M   0 1      24 170
 6  74  67  71  22   0   6    T  0.0    0 15.5 27 160   M    M   8 1      37 170
 7  71  33  52   3  13   0 0.07  0.0    0 16.9 28 150   M    M   0        37 150
 8  33  28  31 -18  34   0 0.20    M    0 13.0 20 360   M    M   5 1      25  10
 9  38  31  35 -15  30   0 0.09    M    0  7.8 14  30   M    M  10 146    18  30
10  45  35  40 -10  25   0 0.04    M    0  3.7  8 120   M    M  10 1       M  M
11  61  45  53   3  12   0 0.21    M    0  8.0 13 180   M    M  10 12      M  M
12  59  37  48  -2  17   0 0.00  0.0    0 10.9 20 350   M    M   0        30 330
13  64  28  46  -4  19   0 0.00  0.0    0 11.0 24 170   M    M   0 1      30 170
14  77  50  64  13   1   0 0.00  0.0    0 16.9 24 200   M    M   0        32 190
15  89  51  70  19   0   5 0.00  0.0    0  9.3 16  10   M    M   0        23 360
16  50  37  44  -7  21   0    T    M    M  9.6 16  10   M    M   8 1       M  M
17  58  43  51   0  14   0    T    M    0 13.4 18 350   M    M   4 12     28 350
18  52  38  45  -7  20   0 0.00  0.0    0 10.7 14  20   M    M   0        21  20
19  41  37  39 -13  26   0 0.23  0.0    0 12.2 18  60   M    M   9 13      M  M
================================================================================
SM 1171  854       242  23  0.86     0.0 211.3          M       89
================================================================================
AV 61.6 45.0                              11.1 FASTST   M    M   5    MAX(MPH)
                                 MISC ---->  # 28 150               # 37  170
================================================================================
NOTES:
# LAST OF SEVERAL OCCURRENCES

COLUMN 17 PEAK WIND IN M.P.H.

PRELIMINARY LOCAL CLIMATOLOGICAL DATA (WS FORM: F-6) , PAGE 2

                                          STATION:  TEMPLE
                                          MONTH:    FEBRUARY
                                          YEAR:     2019
                                          LATITUDE:   31  8 N
                                          LONGITUDE:  97 25 W

[TEMPERATURE DATA]      [PRECIPITATION DATA]       SYMBOLS USED IN COLUMN 16

AVERAGE MONTHLY: 53.3   TOTAL FOR MONTH:   0.86    1 = FOG OR MIST
DPTR FM NORMAL:   3.4   DPTR FM NORMAL:   -0.92    2 = FOG REDUCING VISIBILITY
HIGHEST:    89 ON 15    GRTST 24HR  0.23 ON 19-19      TO 1/4 MILE OR LESS
LOWEST:     28 ON 13, 8                            3 = THUNDER
                        SNOW, ICE PELLETS, HAIL    4 = ICE PELLETS
                        TOTAL MONTH:   0.0 INCH    5 = HAIL
                        GRTST 24HR     0.0         6 = FREEZING RAIN OR DRIZZLE
                        GRTST DEPTH:   0           7 = DUSTSTORM OR SANDSTORM:
                                                       VSBY 1/2 MILE OR LESS
                                                   8 = SMOKE OR HAZE
[NO. OF DAYS WITH]      [WEATHER - DAYS WITH]      9 = BLOWING SNOW
                                                   X = TORNADO
MAX 32 OR BELOW:   0    0.01 INCH OR MORE:   7
MAX 90 OR ABOVE:   0    0.10 INCH OR MORE:   3
MIN 32 OR BELOW:   3    0.50 INCH OR MORE:   0
MIN  0 OR BELOW:   0    1.00 INCH OR MORE:   0

[HDD (BASE 65) ]
TOTAL THIS MO.   242    CLEAR  (SCALE 0-3)   8
DPTR FM NORMAL   -49    PTCLDY (SCALE 4-7)   4
TOTAL FM JUL 1  1650    CLOUDY (SCALE 8-10)  7
DPTR FM NORMAL   -47

[CDD (BASE 65) ]
TOTAL THIS MO.    23
DPTR FM NORMAL    23    [PRESSURE DATA]
TOTAL FM JAN 1    23    HIGHEST SLP M ON M
DPTR FM NORMAL    21    LOWEST  SLP M ON M

[REMARKS]
