000
CXUS53 KOAX 171000
CF6TQE
PRELIMINARY LOCAL CLIMATOLOGICAL DATA (WS FORM: F-6)

                                          STATION:   TEKAMAH NE
                                          MONTH:     FEBRUARY
                                          YEAR:      2019
                                          LATITUDE:   41 46 N
                                          LONGITUDE:  96 11 W

  TEMPERATURE IN F:       :PCPN:    SNOW:  WIND      :SUNSHINE: SKY     :PK WND
================================================================================
1   2   3   4   5  6A  6B    7    8   9   10  11  12  13   14  15   16   17  18
                                     12Z  AVG MX 2MIN
DY MAX MIN AVG DEP HDD CDD  WTR  SNW DPTH SPD SPD DIR MIN PSBL S-S WX    SPD DR
================================================================================

 1  43   7  25   1  40   0 0.00    M    M 12.6 25 160   M    M   0        30 160
 2  48  28  38  14  27   0 0.00    M    M 13.4 21 190   M    M   9 12     28 200
 3  52  27  40  16  25   0    T    M    M  9.9 24 330   M    M  10 12     31 340
 4  27   6  17  -7  48   0    T    M    M 21.2 35 330   M    M   4 16     43 320
 5  13   5   9 -15  56   0    T    M    M 10.4 18 360   M    M   8 1      23 360
 6  14   9  12 -12  53   0    T    M    M 15.9 23 350   M    M   9 1      30 330
 7   9   0   5 -19  60   0    T    M    M 23.4 36 310   M    M   7 19     44 310
 8  12  -5   4 -21  61   0 0.00    M    M  8.7 22 300   M    M   0        30 300
 9  27   1  14 -11  51   0 0.00    M    M 14.8 29 130   M    M   2        36 140
10  29  24  27   2  38   0 0.07    M    M  7.5 16 130   M    M  10 1      22 120
11  26  22  24  -1  41   0 0.14    M    M  9.3 15 320   M    M  10 12     17  80
12  26   5  16 -10  49   0    T    M    M 16.8 29 320   M    M   4 19     37 310
13  31   1  16 -10  49   0 0.00    M    M  8.2 18 140   M    M   0        23 140
14  28   1  15 -11  50   0    T    M    M 16.7 35 330   M    M   3 1289   45 320
15  13   1   7 -19  58   0    T    M    M 10.2 16  20   M    M   8 18     20  10
16  21  -2  10 -16  55   0 0.16    M    M  5.8 14  80   M    M   4 1      18  90
================================================================================
SM  419  130       761   0  0.37    M    204.8          M       88
================================================================================
AV 26.2  8.1                              12.8 FASTST   M    M   6    MAX(MPH)
                                 MISC ---->  # 36 310               # 45  320
================================================================================
NOTES:
# LAST OF SEVERAL OCCURRENCES

COLUMN 17 PEAK WIND IN M.P.H.

PRELIMINARY LOCAL CLIMATOLOGICAL DATA (WS FORM: F-6) , PAGE 2

                                          STATION:  TEKAMAH NE
                                          MONTH:    FEBRUARY
                                          YEAR:     2019
                                          LATITUDE:   41 46 N
                                          LONGITUDE:  96 11 W

[TEMPERATURE DATA]      [PRECIPITATION DATA]       SYMBOLS USED IN COLUMN 16

AVERAGE MONTHLY: 17.2   TOTAL FOR MONTH:   0.37    1 = FOG OR MIST
DPTR FM NORMAL:  -7.7   DPTR FM NORMAL:    0.11    2 = FOG REDUCING VISIBILITY
HIGHEST:    52 ON  3    GRTST 24HR  0.16 ON 16-16      TO 1/4 MILE OR LESS
LOWEST:     -5 ON  8                               3 = THUNDER
                        SNOW, ICE PELLETS, HAIL    4 = ICE PELLETS
                        TOTAL MONTH:    M          5 = HAIL
                        GRTST 24HR    M  ON   M    6 = FREEZING RAIN OR DRIZZLE
                        GRTST DEPTH:  M  ON   M    7 = DUSTSTORM OR SANDSTORM:
                                                       VSBY 1/2 MILE OR LESS
                                                   8 = SMOKE OR HAZE
[NO. OF DAYS WITH]      [WEATHER - DAYS WITH]      9 = BLOWING SNOW
                                                   X = TORNADO
MAX 32 OR BELOW:  13    0.01 INCH OR MORE:   3
MAX 90 OR ABOVE:   0    0.10 INCH OR MORE:   2
MIN 32 OR BELOW:  16    0.50 INCH OR MORE:   0
MIN  0 OR BELOW:   3    1.00 INCH OR MORE:   0

[HDD (BASE 65) ]
TOTAL THIS MO.   761    CLEAR  (SCALE 0-3)   4
DPTR FM NORMAL   119    PTCLDY (SCALE 4-7)   6
TOTAL FM JUL 1  4825    CLOUDY (SCALE 8-10)  6
DPTR FM NORMAL   197

[CDD (BASE 65) ]
TOTAL THIS MO.     0
DPTR FM NORMAL     0    [PRESSURE DATA]
TOTAL FM JAN 1     0    HIGHEST SLP M ON M
DPTR FM NORMAL     0    LOWEST  SLP 29.47 ON 14

[REMARKS]
