000
CXUS53 KOAX 211000
CF6TQE
PRELIMINARY LOCAL CLIMATOLOGICAL DATA (WS FORM: F-6)

                                          STATION:   TEKAMAH NE
                                          MONTH:     APRIL
                                          YEAR:      2019
                                          LATITUDE:   41 46 N
                                          LONGITUDE:  96 11 W

  TEMPERATURE IN F:       :PCPN:    SNOW:  WIND      :SUNSHINE: SKY     :PK WND
================================================================================
1   2   3   4   5  6A  6B    7    8   9   10  11  12  13   14  15   16   17  18
                                     12Z  AVG MX 2MIN
DY MAX MIN AVG DEP HDD CDD  WTR  SNW DPTH SPD SPD DIR MIN PSBL S-S WX    SPD DR
================================================================================

 1  58  32  45   0  20   0 0.12    M    M  9.5 22  10   M    M   5 8      31 360
 2  57  31  44  -2  21   0 0.05    M    M  8.7 17 290   M    M   2        24 290
 3  48  28  38  -8  27   0 0.43    M    M  9.0 20  70   M    M   8 1      26  70
 4  50  43  47   0  18   0 0.13    M    M  7.8 16 100   M    M  10 1      22  90
 5  66  44  55   8  10   0 0.00    M    M 11.1 20 140   M    M   6 12     24 150
 6  78  49  64  17   1   0    T    M    M 13.3 25 190   M    M   3 13     32 180
 7  71  44  58  10   7   0    T    M    M 10.2 23 330   M    M   4 12     31 330
 8  79  42  61  13   4   0 0.00    M    M 11.0 22 330   M    M   0        28 320
 9  72  39  56   8   9   0 0.00    M    M 11.1 23  80   M    M   3        32  70
10  57  38  48  -1  17   0 0.08    M    M 21.8 31  30   M    M   8 1      43  60
11  48  32  40  -9  25   0    T    M    M 21.6 31 250   M    M  10 1      41 250
12  41  28  35 -15  30   0    T    M    M 22.2 35 280   M    M   8        49 280
13  51  27  39 -11  26   0 0.00    M    M 12.0 21 330   M    M   1 8      28  30
14  55  24  40 -10  25   0    T    M    M  6.8 14 110   M    M   1        18 100
15  80  39  60   9   5   0 0.00    M    M 14.5 23 180   M    M   1        36 160
16  78  40  59   8   6   0 0.00    M    M 12.5 20  80   M    M   2 1      27 100
17  68  45  57   5   8   0 0.28    M    M 14.8 32 310   M    M   6 13     42 300
18  61  40  51  -1  14   0    T    M    M 15.1 28 350   M    M   7        35  10
19  66  32  49  -3  16   0 0.00    M    M  6.4 15 340   M    M   0 8      20 340
20  85  37  61   8   4   0 0.00    M    M 12.8 23 170   M    M   0        31 190
================================================================================
SM 1269  734       293   0  1.09    M    252.2          M       85
================================================================================
AV 63.5 36.7                              12.6 FASTST   M    M   4    MAX(MPH)
                                 MISC ---->  # 35 280               # 49  280
================================================================================
NOTES:
# LAST OF SEVERAL OCCURRENCES

COLUMN 17 PEAK WIND IN M.P.H.

PRELIMINARY LOCAL CLIMATOLOGICAL DATA (WS FORM: F-6) , PAGE 2

                                          STATION:  TEKAMAH NE
                                          MONTH:    APRIL
                                          YEAR:     2019
                                          LATITUDE:   41 46 N
                                          LONGITUDE:  96 11 W

[TEMPERATURE DATA]      [PRECIPITATION DATA]       SYMBOLS USED IN COLUMN 16

AVERAGE MONTHLY: 50.1   TOTAL FOR MONTH:   1.09    1 = FOG OR MIST
DPTR FM NORMAL:   1.0   DPTR FM NORMAL:   -0.71    2 = FOG REDUCING VISIBILITY
HIGHEST:    85 ON 20    GRTST 24HR  0.43 ON  3- 3      TO 1/4 MILE OR LESS
LOWEST:     24 ON 14                               3 = THUNDER
                        SNOW, ICE PELLETS, HAIL    4 = ICE PELLETS
                        TOTAL MONTH:    M          5 = HAIL
                        GRTST 24HR    M  ON   M    6 = FREEZING RAIN OR DRIZZLE
                        GRTST DEPTH:  M  ON   M    7 = DUSTSTORM OR SANDSTORM:
                                                       VSBY 1/2 MILE OR LESS
                                                   8 = SMOKE OR HAZE
[NO. OF DAYS WITH]      [WEATHER - DAYS WITH]      9 = BLOWING SNOW
                                                   X = TORNADO
MAX 32 OR BELOW:   0    0.01 INCH OR MORE:   6
MAX 90 OR ABOVE:   0    0.10 INCH OR MORE:   4
MIN 32 OR BELOW:   8    0.50 INCH OR MORE:   0
MIN  0 OR BELOW:   0    1.00 INCH OR MORE:   0

[HDD (BASE 65) ]
TOTAL THIS MO.   293    CLEAR  (SCALE 0-3)   9
DPTR FM NORMAL   -31    PTCLDY (SCALE 4-7)   9
TOTAL FM JUL 1  6772    CLOUDY (SCALE 8-10)  2
DPTR FM NORMAL   550

[CDD (BASE 65) ]
TOTAL THIS MO.     0
DPTR FM NORMAL     0    [PRESSURE DATA]
TOTAL FM JAN 1     0    HIGHEST SLP M ON M
DPTR FM NORMAL     0    LOWEST  SLP 29.20 ON 11

[REMARKS]
