000
CXUS54 KFWD 230730
CF6TRL
PRELIMINARY LOCAL CLIMATOLOGICAL DATA (WS FORM: F-6)

                                          STATION:   TERRELL
                                          MONTH:     FEBRUARY
                                          YEAR:      2019
                                          LATITUDE:   32 42 N
                                          LONGITUDE:  96 16 W

  TEMPERATURE IN F:       :PCPN:    SNOW:  WIND      :SUNSHINE: SKY     :PK WND
================================================================================
1   2   3   4   5  6A  6B    7    8   9   10  11  12  13   14  15   16   17  18
                                     12Z  AVG MX 2MIN
DY MAX MIN AVG DEP HDD CDD  WTR  SNW DPTH SPD SPD DIR MIN PSBL S-S WX    SPD DR
================================================================================

 1  64  50  57  10   8   0 0.00  0.0    0  5.6 12 170   M    M   9 1      16 180
 2  67  53  60  13   5   0    T  0.0    0  6.5 12 160   M    M   8 128    16 150
 3  67  59  63  15   2   0    T  0.0    0 10.6 18 180   M    M  10 128    24 170
 4  80  65  73  25   0   8 0.00  0.0    0 10.1 18 190   M    M   5 18     27 190
 5  78  65  72  24   0   7    T  0.0    0 11.0 22 170   M    M   8 18     31 210
 6  75  67  71  23   0   6 0.02  0.0    0 12.9 21 180   M    M   8 18     29 180
 7  73  30  52   4  13   0 0.44  0.0    0 14.4 28 330   M    M   7 13     37 260
 8  36  24  30 -18  35   0 0.00  0.0    0  9.8 20  10   M    M   2        27  20
 9  39  35  37 -12  28   0 0.11    M    0  6.9 13  80   M    M  10 1      16  80
10  45  36  41  -8  24   0 0.17    M    0  5.2 12 130   M    M  10 1      14 120
11  59  44  52   3  13   0 0.15    M    0  7.8 17 210   M    M   8 12     24 200
12  58  38  48  -1  17   0 0.00  0.0    0  9.5 23 330   M    M   1        35 330
13  62  31  47  -2  18   0 0.00  0.0    0  9.5 22 180   M    M   0        29 180
14  74  52  63  13   2   0 0.00  0.0    0 14.4 26 220   M    M   0        37 200
15  77  38  58   8   7   0 0.00  0.0    0 10.6 21 340   M    M   1 1      29 360
16  45  35  40 -10  25   0    T    M    0  5.4 15  10   M    M  10 1      20 350
17  53  41  47  -3  18   0 0.00  0.0    0  9.3 18 360   M    M   5 1      26 350
18  49  35  42  -8  23   0 0.00  0.0    0 11.2 20  30   M    M   0        25  30
19  41  38  40 -11  25   0 1.61  0.0    0  8.4 16  70   M    M   9 13     22  60
20  56  39  48  -3  17   0 0.00  0.0    0  4.4 13 320   M    M   5        16 320
21  53  40  47  -4  18   0    T    M    0  8.6 21 100   M    M   7 3      27  80
22  51  46  49  -2  16   0 0.04    M    0  6.1 14  40   M    M  10 13     18  80
================================================================================
SM 1302  961       314  21  2.54     0.0 198.2          M      133
================================================================================
AV 59.2 43.7                               9.0 FASTST   M    M   6    MAX(MPH)
                                 MISC ---->  # 28 330               # 37  260
================================================================================
NOTES:
# LAST OF SEVERAL OCCURRENCES

COLUMN 17 PEAK WIND IN M.P.H.

PRELIMINARY LOCAL CLIMATOLOGICAL DATA (WS FORM: F-6) , PAGE 2

                                          STATION:  TERRELL
                                          MONTH:    FEBRUARY
                                          YEAR:     2019
                                          LATITUDE:   32 42 N
                                          LONGITUDE:  96 16 W

[TEMPERATURE DATA]      [PRECIPITATION DATA]       SYMBOLS USED IN COLUMN 16

AVERAGE MONTHLY: 51.4   TOTAL FOR MONTH:   2.54    1 = FOG OR MIST
DPTR FM NORMAL:   2.3   DPTR FM NORMAL:    0.05    2 = FOG REDUCING VISIBILITY
HIGHEST:    80 ON  4    GRTST 24HR  1.61 ON 19-19      TO 1/4 MILE OR LESS
LOWEST:     24 ON  8                               3 = THUNDER
                        SNOW, ICE PELLETS, HAIL    4 = ICE PELLETS
                        TOTAL MONTH:   0.0 INCH    5 = HAIL
                        GRTST 24HR     0.0         6 = FREEZING RAIN OR DRIZZLE
                        GRTST DEPTH:   0           7 = DUSTSTORM OR SANDSTORM:
                                                       VSBY 1/2 MILE OR LESS
                                                   8 = SMOKE OR HAZE
[NO. OF DAYS WITH]      [WEATHER - DAYS WITH]      9 = BLOWING SNOW
                                                   X = TORNADO
MAX 32 OR BELOW:   0    0.01 INCH OR MORE:   7
MAX 90 OR ABOVE:   0    0.10 INCH OR MORE:   5
MIN 32 OR BELOW:   3    0.50 INCH OR MORE:   1
MIN  0 OR BELOW:   0    1.00 INCH OR MORE:   1

[HDD (BASE 65) ]
TOTAL THIS MO.   314    CLEAR  (SCALE 0-3)   6
DPTR FM NORMAL   -38    PTCLDY (SCALE 4-7)   7
TOTAL FM JUL 1  1848    CLOUDY (SCALE 8-10)  9
DPTR FM NORMAL   -48

[CDD (BASE 65) ]
TOTAL THIS MO.    21
DPTR FM NORMAL    21    [PRESSURE DATA]
TOTAL FM JAN 1    21    HIGHEST SLP M ON M
DPTR FM NORMAL    20    LOWEST  SLP 29.64 ON M

[REMARKS]
