000
CXUS54 KFWD 210730
CF6TRL
PRELIMINARY LOCAL CLIMATOLOGICAL DATA (WS FORM: F-6)

                                          STATION:   TERRELL
                                          MONTH:     APRIL
                                          YEAR:      2019
                                          LATITUDE:   32 42 N
                                          LONGITUDE:  96 16 W

  TEMPERATURE IN F:       :PCPN:    SNOW:  WIND      :SUNSHINE: SKY     :PK WND
================================================================================
1   2   3   4   5  6A  6B    7    8   9   10  11  12  13   14  15   16   17  18
                                     12Z  AVG MX 2MIN
DY MAX MIN AVG DEP HDD CDD  WTR  SNW DPTH SPD SPD DIR MIN PSBL S-S WX    SPD DR
================================================================================

 1  59  36  48 -13  17   0 0.00  0.0    0  5.0 13 170   M    M   2        18 130
 2  70  37  54  -7  11   0 0.00  0.0    0  6.6 18 220   M    M   0        23 230
 3  71  48  60  -1   5   0    T  0.0    0 10.5 18 170   M    M   6        25 170
 4  83  59  71   9   0   6    T  0.0    0  9.1 22  40   M    M   6 128    27 150
 5  79  54  67   5   0   2 0.00  0.0    0  7.3 13 120   M    M   4 128    21  80
 6  66  60  63   1   2   0 0.64  0.0    0  6.5 23 290   M    M   8 138    36 280
 7  71  62  67   5   0   2 0.15  0.0    0  6.9 17  80   M    M   8 18     23  70
 8  83  58  71   8   0   6    T  0.0    0  5.3 16 330   M    M   3 18     23 340
 9  86  50  68   5   0   3 0.00  0.0    0  3.9 14 150   M    M   0 8      20 180
10  88  61  75  12   0  10 0.00  0.0    0 15.0 28 170   M    M   0        37 170
11  74  50  62  -2   3   0 0.00  0.0    0  9.6 23 280   M    M   1        28 180
12  73  43  58  -6   7   0 0.11  0.0    0  7.7 17  70   M    M   2 38     22  70
13  62  44  53 -11  12   0 0.95  0.0    0 14.1 26 230   M    M   9 13     37 330
14  68  44  56  -8   9   0    T  0.0    0  9.7 24 310   M    M   2 1      34 320
15  79  49  64   0   1   0 0.00  0.0    0 11.1 24 170   M    M   0        30 160
16  78  60  69   4   0   4 0.00  0.0    0 14.9 24 170   M    M   3        28 180
17  79  67  73   8   0   8 0.01  0.0    0 11.9 22 160   M    M  10 18     29 160
18  72  52  62  -3   3   0 0.85  0.0    0 11.2 31 320   M    M   5 13     43 320
19  67  49  58  -8   7   0 0.00  0.0    0 11.9 23 320   M    M   1        32 320
20  77  43  60  -6   5   0 0.00  0.0    0  4.8 14 190   M    M   0        19 190
================================================================================
SM 1485 1026        82  41  2.71     0.0 183.0          M       70
================================================================================
AV 74.3 51.3                               9.1 FASTST   M    M   4    MAX(MPH)
                                 MISC ---->  # 31 320               # 43  320
================================================================================
NOTES:
# LAST OF SEVERAL OCCURRENCES

COLUMN 17 PEAK WIND IN M.P.H.

PRELIMINARY LOCAL CLIMATOLOGICAL DATA (WS FORM: F-6) , PAGE 2

                                          STATION:  TERRELL
                                          MONTH:    APRIL
                                          YEAR:     2019
                                          LATITUDE:   32 42 N
                                          LONGITUDE:  96 16 W

[TEMPERATURE DATA]      [PRECIPITATION DATA]       SYMBOLS USED IN COLUMN 16

AVERAGE MONTHLY: 62.8   TOTAL FOR MONTH:   2.71    1 = FOG OR MIST
DPTR FM NORMAL:  -0.6   DPTR FM NORMAL:    0.63    2 = FOG REDUCING VISIBILITY
HIGHEST:    88 ON 10    GRTST 24HR  0.95 ON 13-13      TO 1/4 MILE OR LESS
LOWEST:     36 ON  1                               3 = THUNDER
                        SNOW, ICE PELLETS, HAIL    4 = ICE PELLETS
                        TOTAL MONTH:   0.0 INCH    5 = HAIL
                        GRTST 24HR     0.0         6 = FREEZING RAIN OR DRIZZLE
                        GRTST DEPTH:   0           7 = DUSTSTORM OR SANDSTORM:
                                                       VSBY 1/2 MILE OR LESS
                                                   8 = SMOKE OR HAZE
[NO. OF DAYS WITH]      [WEATHER - DAYS WITH]      9 = BLOWING SNOW
                                                   X = TORNADO
MAX 32 OR BELOW:   0    0.01 INCH OR MORE:   6
MAX 90 OR ABOVE:   0    0.10 INCH OR MORE:   5
MIN 32 OR BELOW:   0    0.50 INCH OR MORE:   3
MIN  0 OR BELOW:   0    1.00 INCH OR MORE:   0

[HDD (BASE 65) ]
TOTAL THIS MO.    82    CLEAR  (SCALE 0-3)  12
DPTR FM NORMAL     1    PTCLDY (SCALE 4-7)   6
TOTAL FM JUL 1  2338    CLOUDY (SCALE 8-10)  2
DPTR FM NORMAL     4

[CDD (BASE 65) ]
TOTAL THIS MO.    41
DPTR FM NORMAL    -8    [PRESSURE DATA]
TOTAL FM JAN 1    78    HIGHEST SLP M ON M
DPTR FM NORMAL    -1    LOWEST  SLP 29.36 ON 10

[REMARKS]
