000
CXUS54 KFWD 220730
CF6TRL
PRELIMINARY LOCAL CLIMATOLOGICAL DATA (WS FORM: F-6)

                                          STATION:   TERRELL
                                          MONTH:     AUGUST
                                          YEAR:      2019
                                          LATITUDE:   32 42 N
                                          LONGITUDE:  96 16 W

  TEMPERATURE IN F:       :PCPN:    SNOW:  WIND      :SUNSHINE: SKY     :PK WND
================================================================================
1   2   3   4   5  6A  6B    7    8   9   10  11  12  13   14  15   16   17  18
                                     12Z  AVG MX 2MIN
DY MAX MIN AVG DEP HDD CDD  WTR  SNW DPTH SPD SPD DIR MIN PSBL S-S WX    SPD DR
================================================================================

 1  97  75  86   1   0  21 0.00  0.0    0  4.3 12 130   M    M   1        15 140
 2  96  77  87   2   0  22 0.00  0.0    0  4.9 13  80   M    M   1        16  60
 3  86  77  82  -3   0  17 0.11  0.0    0  4.6  9  90   M    M   5 1      12 350
 4  94  75  85   0   0  20    T  0.0    0  4.1 12  80   M    M   6 1      14 110
 5  97  75  86   1   0  21    T  0.0    0  3.5  8 120   M    M   2 18     14 110
 6  99  77  88   3   0  23 0.00  0.0    0  4.0 12 120   M    M   1        14 130
 7 101  78  90   5   0  25 0.00  0.0    0  7.3 16 160   M    M   0        20 150
 8  98  79  89   4   0  24 0.00  0.0    0  8.2 14 180   M    M   0        20 220
 9 101  79  90   5   0  25 0.00  0.0    0  9.2 17 210   M    M   0        23 220
10 100  77  89   4   0  24 0.00  0.0    0  8.5 16 160   M    M   0        21 200
11 100  78  89   4   0  24 0.00  0.0    0  7.9 17 220   M    M   0        22 220
12 101  79  90   5   0  25 0.00  0.0    0  8.1 16 170   M    M   0        22 200
13 103  78  91   6   0  26 0.00  0.0    0  4.8 10 140   M    M   1        17 130
14  96  77  87   2   0  22 0.02  0.0    0  5.9 16 350   M    M   2 8      20 360
15  99  74  87   2   0  22 0.00  0.0    0  4.4 12 100   M    M   1 18     17  80
16 102  76  89   4   0  24 0.00  0.0    0  6.0 16 140   M    M   0 18     20 140
17 100  79  90   5   0  25 0.00  0.0    0  9.7 17 150   M    M   M        24 120
18 100  79  90   5   0  25 0.00  0.0    0 10.2 20 200   M    M   M        25 170
19 101  79  90   5   0  25 0.00  0.0    0  8.0 16 210   M    M   M        22 210
20 101  78  90   5   0  25 0.00  0.0    M  5.4 16 160   M    M   2        19 150
21 100  78  89   4   0  24 0.00  0.0    0  7.2 16 190   M    M   1        21 180
================================================================================
SM 2072 1624         0 489  0.13     0.0 136.2          M       23
================================================================================
AV 98.7 77.3                               6.5 FASTST   M    M   1    MAX(MPH)
                                 MISC ---->  # 20 200               # 25  170
================================================================================
NOTES:
# LAST OF SEVERAL OCCURRENCES

COLUMN 17 PEAK WIND IN M.P.H.

PRELIMINARY LOCAL CLIMATOLOGICAL DATA (WS FORM: F-6) , PAGE 2

                                          STATION:  TERRELL
                                          MONTH:    AUGUST
                                          YEAR:     2019
                                          LATITUDE:   32 42 N
                                          LONGITUDE:  96 16 W

[TEMPERATURE DATA]      [PRECIPITATION DATA]       SYMBOLS USED IN COLUMN 16

AVERAGE MONTHLY: 88.0   TOTAL FOR MONTH:   0.13    1 = FOG OR MIST
DPTR FM NORMAL:   3.0   DPTR FM NORMAL:   -0.98    2 = FOG REDUCING VISIBILITY
HIGHEST:   103 ON 13    GRTST 24HR  0.11 ON  3- 3      TO 1/4 MILE OR LESS
LOWEST:     74 ON 15                               3 = THUNDER
                        SNOW, ICE PELLETS, HAIL    4 = ICE PELLETS
                        TOTAL MONTH:   0.0 INCH    5 = HAIL
                        GRTST 24HR     0.0         6 = FREEZING RAIN OR DRIZZLE
                        GRTST DEPTH:   0           7 = DUSTSTORM OR SANDSTORM:
                                                       VSBY 1/2 MILE OR LESS
                                                   8 = SMOKE OR HAZE
[NO. OF DAYS WITH]      [WEATHER - DAYS WITH]      9 = BLOWING SNOW
                                                   X = TORNADO
MAX 32 OR BELOW:   0    0.01 INCH OR MORE:   2
MAX 90 OR ABOVE:  20    0.10 INCH OR MORE:   1
MIN 32 OR BELOW:   0    0.50 INCH OR MORE:   0
MIN  0 OR BELOW:   0    1.00 INCH OR MORE:   0

[HDD (BASE 65) ]
TOTAL THIS MO.     0    CLEAR  (SCALE 0-3)  16
DPTR FM NORMAL     0    PTCLDY (SCALE 4-7)   2
TOTAL FM JUL 1     0    CLOUDY (SCALE 8-10)  0
DPTR FM NORMAL     0

[CDD (BASE 65) ]
TOTAL THIS MO.   489
DPTR FM NORMAL    69    [PRESSURE DATA]
TOTAL FM JAN 1  1955    HIGHEST SLP M ON M
DPTR FM NORMAL   113    LOWEST  SLP 29.71 ON 17

[REMARKS]
