000
CXUS56 KPQR 231200
CF6TTD
PRELIMINARY LOCAL CLIMATOLOGICAL DATA (WS FORM: F-6)

                                          STATION:   TROUTDALE OR
                                          MONTH:     AUGUST
                                          YEAR:      2019
                                          LATITUDE:   45 33 N
                                          LONGITUDE: 122 25 W

  TEMPERATURE IN F:       :PCPN:    SNOW:  WIND      :SUNSHINE: SKY     :PK WND
================================================================================
1   2   3   4   5  6A  6B    7    8   9   10  11  12  13   14  15   16   17  18
                                     12Z  AVG MX 2MIN
DY MAX MIN AVG DEP HDD CDD  WTR  SNW DPTH SPD SPD DIR MIN PSBL S-S WX    SPD DR
================================================================================

 1  90  59  75   6   0  10 0.00    M    M  4.8 16 240   M    M   0        22 250
 2  80  66  73   4   0   8 0.05    M    M  3.5  8 100   M    M   7 18     10 180
 3  89  65  77   8   0  12 0.00    M    M  3.3 10 260   M    M   3        15 250
 4  94  58  76   7   0  11 0.00    M    M  3.2 12 260   M    M   0        15 250
 5  91  62  77   8   0  12    T    M    M  3.5 12 250   M    M   0        14 250
 6  85  62  74   5   0   9 0.00    M    M  3.6  9 250   M    M   3        13 250
 7  72  62  67  -2   0   2 0.00    M    M  2.3  8 110   M    M   8        12 150
 8  72  63  68  -1   0   3 0.00    M    M  3.4  8 260   M    M  10 18     14 260
 9  78  64  71   2   0   6 0.18    M    M  3.7  9 250   M    M   7 13     14 330
10  77  62  70   1   0   5 0.35    M    M  2.5 13 230   M    M   9 1      16 220
11  76  61  69   0   0   4 0.01    M    M  3.4 10 250   M    M   7 1      13 260
12  84  55  70   1   0   5 0.00    M    M  3.0 10 260   M    M   0        14 250
13  90  55  73   5   0   8 0.00    M    M  3.9 12 250   M    M   0        16 250
14  87  59  73   5   0   8 0.00    M    M  4.0 10 320   M    M   0        16 340
15  83  61  72   4   0   7 0.00    M    M  3.2 12 310   M    M   4        19 320
16  77  59  68   0   0   3 0.00    M    M  4.4  9 320   M    M   6        14 320
17  72  58  65  -3   0   0    T    M    M  1.7  6 260   M    M   9 18      9 290
18  78  55  67  -1   0   2 0.00    M    M  3.0  9 320   M    M   4        13 260
19  81  59  70   2   0   5 0.00    M    M  2.7 12 260   M    M   3        16 250
20  87  54  71   3   0   6 0.00    M    M  4.4 15 240   M    M   0        18 240
21  72  55  64  -4   1   0 0.27    M    M  2.2 12 240   M    M   7 18     16 320
22  73  57  65  -2   0   0 0.00    M    M  2.4  8  60   M    M   6        13 310
================================================================================
SM 1788 1311         1 126  0.86    M     72.1          M       93
================================================================================
AV 81.3 59.6                               3.3 FASTST   M    M   4    MAX(MPH)
                                 MISC ---->  # 16 240               # 22  250
================================================================================
NOTES:
# LAST OF SEVERAL OCCURRENCES

COLUMN 17 PEAK WIND IN M.P.H.

PRELIMINARY LOCAL CLIMATOLOGICAL DATA (WS FORM: F-6) , PAGE 2

                                          STATION:  TROUTDALE OR
                                          MONTH:    AUGUST
                                          YEAR:     2019
                                          LATITUDE:   45 33 N
                                          LONGITUDE: 122 25 W

[TEMPERATURE DATA]      [PRECIPITATION DATA]       SYMBOLS USED IN COLUMN 16

AVERAGE MONTHLY: 70.4   TOTAL FOR MONTH:   0.86    1 = FOG OR MIST
DPTR FM NORMAL:   1.9   DPTR FM NORMAL:    0.37    2 = FOG REDUCING VISIBILITY
HIGHEST:    94 ON  4    GRTST 24HR  0.35 ON 10-10      TO 1/4 MILE OR LESS
LOWEST:     54 ON 20                               3 = THUNDER
                        SNOW, ICE PELLETS, HAIL    4 = ICE PELLETS
                        TOTAL MONTH:    M          5 = HAIL
                        GRTST 24HR    M  ON   M    6 = FREEZING RAIN OR DRIZZLE
                        GRTST DEPTH:  M  ON   M    7 = DUSTSTORM OR SANDSTORM:
                                                       VSBY 1/2 MILE OR LESS
                                                   8 = SMOKE OR HAZE
[NO. OF DAYS WITH]      [WEATHER - DAYS WITH]      9 = BLOWING SNOW
                                                   X = TORNADO
MAX 32 OR BELOW:   0    0.01 INCH OR MORE:   5
MAX 90 OR ABOVE:   4    0.10 INCH OR MORE:   3
MIN 32 OR BELOW:   0    0.50 INCH OR MORE:   0
MIN  0 OR BELOW:   0    1.00 INCH OR MORE:   0

[HDD (BASE 65) ]
TOTAL THIS MO.     1    CLEAR  (SCALE 0-3)   9
DPTR FM NORMAL   -21    PTCLDY (SCALE 4-7)   9
TOTAL FM JUL 1     5    CLOUDY (SCALE 8-10)  4
DPTR FM NORMAL   -50

[CDD (BASE 65) ]
TOTAL THIS MO.   126
DPTR FM NORMAL    31    [PRESSURE DATA]
TOTAL FM JAN 1   337    HIGHEST SLP M ON M
DPTR FM NORMAL    67    LOWEST  SLP 29.82 ON 18

[REMARKS]
