000
CXUS51 KPHI 221500
CF6TTN
PRELIMINARY LOCAL CLIMATOLOGICAL DATA (WS FORM: F-6)

                                          STATION:   TRENTON NJ
                                          MONTH:     AUGUST
                                          YEAR:      2019
                                          LATITUDE:   40 16 N
                                          LONGITUDE:  74 49 W

  TEMPERATURE IN F:       :PCPN:    SNOW:  WIND      :SUNSHINE: SKY     :PK WND
================================================================================
1   2   3   4   5  6A  6B    7    8   9   10  11  12  13   14  15   16   17  18
                                     12Z  AVG MX 2MIN
DY MAX MIN AVG DEP HDD CDD  WTR  SNW DPTH SPD SPD DIR MIN PSBL S-S WX    SPD DR
================================================================================

 1  86  67  77   1   0  12 0.00    M    M  2.6 10  70   M    M   2        13 120
 2  84  67  76   0   0  11 0.00    M    M  4.7 15 150   M    M   1 1      18 170
 3  87  68  78   3   0  13 0.00    M    M  3.5 13 210   M    M   3 18     15 200
 4  89  71  80   5   0  15 0.00    M    M  3.5 10 360   M    M   1        14 290
 5  85  68  77   2   0  12 0.00    M    M  4.6 10 120   M    M   0        14  30
 6  84  71  78   3   0  13 0.00    M    M  5.4 16 180   M    M   5 123    21 170
 7  87  68  78   3   0  13 1.70    M    M  5.7 22 160   M    M   8 138    30 150
 8  84  69  77   2   0  12 0.07    M    M  5.0 14 300   M    M   6 138    20 290
 9  86  65  76   1   0  11 0.00    M    M  5.7 18 330   M    M   1        23 330
10  82  61  72  -3   0   7 0.00    M    M  7.0 20 270   M    M   1        28 270
11  81  58  70  -5   0   5 0.00    M    M  4.4 13 290   M    M   0        23 290
12  85  59  72  -3   0   7 0.00    M    M  5.1 15 210   M    M   0        21 180
13  78  73  76   2   0  11 0.01    M    M  4.9 12 230   M    M   8 1      16 240
14  80  70  75   1   0  10 0.12    M    M  2.8 12  70   M    M   9 18     14  60
15  84  69  77   3   0  12 0.00    M    M  6.3 14 140   M    M   4 1      21 100
16  84  69  77   3   0  12 0.00    M    M  5.6 13 130   M    M   8        16 130
17  87  73  80   6   0  15 0.00    M    M  4.0 13 160   M    M   6 1      17 150
18  89  71  80   6   0  15    T    M    M  3.2 18 180   M    M   2 13     22 170
19  92  69  81   7   0  16 0.00    M    M  3.9 14 150   M    M   3 13     19 280
20  88  70  79   5   0  14 0.00    M    M  5.4 13 150   M    M   1 1      16 140
21  89  73  81   8   0  16 0.45    M    M  6.8 15 200   M    M   4 13     20 210
================================================================================
SM 1791 1429         0 252  2.35    M    100.1          M       73
================================================================================
AV 85.3 68.1                               4.8 FASTST   M    M   3    MAX(MPH)
                                 MISC ---->  # 22 160               # 30  150
================================================================================
NOTES:
# LAST OF SEVERAL OCCURRENCES

COLUMN 17 PEAK WIND IN M.P.H.

PRELIMINARY LOCAL CLIMATOLOGICAL DATA (WS FORM: F-6) , PAGE 2

                                          STATION:  TRENTON NJ
                                          MONTH:    AUGUST
                                          YEAR:     2019
                                          LATITUDE:   40 16 N
                                          LONGITUDE:  74 49 W

[TEMPERATURE DATA]      [PRECIPITATION DATA]       SYMBOLS USED IN COLUMN 16

AVERAGE MONTHLY: 76.7   TOTAL FOR MONTH:   2.35    1 = FOG OR MIST
DPTR FM NORMAL:   2.0   DPTR FM NORMAL:   -0.57    2 = FOG REDUCING VISIBILITY
HIGHEST:    92 ON 19    GRTST 24HR  1.70 ON  7- 7      TO 1/4 MILE OR LESS
LOWEST:     58 ON 11                               3 = THUNDER
                        SNOW, ICE PELLETS, HAIL    4 = ICE PELLETS
                        TOTAL MONTH:    M          5 = HAIL
                        GRTST 24HR    M  ON   M    6 = FREEZING RAIN OR DRIZZLE
                        GRTST DEPTH:  M  ON   M    7 = DUSTSTORM OR SANDSTORM:
                                                       VSBY 1/2 MILE OR LESS
                                                   8 = SMOKE OR HAZE
[NO. OF DAYS WITH]      [WEATHER - DAYS WITH]      9 = BLOWING SNOW
                                                   X = TORNADO
MAX 32 OR BELOW:   0    0.01 INCH OR MORE:   5
MAX 90 OR ABOVE:   1    0.10 INCH OR MORE:   3
MIN 32 OR BELOW:   0    0.50 INCH OR MORE:   1
MIN  0 OR BELOW:   0    1.00 INCH OR MORE:   1

[HDD (BASE 65) ]
TOTAL THIS MO.     0    CLEAR  (SCALE 0-3)  12
DPTR FM NORMAL     0    PTCLDY (SCALE 4-7)   7
TOTAL FM JUL 1     0    CLOUDY (SCALE 8-10)  2
DPTR FM NORMAL     0

[CDD (BASE 65) ]
TOTAL THIS MO.   252
DPTR FM NORMAL    49    [PRESSURE DATA]
TOTAL FM JAN 1   942    HIGHEST SLP M ON M
DPTR FM NORMAL   162    LOWEST  SLP 29.71 ON  8

[REMARKS]
