000
CXUS51 KPHI 240800
CF6TTN
PRELIMINARY LOCAL CLIMATOLOGICAL DATA (WS FORM: F-6)

                                          STATION:   TRENTON NJ
                                          MONTH:     APRIL
                                          YEAR:      2019
                                          LATITUDE:   40 16 N
                                          LONGITUDE:  74 49 W

  TEMPERATURE IN F:       :PCPN:    SNOW:  WIND      :SUNSHINE: SKY     :PK WND
================================================================================
1   2   3   4   5  6A  6B    7    8   9   10  11  12  13   14  15   16   17  18
                                     12Z  AVG MX 2MIN
DY MAX MIN AVG DEP HDD CDD  WTR  SNW DPTH SPD SPD DIR MIN PSBL S-S WX    SPD DR
================================================================================

 1  47  30  39  -7  26   0 0.00    M    M  9.0 23 300   M    M   0        29 290
 2  52  28  40  -7  25   0 0.00    M    M  7.2 18 140   M    M   2        26 140
 3  66  36  51   4  14   0 0.00    M    M 12.2 28 300   M    M   0        39 270
 4  62  37  50   3  15   0 0.00    M    M  6.9 17 310   M    M   1        24 290
 5  45  38  42  -6  23   0 0.17    M    M  9.2 18  60   M    M   9 1      24  60
 6  66  39  53   5  12   0    T    M    M  4.3 13 320   M    M   5 1      18 320
 7  69  41  55   7  10   0 0.06    M    M  6.5 16 180   M    M   2 1      22 170
 8  79  52  66  17   0   1 0.19    M    M  6.7 20 260   M    M   5 1      25 250
 9  68  44  56   7   9   0 0.09    M    M  8.6 22 350   M    M   3 13     26 350
10  60  41  51   2  14   0 0.00    M    M  8.0 18 350   M    M   2        26 340
11  52  38  45  -5  20   0 0.00    M    M  7.3 14  70   M    M   7        17  70
12  74  45  60  10   5   0 0.40    M    M  9.3 24 170   M    M   9 1      34 200
13  77  60  69  19   0   4 0.01    M    M  8.1 17 190   M    M   4 1      22 200
14  70  57  64  13   1   0 0.01    M    M  6.5 21 170   M    M   8 12     27 160
15  70  44  57   6   8   0 0.92    M    M 14.3 30 260   M    M   8 13     45 270
16  64  37  51   0  14   0 0.00    M    M  9.4 22 290   M    M   3        30 270
17  61  49  55   3  10   0    T    M    M  8.1 16 140   M    M  10        23 100
18  79  50  65  13   0   0 0.00    M    M  9.8 23 210   M    M   5        30 200
19  76  63  70  18   0   5 0.36    M    M 14.3 26 190   M    M   7 1      37 190
20  72  53  63  10   2   0 0.74    M    M 11.5 25 170   M    M   6 13     34 170
21  67  50  59   6   6   0 0.00    M    M  3.9 12 270   M    M   7        17 270
22  64  51  58   5   7   0 0.01    M    M  7.1 20 340   M    M   6        26 330
23  78  49  64  10   1   0 0.01    M    M  6.6 15 210   M    M   1        20 210
================================================================================
SM 1518 1032       222  10  2.97    M    194.8          M      110
================================================================================
AV 66.0 44.9                               8.5 FASTST   M    M   5    MAX(MPH)
                                 MISC ---->  # 30 260               # 45  270
================================================================================
NOTES:
# LAST OF SEVERAL OCCURRENCES

COLUMN 17 PEAK WIND IN M.P.H.

PRELIMINARY LOCAL CLIMATOLOGICAL DATA (WS FORM: F-6) , PAGE 2

                                          STATION:  TRENTON NJ
                                          MONTH:    APRIL
                                          YEAR:     2019
                                          LATITUDE:   40 16 N
                                          LONGITUDE:  74 49 W

[TEMPERATURE DATA]      [PRECIPITATION DATA]       SYMBOLS USED IN COLUMN 16

AVERAGE MONTHLY: 55.4   TOTAL FOR MONTH:   2.97    1 = FOG OR MIST
DPTR FM NORMAL:   5.4   DPTR FM NORMAL:    0.10    2 = FOG REDUCING VISIBILITY
HIGHEST:    79 ON 18, 8 GRTST 24HR  0.92 ON 15-15      TO 1/4 MILE OR LESS
LOWEST:     28 ON  2                               3 = THUNDER
                        SNOW, ICE PELLETS, HAIL    4 = ICE PELLETS
                        TOTAL MONTH:    M          5 = HAIL
                        GRTST 24HR    M  ON   M    6 = FREEZING RAIN OR DRIZZLE
                        GRTST DEPTH:  M  ON   M    7 = DUSTSTORM OR SANDSTORM:
                                                       VSBY 1/2 MILE OR LESS
                                                   8 = SMOKE OR HAZE
[NO. OF DAYS WITH]      [WEATHER - DAYS WITH]      9 = BLOWING SNOW
                                                   X = TORNADO
MAX 32 OR BELOW:   0    0.01 INCH OR MORE:  12
MAX 90 OR ABOVE:   0    0.10 INCH OR MORE:   6
MIN 32 OR BELOW:   2    0.50 INCH OR MORE:   2
MIN  0 OR BELOW:   0    1.00 INCH OR MORE:   0

[HDD (BASE 65) ]
TOTAL THIS MO.   222    CLEAR  (SCALE 0-3)   8
DPTR FM NORMAL  -125    PTCLDY (SCALE 4-7)  12
TOTAL FM JUL 1  4553    CLOUDY (SCALE 8-10)  3
DPTR FM NORMAL  -340

[CDD (BASE 65) ]
TOTAL THIS MO.    10
DPTR FM NORMAL    10    [PRESSURE DATA]
TOTAL FM JAN 1    10    HIGHEST SLP M ON M
DPTR FM NORMAL    10    LOWEST  SLP 29.37 ON 15

[REMARKS]
