000
CXUS51 KPHI 200800
CF6TTN
PRELIMINARY LOCAL CLIMATOLOGICAL DATA (WS FORM: F-6)

                                          STATION:   TRENTON NJ
                                          MONTH:     FEBRUARY
                                          YEAR:      2019
                                          LATITUDE:   40 16 N
                                          LONGITUDE:  74 49 W

  TEMPERATURE IN F:       :PCPN:    SNOW:  WIND      :SUNSHINE: SKY     :PK WND
================================================================================
1   2   3   4   5  6A  6B    7    8   9   10  11  12  13   14  15   16   17  18
                                     12Z  AVG MX 2MIN
DY MAX MIN AVG DEP HDD CDD  WTR  SNW DPTH SPD SPD DIR MIN PSBL S-S WX    SPD DR
================================================================================

 1  18   7  13 -19  52   0    T    M    M  2.4  8 290   M    M   5 8      10 240
 2  33  10  22 -10  43   0 0.00    M    M  6.7 15 210   M    M   0 18     18 210
 3  51  22  37   5  28   0 0.00    M    M  2.6  9 200   M    M   0 18     11 170
 4  60  29  45  13  20   0 0.00    M    M  2.2  9 170   M    M   0 18     11 180
 5  70  33  52  20  13   0 0.00    M    M  4.8 16 310   M    M   1 18     20 350
 6  53  35  44  12  21   0 0.36    M    M  6.1 13 130   M    M   5 1      17 140
 7  48  42  45  12  20   0 0.03    M    M  6.5 13 110   M    M  10 18     17 120
 8  57  33  45  12  20   0 0.13    M    M 10.5 29 290   M    M   6 18     43 290
 9  36  25  31  -2  34   0 0.00  0.0    0 11.2 30 340   M    M   0        36 350
10  39  21  30  -3  35   0    T    M    M  4.2 14 210   M    M   2 8      18 200
11  36  31  34   1  31   0 0.04    M    M  3.2 13  70   M    M   9 8      15  50
12  37  32  35   2  30   0 0.71    M    M 11.2 21  90   M    M  10 1468   26  90
13  43  33  38   4  27   0 0.13    M    M 10.3 29 250   M    M   7 1      39 260
14  48  32  40   6  25   0 0.00    M    M  6.9 16 280   M    M   3        23 270
15  64  40  52  18  13   0    T    M    M 10.6 22 210   M    M   5        28 200
16  50  30  40   6  25   0 0.00    M    M  9.0 16 340   M    M   1        22 330
17  40  24  32  -2  33   0 0.09    M    M  5.7 16 130   M    M   3 1      21 130
18  47  29  38   4  27   0 0.04    M    M  9.4 23 300   M    M   8 1      39 320
19  39  25  32  -3  33   0 0.00    M    M  8.0 16 330   M    M   0        23 330
================================================================================
SM  869  533       530   0  1.53     0.0 131.5          M       75
================================================================================
AV 45.7 28.1                               6.9 FASTST   M    M   4    MAX(MPH)
                                 MISC ---->  # 30 340               # 43  290
================================================================================
NOTES:
# LAST OF SEVERAL OCCURRENCES

COLUMN 17 PEAK WIND IN M.P.H.

PRELIMINARY LOCAL CLIMATOLOGICAL DATA (WS FORM: F-6) , PAGE 2

                                          STATION:  TRENTON NJ
                                          MONTH:    FEBRUARY
                                          YEAR:     2019
                                          LATITUDE:   40 16 N
                                          LONGITUDE:  74 49 W

[TEMPERATURE DATA]      [PRECIPITATION DATA]       SYMBOLS USED IN COLUMN 16

AVERAGE MONTHLY: 36.9   TOTAL FOR MONTH:   1.53    1 = FOG OR MIST
DPTR FM NORMAL:   3.8   DPTR FM NORMAL:    0.04    2 = FOG REDUCING VISIBILITY
HIGHEST:    70 ON  5    GRTST 24HR  0.71 ON 12-12      TO 1/4 MILE OR LESS
LOWEST:      7 ON  1                               3 = THUNDER
                        SNOW, ICE PELLETS, HAIL    4 = ICE PELLETS
                        TOTAL MONTH:   0.0 INCH    5 = HAIL
                        GRTST 24HR     0.0         6 = FREEZING RAIN OR DRIZZLE
                        GRTST DEPTH:   0           7 = DUSTSTORM OR SANDSTORM:
                                                       VSBY 1/2 MILE OR LESS
                                                   8 = SMOKE OR HAZE
[NO. OF DAYS WITH]      [WEATHER - DAYS WITH]      9 = BLOWING SNOW
                                                   X = TORNADO
MAX 32 OR BELOW:   1    0.01 INCH OR MORE:   8
MAX 90 OR ABOVE:   0    0.10 INCH OR MORE:   4
MIN 32 OR BELOW:  13    0.50 INCH OR MORE:   1
MIN  0 OR BELOW:   0    1.00 INCH OR MORE:   0

[HDD (BASE 65) ]
TOTAL THIS MO.   530    CLEAR  (SCALE 0-3)   9
DPTR FM NORMAL   -75    PTCLDY (SCALE 4-7)   7
TOTAL FM JUL 1  3331    CLOUDY (SCALE 8-10)  3
DPTR FM NORMAL  -220

[CDD (BASE 65) ]
TOTAL THIS MO.     0
DPTR FM NORMAL     0    [PRESSURE DATA]
TOTAL FM JAN 1     0    HIGHEST SLP M ON M
DPTR FM NORMAL     0    LOWEST  SLP 29.57 ON 13

[REMARKS]
