000
CXUS54 KTSA 190940
CF6TUL
PRELIMINARY LOCAL CLIMATOLOGICAL DATA (WS FORM: F-6)

                                          STATION:   TULSA OKLAHOMA
                                          MONTH:     FEBRUARY
                                          YEAR:      2019
                                          LATITUDE:   36 12 N
                                          LONGITUDE:  95 54 W

  TEMPERATURE IN F:       :PCPN:    SNOW:  WIND      :SUNSHINE: SKY     :PK WND
================================================================================
1   2   3   4   5  6A  6B    7    8   9   10  11  12  13   14  15   16   17  18
                                     12Z  AVG MX 2MIN
DY MAX MIN AVG DEP HDD CDD  WTR  SNW DPTH SPD SPD DIR MIN PSBL S-S WX    SPD DR
================================================================================

 1  54  30  42   3  23   0 0.00  0.0    0  4.1 10 170   M    M   9 1      13 150
 2  64  49  57  18   8   0 0.00  0.0    0 11.3 22 190   M    M   9 1      30 180
 3  69  57  63  24   2   0 0.00  0.0    0 17.9 29 170   M    M   8        38 180
 4  64  39  52  12  13   0 0.00  0.0    0 12.8 23 180   M    M   6        27 170
 5  40  34  37  -3  28   0 0.02  0.0    0  8.7 15 330   M    M  10 1      16 330
 6  38  33  36  -4  29   0 0.07  0.0    0  8.5 26 330   M    M  10 123    34 320
 7  36  15  26 -14  39   0 0.17    T    0 14.9 28 320   M    M   8 136    35 320
 8  30  12  21 -19  44   0 0.00  0.0    0  6.2 14  10   M    M   5        19 360
 9  40  16  28 -13  37   0 0.00  0.0    0  6.1 14 150   M    M   8        18 160
10  44  34  39  -2  26   0 0.01  0.0    0  9.7 18 170   M    M  10 1      23 170
11  51  40  46   5  19   0 0.54  0.0    0  7.8 23 350   M    M  10 123    30 360
12  52  33  43   2  22   0 0.03  0.0    0 11.8 26 320   M    M   4        36 310
13  63  33  48   6  17   0 0.00  0.0    0 16.2 36 190   M    M   6        44 190
14  66  34  50   8  15   0 0.00  0.0    0 13.2 26 170   M    M   9        34 170
15  34  23  29 -13  36   0 0.01  0.0    0 13.6 22 340   M    M  10 16     27  40
16  36  23  30 -12  35   0 0.01  0.0    0  6.7 15  10   M    M  10 16     19  10
17  45  25  35  -8  30   0    T  0.0    0 11.7 20 320   M    M   3 16     24 340
18  38  20  29 -14  36   0 0.00  0.0    0 11.5 17  40   M    M   6        22  40
================================================================================
SM  864  550       459   0  0.86    T    192.7          M      141
================================================================================
AV 48.0 30.6                              10.7 FASTST   M    M   8    MAX(MPH)
                                 MISC ---->  # 36 190               # 44  190
================================================================================
NOTES:
# LAST OF SEVERAL OCCURRENCES

COLUMN 17 PEAK WIND IN M.P.H.

PRELIMINARY LOCAL CLIMATOLOGICAL DATA (WS FORM: F-6) , PAGE 2

                                          STATION:  TULSA OKLAHOMA
                                          MONTH:    FEBRUARY
                                          YEAR:     2019
                                          LATITUDE:   36 12 N
                                          LONGITUDE:  95 54 W

[TEMPERATURE DATA]      [PRECIPITATION DATA]       SYMBOLS USED IN COLUMN 16

AVERAGE MONTHLY: 39.3   TOTAL FOR MONTH:   0.86    1 = FOG OR MIST
DPTR FM NORMAL:  -1.6   DPTR FM NORMAL:   -0.23    2 = FOG REDUCING VISIBILITY
HIGHEST:    69 ON  3    GRTST 24HR  0.54 ON 11-11      TO 1/4 MILE OR LESS
LOWEST:     12 ON  8                               3 = THUNDER
                        SNOW, ICE PELLETS, HAIL    4 = ICE PELLETS
                        TOTAL MONTH:    T          5 = HAIL
                        GRTST 24HR    T  ON  7- 7  6 = FREEZING RAIN OR DRIZZLE
                        GRTST DEPTH:   0           7 = DUSTSTORM OR SANDSTORM:
                                                       VSBY 1/2 MILE OR LESS
                                                   8 = SMOKE OR HAZE
[NO. OF DAYS WITH]      [WEATHER - DAYS WITH]      9 = BLOWING SNOW
                                                   X = TORNADO
MAX 32 OR BELOW:   1    0.01 INCH OR MORE:   8
MAX 90 OR ABOVE:   0    0.10 INCH OR MORE:   2
MIN 32 OR BELOW:   8    0.50 INCH OR MORE:   1
MIN  0 OR BELOW:   0    1.00 INCH OR MORE:   0

[HDD (BASE 65) ]
TOTAL THIS MO.   459    CLEAR  (SCALE 0-3)   0
DPTR FM NORMAL    24    PTCLDY (SCALE 4-7)   8
TOTAL FM JUL 1  2812    CLOUDY (SCALE 8-10) 10
DPTR FM NORMAL   104

[CDD (BASE 65) ]
TOTAL THIS MO.     0
DPTR FM NORMAL     0    [PRESSURE DATA]
TOTAL FM JAN 1     0    HIGHEST SLP M ON M
DPTR FM NORMAL     0    LOWEST  SLP 29.53 ON 14

[REMARKS]
