000
CXUS54 KTSA 200840
CF6TUL
PRELIMINARY LOCAL CLIMATOLOGICAL DATA (WS FORM: F-6)

                                          STATION:   TULSA OKLAHOMA
                                          MONTH:     APRIL
                                          YEAR:      2019
                                          LATITUDE:   36 12 N
                                          LONGITUDE:  95 54 W

  TEMPERATURE IN F:       :PCPN:    SNOW:  WIND      :SUNSHINE: SKY     :PK WND
================================================================================
1   2   3   4   5  6A  6B    7    8   9   10  11  12  13   14  15   16   17  18
                                     12Z  AVG MX 2MIN
DY MAX MIN AVG DEP HDD CDD  WTR  SNW DPTH SPD SPD DIR MIN PSBL S-S WX    SPD DR
================================================================================

 1  56  36  46 -10  19   0 0.00  0.0    0  3.7 12 160   M    M   7        15 150
 2  71  42  57   1   8   0 0.00  0.0    0 11.3 18 170   M    M   5        24 190
 3  72  47  60   3   5   0 0.01  0.0    0 13.6 28 150   M    M   9        35 150
 4  70  50  60   3   5   0 0.46  0.0    0  5.8 20 140   M    M   7 13     25 130
 5  74  44  59   2   6   0 0.00  0.0    0  4.3 10 130   M    M   7 12     15 140
 6  72  56  64   6   1   0 0.00  0.0    0 10.9 22 120   M    M   9        27 160
 7  80  59  70  12   0   5 0.00  0.0    0  7.5 17 180   M    M   9        21 180
 8  82  56  69  11   0   4 0.00  0.0    0  5.7 16 320   M    M   6        21 320
 9  87  52  70  11   0   5 0.00  0.0    0  6.2 16 170   M    M   6        21 150
10  89  67  78  19   0  13 0.00  0.0    0 21.5 36 170   M    M   8        48 180
11  78  42  60   1   5   0 0.00  0.0    0 16.4 31 200   M    M   4        46 190
12  60  36  48 -12  17   0 0.00  0.0    0  5.2 13 340   M    M   6        16 350
13  53  43  48 -12  17   0 1.59  0.0    0 15.3 30  10   M    M  10 1      43  10
14  65  42  54  -6  11   0 0.06  0.0    0 10.8 24  10   M    M   5 1      32  20
15  80  49  65   5   0   0 0.00  0.0    0 19.5 30 180   M    M   3        39 180
16  77  62  70   9   0   5 0.00  0.0    0 16.9 25 180   M    M   8        33 170
17  77  61  69   8   0   4    T  0.0    0 15.5 35 280   M    M   9        45 270
18  69  54  62   1   3   0 0.01  0.0    0 15.8 29 360   M    M   8        37 350
19  68  49  59  -3   6   0 0.00  0.0    0 12.4 25 350   M    M   3        31 310
================================================================================
SM 1380  947       103  36  2.13     0.0 218.3          M      129
================================================================================
AV 72.6 49.8                              11.5 FASTST   M    M   7    MAX(MPH)
                                 MISC ---->  # 36 170               # 48  180
================================================================================
NOTES:
# LAST OF SEVERAL OCCURRENCES

COLUMN 17 PEAK WIND IN M.P.H.

PRELIMINARY LOCAL CLIMATOLOGICAL DATA (WS FORM: F-6) , PAGE 2

                                          STATION:  TULSA OKLAHOMA
                                          MONTH:    APRIL
                                          YEAR:     2019
                                          LATITUDE:   36 12 N
                                          LONGITUDE:  95 54 W

[TEMPERATURE DATA]      [PRECIPITATION DATA]       SYMBOLS USED IN COLUMN 16

AVERAGE MONTHLY: 61.2   TOTAL FOR MONTH:   2.13    1 = FOG OR MIST
DPTR FM NORMAL:   2.3   DPTR FM NORMAL:   -0.01    2 = FOG REDUCING VISIBILITY
HIGHEST:    89 ON 10    GRTST 24HR  1.59 ON 13-13      TO 1/4 MILE OR LESS
LOWEST:     36 ON 12, 1                            3 = THUNDER
                        SNOW, ICE PELLETS, HAIL    4 = ICE PELLETS
                        TOTAL MONTH:   0.0 INCH    5 = HAIL
                        GRTST 24HR     0.0         6 = FREEZING RAIN OR DRIZZLE
                        GRTST DEPTH:   0           7 = DUSTSTORM OR SANDSTORM:
                                                       VSBY 1/2 MILE OR LESS
                                                   8 = SMOKE OR HAZE
[NO. OF DAYS WITH]      [WEATHER - DAYS WITH]      9 = BLOWING SNOW
                                                   X = TORNADO
MAX 32 OR BELOW:   0    0.01 INCH OR MORE:   5
MAX 90 OR ABOVE:   0    0.10 INCH OR MORE:   2
MIN 32 OR BELOW:   0    0.50 INCH OR MORE:   1
MIN  0 OR BELOW:   0    1.00 INCH OR MORE:   1

[HDD (BASE 65) ]
TOTAL THIS MO.   103    CLEAR  (SCALE 0-3)   1
DPTR FM NORMAL   -40    PTCLDY (SCALE 4-7)  12
TOTAL FM JUL 1  3682    CLOUDY (SCALE 8-10)  6
DPTR FM NORMAL   190

[CDD (BASE 65) ]
TOTAL THIS MO.    36
DPTR FM NORMAL     9    [PRESSURE DATA]
TOTAL FM JAN 1    39    HIGHEST SLP M ON M
DPTR FM NORMAL     0    LOWEST  SLP 29.27 ON 10

[REMARKS]
