000
CXUS55 KTWC 240855
CF6TUS
PRELIMINARY LOCAL CLIMATOLOGICAL DATA (WS FORM: F-6)

                                          STATION:   TUCSON AZ
                                          MONTH:     AUGUST
                                          YEAR:      2019
                                          LATITUDE:   32  7 N
                                          LONGITUDE: 110 56 W

  TEMPERATURE IN F:       :PCPN:    SNOW:  WIND      :SUNSHINE: SKY     :PK WND
================================================================================
1   2   3   4   5  6A  6B    7    8   9   10  11  12  13   14  15   16   17  18
                                     12Z  AVG MX 2MIN
DY MAX MIN AVG DEP HDD CDD  WTR  SNW DPTH SPD SPD DIR MIN PSBL S-S WX    SPD DR
================================================================================

 1  99  74  87   1   0  22 0.01  0.0    0  7.5 25 140   M    M   M 3      33 130
 2 102  79  91   5   0  26 0.00  0.0    M  5.1 13 150   M    M   M        20 170
 3 104  80  92   6   0  27 0.00  0.0    0  6.8 23 160   M    M   M        33 170
 4 107  81  94   8   0  29 0.00  0.0    0  7.9 21 320   M    M   M        28 320
 5 109  73  91   5   0  26 0.23  0.0    M  7.3 31 180   M    M   M 13     42 170
 6 100  78  89   3   0  24    T  0.0    M  7.4 23 200   M    M   M 3      32 180
 7 100  78  89   3   0  24 0.00  0.0    M  7.6 20 340   M    M   M        27 340
 8 100  79  90   5   0  25 0.00  0.0    M  7.1 23 250   M    M   M 3      33 270
 9  97  80  89   4   0  24 0.00  0.0    M  6.3 15 180   M    M   M        20 180
10  89  72  81  -4   0  16 0.90  0.0    M  7.5 24  90   M    M   M 138    34  80
11  96  71  84  -1   0  19 0.01  0.0    M  4.3 12 260   M    M   M        19 210
12  99  76  88   3   0  23 0.00  0.0    0  4.3 12 240   M    M   M        18 210
13 104  75  90   5   0  25 0.00  0.0    0  5.0 14 330   M    M   M        20 340
14 107  75  91   6   0  26 0.00  0.0    0  6.2 15 340   M    M   M        20 280
15 108  76  92   7   0  27 0.00  0.0    0  7.4 15 300   M    M   M        27 330
16 105  79  92   7   0  27 0.00  0.0    0  7.8 20 190   M    M   M 3      26 250
17 102  78  90   5   0  25 0.00  0.0    0  7.4 17 240   M    M   M        23 240
18 102  79  91   6   0  26 0.00  0.0    0  6.5 13 320   M    M   M        18 180
19 105  79  92   7   0  27 0.00  0.0    M  5.1 14 330   M    M   M        19 350
20 109  74  92   7   0  27 0.00  0.0    M  5.3 15 330   M    M   M        20 340
21 110  78  94   9   0  29 0.00  0.0    M  6.7 22 200   M    M   M        29 300
22 105  76  91   6   0  26    T  0.0    M 10.3 26 200   M    M   M 3      36 200
23  98  76  87   2   0  22 0.00  0.0    M  9.0 30 200   M    M   M        38 200
================================================================================
SM 2357 1766         0 572  1.15     0.0 155.8          M        M
================================================================================
AV102.5 76.8                               6.8 FASTST   M    M   0    MAX(MPH)
                                 MISC ---->  # 31 180               # 42  170
================================================================================
NOTES:
# LAST OF SEVERAL OCCURRENCES

COLUMN 17 PEAK WIND IN M.P.H.

PRELIMINARY LOCAL CLIMATOLOGICAL DATA (WS FORM: F-6) , PAGE 2

                                          STATION:  TUCSON AZ
                                          MONTH:    AUGUST
                                          YEAR:     2019
                                          LATITUDE:   32  7 N
                                          LONGITUDE: 110 56 W

[TEMPERATURE DATA]      [PRECIPITATION DATA]       SYMBOLS USED IN COLUMN 16

AVERAGE MONTHLY: 89.6   TOTAL FOR MONTH:   1.15    1 = FOG OR MIST
DPTR FM NORMAL:   4.3   DPTR FM NORMAL:   -0.70    2 = FOG REDUCING VISIBILITY
HIGHEST:   110 ON 21    GRTST 24HR  0.90 ON 10-10      TO 1/4 MILE OR LESS
LOWEST:     71 ON 11                               3 = THUNDER
                        SNOW, ICE PELLETS, HAIL    4 = ICE PELLETS
                        TOTAL MONTH:   0.0 INCH    5 = HAIL
                        GRTST 24HR     0.0         6 = FREEZING RAIN OR DRIZZLE
                        GRTST DEPTH:   0           7 = DUSTSTORM OR SANDSTORM:
                                                       VSBY 1/2 MILE OR LESS
                                                   8 = SMOKE OR HAZE
[NO. OF DAYS WITH]      [WEATHER - DAYS WITH]      9 = BLOWING SNOW
                                                   X = TORNADO
MAX 32 OR BELOW:   0    0.01 INCH OR MORE:   4
MAX 90 OR ABOVE:  22    0.10 INCH OR MORE:   2
MIN 32 OR BELOW:   0    0.50 INCH OR MORE:   1
MIN  0 OR BELOW:   0    1.00 INCH OR MORE:   0

[HDD (BASE 65) ]
TOTAL THIS MO.     0    CLEAR  (SCALE 0-3)   0
DPTR FM NORMAL     0    PTCLDY (SCALE 4-7)   0
TOTAL FM JUL 1     0    CLOUDY (SCALE 8-10)  0
DPTR FM NORMAL     0

[CDD (BASE 65) ]
TOTAL THIS MO.   572
DPTR FM NORMAL   106    [PRESSURE DATA]
TOTAL FM JAN 1  2349    HIGHEST SLP M ON M
DPTR FM NORMAL   104    LOWEST  SLP 29.61 ON 22

[REMARKS]
