000
CXUS55 KTWC 200855
CF6TUS
PRELIMINARY LOCAL CLIMATOLOGICAL DATA (WS FORM: F-6)

                                          STATION:   TUCSON AZ
                                          MONTH:     FEBRUARY
                                          YEAR:      2019
                                          LATITUDE:   32  7 N
                                          LONGITUDE: 110 56 W

  TEMPERATURE IN F:       :PCPN:    SNOW:  WIND      :SUNSHINE: SKY     :PK WND
================================================================================
1   2   3   4   5  6A  6B    7    8   9   10  11  12  13   14  15   16   17  18
                                     12Z  AVG MX 2MIN
DY MAX MIN AVG DEP HDD CDD  WTR  SNW DPTH SPD SPD DIR MIN PSBL S-S WX    SPD DR
================================================================================

 1  71  49  60   6   5   0    T    M    M  2.7 12 240   M    M   M        17 190
 2  70  49  60   6   5   0 0.00  0.0    M  8.0 17 230   M    M   M        30 250
 3  62  54  58   4   7   0 0.37  0.0    M  7.5 17 200   M    M   M 1      25 200
 4  67  54  61   7   4   0 0.16  0.0    M  8.6 26 220   M    M   M 1      39 250
 5  63  52  58   4   7   0 0.00  0.0    M  9.6 21 220   M    M   M        35 240
 6  54  38  46  -8  19   0 0.14    M    M  9.5 22 280   M    M   M 1      29 280
 7  55  29  42 -12  23   0 0.00  0.0    M  5.4 13 340   M    M   M        20 340
 8  70  31  51  -3  14   0 0.00  0.0    M  6.8 15 140   M    M   M        22 170
 9  65  37  51  -4  14   0 0.00  0.0    M  8.1 22 210   M    M   M        32 210
10  65  42  54  -1  11   0 0.00  0.0    M  6.8 23 250   M    M   M        36 260
11  55  34  45 -10  20   0 0.00  0.0    M  5.9 17 350   M    M   M        24 350
12  72  29  51  -4  14   0 0.00  0.0    M  7.6 23 130   M    M   M        30 130
13  74  42  58   3   7   0 0.00  0.0    M  6.3 16 140   M    M   M        21 150
14  72  50  61   6   4   0 0.16  0.0    M  8.1 22 230   M    M   M 1      33 230
15  68  54  61   6   4   0 0.00  0.0    M  5.8 15 340   M    M   M        29 350
16  59  44  52  -3  13   0 0.00  0.0    M  8.7 18 300   M    M   M        30 270
17  56  34  45 -11  20   0 0.00  0.0    M  8.1 20 260   M    M   M        27 290
18  54  35  45 -11  20   0 0.09    M    M  8.0 21 210   M    M   M 1      27 200
19  51  36  44 -12  21   0 0.00  0.0    M  7.0 18 300   M    M   M        28 270
================================================================================
SM 1203  793       232   0  0.92     0.0 138.5          M        M
================================================================================
AV 63.3 41.7                               7.3 FASTST   M    M   0    MAX(MPH)
                                 MISC ---->  # 26 220               # 39  250
================================================================================
NOTES:
# LAST OF SEVERAL OCCURRENCES

COLUMN 17 PEAK WIND IN M.P.H.

PRELIMINARY LOCAL CLIMATOLOGICAL DATA (WS FORM: F-6) , PAGE 2

                                          STATION:  TUCSON AZ
                                          MONTH:    FEBRUARY
                                          YEAR:     2019
                                          LATITUDE:   32  7 N
                                          LONGITUDE: 110 56 W

[TEMPERATURE DATA]      [PRECIPITATION DATA]       SYMBOLS USED IN COLUMN 16

AVERAGE MONTHLY: 52.5   TOTAL FOR MONTH:   0.92    1 = FOG OR MIST
DPTR FM NORMAL:  -2.2   DPTR FM NORMAL:    0.32    2 = FOG REDUCING VISIBILITY
HIGHEST:    74 ON 13    GRTST 24HR  0.37 ON  3- 3      TO 1/4 MILE OR LESS
LOWEST:     29 ON 12, 7                            3 = THUNDER
                        SNOW, ICE PELLETS, HAIL    4 = ICE PELLETS
                        TOTAL MONTH:   0.0 INCH    5 = HAIL
                        GRTST 24HR     0.0         6 = FREEZING RAIN OR DRIZZLE
                        GRTST DEPTH:  M  ON   M    7 = DUSTSTORM OR SANDSTORM:
                                                       VSBY 1/2 MILE OR LESS
                                                   8 = SMOKE OR HAZE
[NO. OF DAYS WITH]      [WEATHER - DAYS WITH]      9 = BLOWING SNOW
                                                   X = TORNADO
MAX 32 OR BELOW:   0    0.01 INCH OR MORE:   5
MAX 90 OR ABOVE:   0    0.10 INCH OR MORE:   4
MIN 32 OR BELOW:   3    0.50 INCH OR MORE:   0
MIN  0 OR BELOW:   0    1.00 INCH OR MORE:   0

[HDD (BASE 65) ]
TOTAL THIS MO.   232    CLEAR  (SCALE 0-3)   0
DPTR FM NORMAL    36    PTCLDY (SCALE 4-7)   0
TOTAL FM JUL 1  1138    CLOUDY (SCALE 8-10)  0
DPTR FM NORMAL   -52

[CDD (BASE 65) ]
TOTAL THIS MO.     0
DPTR FM NORMAL     0    [PRESSURE DATA]
TOTAL FM JAN 1     0    HIGHEST SLP M ON M
DPTR FM NORMAL    -1    LOWEST  SLP 29.79 ON  5

[REMARKS]
