000
CXUS53 KAPX 180631
CF6TVC
PRELIMINARY LOCAL CLIMATOLOGICAL DATA (WS FORM: F-6)

                                          STATION:   TRAVERSE CITY MI
                                          MONTH:     APRIL
                                          YEAR:      2019
                                          LATITUDE:   44 44 N
                                          LONGITUDE:  85 34 W

  TEMPERATURE IN F:       :PCPN:    SNOW:  WIND      :SUNSHINE: SKY     :PK WND
================================================================================
1   2   3   4   5  6A  6B    7    8   9   10  11  12  13   14  15   16   17  18
                                     12Z  AVG MX 2MIN
DY MAX MIN AVG DEP HDD CDD  WTR  SNW DPTH SPD SPD DIR MIN PSBL S-S WX    SPD DR
================================================================================

 1  43  18  31  -6  34   0    T    M    M  6.9 18 200   M    M   5 1      29 180
 2  43  35  39   1  26   0 0.17    M    M  8.5 18 300   M    M  10 13     26 230
 3  43  30  37  -1  28   0 0.06    M    M 13.4 26 270   M    M   6 13     38 280
 4  44  22  33  -5  32   0 0.00    M    M  4.2 14  20   M    M   5        19  10
 5  46  33  40   1  25   0 0.05    M    M  3.4 10 260   M    M   9 168    16 180
 6  51  38  45   6  20   0 0.08    M    M  1.6  9  50   M    M  10 12     12  60
 7  71  39  55  15  10   0 0.23    M    M  5.4 14 190   M    M   9 1      20 150
 8  63  43  53  13  12   0 0.07    M    M  7.6 18 270   M    M   8 18     25 270
 9  48  34  41   1  24   0 0.01    M    M 10.9 20 310   M    M  10 1      26 300
10  43  34  39  -2  26   0 0.01    M    M  8.9 14  60   M    M   9 1      24  50
11  38  30  34  -7  31   0 0.17    M    M 13.6 25 100   M    M   9 1346   35  90
12  52  34  43   1  22   0 0.27    M    M 13.3 26 240   M    M   9 13     44 240
13  42  37  40  -2  25   0 0.00    M    M 12.5 25 250   M    M  10        37 200
14  39  33  36  -6  29   0 0.17    M    M  9.6 18  60   M    M   9 18     25  50
15  50  30  40  -3  25   0    T    M    M  5.8 13 270   M    M   4        17 350
16  53  34  44   1  21   0    T    M    M  4.5 14  20   M    M   8 8      21 160
17  58  34  46   2  19   0 0.72    M    M  7.5 18 110   M    M   8 13     33 150
================================================================================
SM  827  558       409   0  2.01    M    137.6          M      138
================================================================================
AV 48.7 32.8                               8.1 FASTST   M    M   8    MAX(MPH)
                                 MISC ---->  # 26 270               # 44  240
================================================================================
NOTES:
# LAST OF SEVERAL OCCURRENCES

COLUMN 17 PEAK WIND IN M.P.H.

PRELIMINARY LOCAL CLIMATOLOGICAL DATA (WS FORM: F-6) , PAGE 2

                                          STATION:  TRAVERSE CITY MI
                                          MONTH:    APRIL
                                          YEAR:     2019
                                          LATITUDE:   44 44 N
                                          LONGITUDE:  85 34 W

[TEMPERATURE DATA]      [PRECIPITATION DATA]       SYMBOLS USED IN COLUMN 16

AVERAGE MONTHLY: 40.7   TOTAL FOR MONTH:   2.01    1 = FOG OR MIST
DPTR FM NORMAL:   0.3   DPTR FM NORMAL:    0.41    2 = FOG REDUCING VISIBILITY
HIGHEST:    71 ON  7    GRTST 24HR  0.72 ON 17-17      TO 1/4 MILE OR LESS
LOWEST:     18 ON  1                               3 = THUNDER
                        SNOW, ICE PELLETS, HAIL    4 = ICE PELLETS
                        TOTAL MONTH:    M          5 = HAIL
                        GRTST 24HR    M  ON   M    6 = FREEZING RAIN OR DRIZZLE
                        GRTST DEPTH:  M  ON   M    7 = DUSTSTORM OR SANDSTORM:
                                                       VSBY 1/2 MILE OR LESS
                                                   8 = SMOKE OR HAZE
[NO. OF DAYS WITH]      [WEATHER - DAYS WITH]      9 = BLOWING SNOW
                                                   X = TORNADO
MAX 32 OR BELOW:   0    0.01 INCH OR MORE:  12
MAX 90 OR ABOVE:   0    0.10 INCH OR MORE:   6
MIN 32 OR BELOW:   5    0.50 INCH OR MORE:   1
MIN  0 OR BELOW:   0    1.00 INCH OR MORE:   0

[HDD (BASE 65) ]
TOTAL THIS MO.   409    CLEAR  (SCALE 0-3)   0
DPTR FM NORMAL   -10    PTCLDY (SCALE 4-7)   6
TOTAL FM JUL 1  6705    CLOUDY (SCALE 8-10) 11
DPTR FM NORMAL  -116

[CDD (BASE 65) ]
TOTAL THIS MO.     0
DPTR FM NORMAL     0    [PRESSURE DATA]
TOTAL FM JAN 1     0    HIGHEST SLP M ON M
DPTR FM NORMAL     0    LOWEST  SLP 29.51 ON 12

[REMARKS]
