000
CXUS55 KREV 230837
CF6TVL
PRELIMINARY LOCAL CLIMATOLOGICAL DATA (WS FORM: F-6)

                                          STATION:   SOUTH LAKE TAHOE CA
                                          MONTH:     AUGUST
                                          YEAR:      2019
                                          LATITUDE:   38 53 N
                                          LONGITUDE: 119 60 W

  TEMPERATURE IN F:       :PCPN:    SNOW:  WIND      :SUNSHINE: SKY     :PK WND
================================================================================
1   2   3   4   5  6A  6B    7    8   9   10  11  12  13   14  15   16   17  18
                                     12Z  AVG MX 2MIN
DY MAX MIN AVG DEP HDD CDD  WTR  SNW DPTH SPD SPD DIR MIN PSBL S-S WX    SPD DR
================================================================================

 1  79  40  60  -2   5   0 0.00  0.0    0  4.2 15 190   M    M   0        21 180
 2  80  40  60  -2   5   0 0.00  0.0    0  4.3 13  20   M    M   0        17  30
 3  82  42  62   0   3   0 0.00  0.0    0  5.2 15 190   M    M   0        19 220
 4  82  45  64   2   1   0 0.00  0.0    0  4.0 14 200   M    M   0        20 200
 5  81  41  61  -1   4   0 0.00  0.0    0  5.0 13 180   M    M   0 8      17 190
 6  83  47  65   3   0   0 0.00  0.0    0  3.3 14 190   M    M   1        23 190
 7  82  53  68   6   0   3    T  0.0    0  4.7 17 190   M    M   1        27 190
 8  78  44  61   0   4   0 0.00  0.0    0  5.2 20 190   M    M   0        25 180
 9  72  40  56  -5   9   0 0.00  0.0    0  5.8 18 190   M    M   M        27 190
10  67  39  53  -8  12   0 0.00  0.0    0  7.3 24 180   M    M   M        32 190
11  73  34  54  -7  11   0 0.00  0.0    0  4.5 14  20   M    M   0        19  30
12  77  38  58  -3   7   0 0.00  0.0    0  4.9 16 190   M    M   0        20 190
13  82  42  62   1   3   0 0.00  0.0    0  4.3 15 190   M    M   0        21 190
14  85  41  63   2   2   0 0.00  0.0    0  4.3 13  40   M    M   0        17  30
15  86  43  65   4   0   0 0.00  0.0    0  3.6 14  20   M    M   0        21 210
16  84  42  63   3   2   0 0.00  0.0    0  4.4 15 190   M    M   0        22 180
17  82  42  62   2   3   0 0.00  0.0    0  4.4 15  30   M    M   0        18  30
18  81  43  62   2   3   0 0.00  0.0    0  5.6 17 190   M    M   0        24 190
19  80  43  62   2   3   0 0.00  0.0    0  5.0 17 190   M    M   0        20  40
20  81  44  63   3   2   0 0.00  0.0    0  4.3 15 190   M    M   0        19 220
21  81  39  60   0   5   0 0.00  0.0    0  4.9 16 180   M    M   0        20 180
22  79  42  61   1   4   0 0.00  0.0    0  3.5 14  30   M    M   0        22  40
================================================================================
SM 1757  924        88   3    T      0.0 102.7          M        2
================================================================================
AV 79.9 42.0                               4.7 FASTST   M    M   0    MAX(MPH)
                                 MISC ---->  # 24 180               # 32  190
================================================================================
NOTES:
# LAST OF SEVERAL OCCURRENCES

COLUMN 17 PEAK WIND IN M.P.H.

PRELIMINARY LOCAL CLIMATOLOGICAL DATA (WS FORM: F-6) , PAGE 2

                                          STATION:  SOUTH LAKE TAHOE CA
                                          MONTH:    AUGUST
                                          YEAR:     2019
                                          LATITUDE:   38 53 N
                                          LONGITUDE: 119 60 W

[TEMPERATURE DATA]      [PRECIPITATION DATA]       SYMBOLS USED IN COLUMN 16

AVERAGE MONTHLY: 60.9   TOTAL FOR MONTH:      T    1 = FOG OR MIST
DPTR FM NORMAL:  -0.1   DPTR FM NORMAL:   -0.38    2 = FOG REDUCING VISIBILITY
HIGHEST:    86 ON 15    GRTST 24HR    T  ON  7- 7      TO 1/4 MILE OR LESS
LOWEST:     34 ON 11                               3 = THUNDER
                        SNOW, ICE PELLETS, HAIL    4 = ICE PELLETS
                        TOTAL MONTH:   0.0 INCH    5 = HAIL
                        GRTST 24HR     0.0         6 = FREEZING RAIN OR DRIZZLE
                        GRTST DEPTH:   0           7 = DUSTSTORM OR SANDSTORM:
                                                       VSBY 1/2 MILE OR LESS
                                                   8 = SMOKE OR HAZE
[NO. OF DAYS WITH]      [WEATHER - DAYS WITH]      9 = BLOWING SNOW
                                                   X = TORNADO
MAX 32 OR BELOW:   0    0.01 INCH OR MORE:   0
MAX 90 OR ABOVE:   0    0.10 INCH OR MORE:   0
MIN 32 OR BELOW:   0    0.50 INCH OR MORE:   0
MIN  0 OR BELOW:   0    1.00 INCH OR MORE:   0

[HDD (BASE 65) ]
TOTAL THIS MO.    88    CLEAR  (SCALE 0-3)  20
DPTR FM NORMAL   -12    PTCLDY (SCALE 4-7)   0
TOTAL FM JUL 1   226    CLOUDY (SCALE 8-10)  0
DPTR FM NORMAL   -12

[CDD (BASE 65) ]
TOTAL THIS MO.     3
DPTR FM NORMAL    -4    [PRESSURE DATA]
TOTAL FM JAN 1    15    HIGHEST SLP M ON M
DPTR FM NORMAL   -11    LOWEST  SLP 29.86 ON 22

[REMARKS]
