000
CXUS55 KREV 240840
CF6TVL
PRELIMINARY LOCAL CLIMATOLOGICAL DATA (WS FORM: F-6)

                                          STATION:   SOUTH LAKE TAHOE CA
                                          MONTH:     APRIL
                                          YEAR:      2019
                                          LATITUDE:   38 53 N
                                          LONGITUDE: 119 60 W

  TEMPERATURE IN F:       :PCPN:    SNOW:  WIND      :SUNSHINE: SKY     :PK WND
================================================================================
1   2   3   4   5  6A  6B    7    8   9   10  11  12  13   14  15   16   17  18
                                     12Z  AVG MX 2MIN
DY MAX MIN AVG DEP HDD CDD  WTR  SNW DPTH SPD SPD DIR MIN PSBL S-S WX    SPD DR
================================================================================

 1  52  30  41   3  24   0 0.19  0.0    M  4.9 16 190   M    M   8 1      18 190
 2  41  33  37  -1  28   0 0.65    M    M  5.5 16 190   M    M   9 1      25 200
 3  47  29  38   0  27   0    T  0.0    M  3.5 16 200   M    M   4 1      24 190
 4  47  27  37  -1  28   0    T    M    M  5.7 17 190   M    M   4        23 180
 5  41  28  35  -3  30   0 0.06    M    M  8.4 21 180   M    M   5 1      29 180
 6  48  28  38   0  27   0    T    M    M  9.4 22 190   M    M   7 1      29 190
 7  56  35  46   7  19   0 0.00  0.0    M  8.3 23 190   M    M   3        30 180
 8  56  35  46   7  19   0 0.32  0.0    M 10.9 30 190   M    M   5 1      43 200
 9  44  28  36  -3  29   0 0.02    M    M  7.1 18 200   M    M   6 1      36 190
10  48  22  35  -4  30   0 0.00  0.0    M  3.8 13  30   M    M   0        20  20
11  43  26  35  -4  30   0    T    M    M  3.1 16 200   M    M   7        22 180
12  48  25  37  -3  28   0 0.00  0.0    M  3.6 16  20   M    M   1        21 120
13  58  24  41   1  24   0 0.00  0.0    M  4.5 16 190   M    M   0        21 180
14  54  32  43   3  22   0    T    M    M 10.6 25 190   M    M   5        38 180
15  48  33  41   1  24   0 0.03    M    M 11.8 24 190   M    M   9 18     36 190
16  48  29  39  -1  26   0 0.06    M    0  4.4 13  30   M    M   5 1      19  50
17  61  26  44   4  21   0 0.00  0.0    0  4.1 10  30   M    M   0 8      15  30
18  64  29  47   6  18   0 0.00  0.0    0  3.3 12  30   M    M   M        16  30
19  67  31  49   8  16   0 0.00  0.0    0  3.6 14 190   M    M   M 8      21 220
20  52  31  42   1  23   0    T    M    0  8.1 28 200   M    M   M        43 190
21  53  28  41   0  24   0 0.00  0.0    0  3.9 15  30   M    M   2        21  30
22  60  34  47   5  18   0 0.00  0.0    M  5.1 17  20   M    M   M        24  30
23  68  30  49   7  16   0 0.00  0.0    M  3.9 14  20   M    M   M        17  30
================================================================================
SM 1204  673       551   0  1.33     0.0 137.5          M       80
================================================================================
AV 52.4 29.3                               6.0 FASTST   M    M   4    MAX(MPH)
                                 MISC ---->  # 30 190               # 43  200
================================================================================
NOTES:
# LAST OF SEVERAL OCCURRENCES

COLUMN 17 PEAK WIND IN M.P.H.

PRELIMINARY LOCAL CLIMATOLOGICAL DATA (WS FORM: F-6) , PAGE 2

                                          STATION:  SOUTH LAKE TAHOE CA
                                          MONTH:    APRIL
                                          YEAR:     2019
                                          LATITUDE:   38 53 N
                                          LONGITUDE: 119 60 W

[TEMPERATURE DATA]      [PRECIPITATION DATA]       SYMBOLS USED IN COLUMN 16

AVERAGE MONTHLY: 40.8   TOTAL FOR MONTH:   1.33    1 = FOG OR MIST
DPTR FM NORMAL:   1.2   DPTR FM NORMAL:    0.51    2 = FOG REDUCING VISIBILITY
HIGHEST:    68 ON 23    GRTST 24HR  0.65 ON  2- 2      TO 1/4 MILE OR LESS
LOWEST:     22 ON 10                               3 = THUNDER
                        SNOW, ICE PELLETS, HAIL    4 = ICE PELLETS
                        TOTAL MONTH:   0.0 INCH    5 = HAIL
                        GRTST 24HR     0.0         6 = FREEZING RAIN OR DRIZZLE
                        GRTST DEPTH:   0           7 = DUSTSTORM OR SANDSTORM:
                                                       VSBY 1/2 MILE OR LESS
                                                   8 = SMOKE OR HAZE
[NO. OF DAYS WITH]      [WEATHER - DAYS WITH]      9 = BLOWING SNOW
                                                   X = TORNADO
MAX 32 OR BELOW:   0    0.01 INCH OR MORE:   7
MAX 90 OR ABOVE:   0    0.10 INCH OR MORE:   3
MIN 32 OR BELOW:  18    0.50 INCH OR MORE:   1
MIN  0 OR BELOW:   0    1.00 INCH OR MORE:   0

[HDD (BASE 65) ]
TOTAL THIS MO.   551    CLEAR  (SCALE 0-3)   6
DPTR FM NORMAL   -33    PTCLDY (SCALE 4-7)  10
TOTAL FM JUL 1  6584    CLOUDY (SCALE 8-10)  2
DPTR FM NORMAL  -152

[CDD (BASE 65) ]
TOTAL THIS MO.     0
DPTR FM NORMAL     0    [PRESSURE DATA]
TOTAL FM JAN 1     0    HIGHEST SLP M ON M
DPTR FM NORMAL     0    LOWEST  SLP 29.69 ON 15

[REMARKS]
