000
CXUS54 KJAN 191414
CF6TVR
PRELIMINARY LOCAL CLIMATOLOGICAL DATA (WS FORM: F-6)

                                          STATION:   VICKSBURG
                                          MONTH:     APRIL
                                          YEAR:      2019
                                          LATITUDE:   32 20 N
                                          LONGITUDE:  91  2 W

  TEMPERATURE IN F:       :PCPN:    SNOW:  WIND      :SUNSHINE: SKY     :PK WND
================================================================================
1   2   3   4   5  6A  6B    7    8   9   10  11  12  13   14  15   16   17  18
                                     12Z  AVG MX 2MIN
DY MAX MIN AVG DEP HDD CDD  WTR  SNW DPTH SPD SPD DIR MIN PSBL S-S WX    SPD DR
================================================================================

 1  56  43  50 -11  15   0 0.00  0.0    0  8.2 17  50   M    M   4        21  60
 2  63  35  49 -12  16   0 0.00  0.0    0  4.0 13  60   M    M   0        18  30
 3  74  44  59  -2   6   0 0.00  0.0    0  6.8 16 150   M    M   1        23 150
 4  65  56  61  -1   4   0 0.94  0.0    0  8.9 21 150   M    M   8 13     24 150
 5  70  58  64   2   1   0 0.00  0.0    0  3.2 10 360   M    M   7 1      13 360
 6  71  58  65   3   0   0 0.56  0.0    0  4.5 13 110   M    M   7 13     16 120
 7  81  63  72  10   0   7 1.16  0.0    0  8.0 20 160   M    M   5 13     32 240
 8  72  62  67   4   0   2 0.11  0.0    0  5.3 12 350   M    M   6 13     17 360
 9  80  61  71   8   0   6 0.00  0.0    0  4.9 14  10   M    M   2 1      20 360
10  85  56  71   8   0   6 0.00  0.0    0  4.7 13 180   M    M   0 1      17 170
11  84  60  72   9   0   7    T  0.0    0  8.4 22 170   M    M   0        28 330
12  66  56  61  -3   4   0 0.39  0.0    0  6.3 14  80   M    M  10 13     19 290
13  72  62  67   3   0   2 2.47  0.0    0 11.1 25 110   M    M   3 123    32 110
14  65  49  57  -7   8   0 0.00  0.0    0  7.4 20 300   M    M   6        31 290
15  71  46  59  -5   6   0 0.00  0.0    0  2.5 12 170   M    M   0 1      16 170
16  79  52  66   1   0   1 0.00  0.0    0  5.8 16 160   M    M   0        21 180
17  77  59  68   3   0   3 0.00  0.0    0  8.8 17 140   M    M   1        23 140
18  70  55  63  -2   2   0 2.03  0.0    0 10.1 24  60   M    M   9 13     37 310
================================================================================
SM 1301  975        62  34  7.66     0.0 118.9          M       69
================================================================================
AV 72.3 54.2                               6.6 FASTST   M    M   4    MAX(MPH)
                                 MISC ---->  # 25 110               # 37  310
================================================================================
NOTES:
# LAST OF SEVERAL OCCURRENCES

COLUMN 17 PEAK WIND IN M.P.H.

PRELIMINARY LOCAL CLIMATOLOGICAL DATA (WS FORM: F-6) , PAGE 2

                                          STATION:  VICKSBURG
                                          MONTH:    APRIL
                                          YEAR:     2019
                                          LATITUDE:   32 20 N
                                          LONGITUDE:  91  2 W

[TEMPERATURE DATA]      [PRECIPITATION DATA]       SYMBOLS USED IN COLUMN 16

AVERAGE MONTHLY: 63.2   TOTAL FOR MONTH:   7.66    1 = FOG OR MIST
DPTR FM NORMAL:   0.2   DPTR FM NORMAL:    4.65    2 = FOG REDUCING VISIBILITY
HIGHEST:    85 ON 10    GRTST 24HR  2.47 ON 13-13      TO 1/4 MILE OR LESS
LOWEST:     35 ON  2                               3 = THUNDER
                        SNOW, ICE PELLETS, HAIL    4 = ICE PELLETS
                        TOTAL MONTH:   0.0 INCH    5 = HAIL
                        GRTST 24HR     0.0         6 = FREEZING RAIN OR DRIZZLE
                        GRTST DEPTH:   0           7 = DUSTSTORM OR SANDSTORM:
                                                       VSBY 1/2 MILE OR LESS
                                                   8 = SMOKE OR HAZE
[NO. OF DAYS WITH]      [WEATHER - DAYS WITH]      9 = BLOWING SNOW
                                                   X = TORNADO
MAX 32 OR BELOW:   0    0.01 INCH OR MORE:   7
MAX 90 OR ABOVE:   0    0.10 INCH OR MORE:   7
MIN 32 OR BELOW:   0    0.50 INCH OR MORE:   5
MIN  0 OR BELOW:   0    1.00 INCH OR MORE:   3

[HDD (BASE 65) ]
TOTAL THIS MO.    62    CLEAR  (SCALE 0-3)   8
DPTR FM NORMAL   -15    PTCLDY (SCALE 4-7)   7
TOTAL FM JUL 1  2113    CLOUDY (SCALE 8-10)  3
DPTR FM NORMAL  -205

[CDD (BASE 65) ]
TOTAL THIS MO.    34
DPTR FM NORMAL    -8    [PRESSURE DATA]
TOTAL FM JAN 1    70    HIGHEST SLP M ON M
DPTR FM NORMAL    -4    LOWEST  SLP 29.41 ON 13

[REMARKS]
