000
CXUS54 KSHV 221500
CF6TXK
PRELIMINARY LOCAL CLIMATOLOGICAL DATA (WS FORM: F-6)

                                          STATION:   TEXARKANA
                                          MONTH:     AUGUST
                                          YEAR:      2019
                                          LATITUDE:   33 27 N
                                          LONGITUDE:  94  0 W

  TEMPERATURE IN F:       :PCPN:    SNOW:  WIND      :SUNSHINE: SKY     :PK WND
================================================================================
1   2   3   4   5  6A  6B    7    8   9   10  11  12  13   14  15   16   17  18
                                     12Z  AVG MX 2MIN
DY MAX MIN AVG DEP HDD CDD  WTR  SNW DPTH SPD SPD DIR MIN PSBL S-S WX    SPD DR
================================================================================

 1  90  73  82  -1   0  17    T  0.0    0  2.4  8  60   M    M   1        11  60
 2  89  72  81  -2   0  16    T  0.0    0  2.8  9  50   M    M   2 1      10  70
 3  86  75  81  -2   0  16    T  0.0    0  1.6  7 180   M    M   7 1      10 130
 4  90  74  82  -1   0  17    T  0.0    0  1.2  8  20   M    M   5 1      11 340
 5  93  72  83   0   0  18 0.00  0.0    0  1.4  8  40   M    M   2 1      11  50
 6  96  74  85   2   0  20 0.00  0.0    0  4.6 17 160   M    M   2 138    24 160
 7  97  76  87   4   0  22 0.00  0.0    0  6.7 14 220   M    M   0        20 230
 8  94  78  86   3   0  21 0.00  0.0    0  6.9 16 230   M    M   0        21 230
 9  94  78  86   3   0  21    T  0.0    0  5.8 13 230   M    M   2 3      16 210
10  94  78  86   3   0  21    T  0.0    0  5.8 10 150   M    M   1        14 210
11  98  76  87   4   0  22 0.00  0.0    0  5.7 12 260   M    M   1        15 220
12  99  78  89   6   0  24 0.00  0.0    0  6.8 13 230   M    M   1        19 230
13 100  78  89   6   0  24 0.00  0.0    0  5.3 13 230   M    M   1 3      17 220
14  92  74  83   0   0  18    T  0.0    0  3.5 12  10   M    M   3        14  40
15  95  70  83   1   0  18 0.00  0.0    0  3.2 12  60   M    M   0 1      16  60
16  97  72  85   3   0  20 0.00  0.0    0  5.6 12 160   M    M   0        15 150
17  96  73  85   3   0  20 0.00  0.0    0  7.9 22 150   M    M   1        29 170
18  96  77  87   5   0  22 0.00  0.0    0  8.0 17 230   M    M   1        23 230
19  98  77  88   6   0  23 0.00  0.0    0  4.3 10 140   M    M   0        15 140
20 100  76  88   6   0  23 0.00  0.0    0  4.3 17 140   M    M   1        23 140
21  97  74  86   4   0  21 0.00  0.0    0  4.7 10 170   M    M   1        16 170
================================================================================
SM 1991 1575         0 424    T      0.0  98.5          M       32
================================================================================
AV 94.8 75.0                               4.7 FASTST   M    M   2    MAX(MPH)
                                 MISC ---->  # 22 150               # 29  170
================================================================================
NOTES:
# LAST OF SEVERAL OCCURRENCES

COLUMN 17 PEAK WIND IN M.P.H.

PRELIMINARY LOCAL CLIMATOLOGICAL DATA (WS FORM: F-6) , PAGE 2

                                          STATION:  TEXARKANA
                                          MONTH:    AUGUST
                                          YEAR:     2019
                                          LATITUDE:   33 27 N
                                          LONGITUDE:  94  0 W

[TEMPERATURE DATA]      [PRECIPITATION DATA]       SYMBOLS USED IN COLUMN 16

AVERAGE MONTHLY: 84.9   TOTAL FOR MONTH:      T    1 = FOG OR MIST
DPTR FM NORMAL:   2.2   DPTR FM NORMAL:   -1.88    2 = FOG REDUCING VISIBILITY
HIGHEST:   100 ON 20,13 GRTST 24HR    T  ON 14-14      TO 1/4 MILE OR LESS
LOWEST:     70 ON 15                               3 = THUNDER
                        SNOW, ICE PELLETS, HAIL    4 = ICE PELLETS
                        TOTAL MONTH:   0.0 INCH    5 = HAIL
                        GRTST 24HR     0.0         6 = FREEZING RAIN OR DRIZZLE
                        GRTST DEPTH:   0           7 = DUSTSTORM OR SANDSTORM:
                                                       VSBY 1/2 MILE OR LESS
                                                   8 = SMOKE OR HAZE
[NO. OF DAYS WITH]      [WEATHER - DAYS WITH]      9 = BLOWING SNOW
                                                   X = TORNADO
MAX 32 OR BELOW:   0    0.01 INCH OR MORE:   0
MAX 90 OR ABOVE:  19    0.10 INCH OR MORE:   0
MIN 32 OR BELOW:   0    0.50 INCH OR MORE:   0
MIN  0 OR BELOW:   0    1.00 INCH OR MORE:   0

[HDD (BASE 65) ]
TOTAL THIS MO.     0    CLEAR  (SCALE 0-3)  19
DPTR FM NORMAL     0    PTCLDY (SCALE 4-7)   2
TOTAL FM JUL 1     0    CLOUDY (SCALE 8-10)  0
DPTR FM NORMAL     0

[CDD (BASE 65) ]
TOTAL THIS MO.   424
DPTR FM NORMAL    52    [PRESSURE DATA]
TOTAL FM JAN 1  1637    HIGHEST SLP M ON M
DPTR FM NORMAL     5    LOWEST  SLP 29.82 ON 17

[REMARKS]
