000
CXUS54 KSHV 161500
CF6TYR
PRELIMINARY LOCAL CLIMATOLOGICAL DATA (WS FORM: F-6)

                                          STATION:   TYLER
                                          MONTH:     FEBRUARY
                                          YEAR:      2019
                                          LATITUDE:   32 22 N
                                          LONGITUDE:  95 24 W

  TEMPERATURE IN F:       :PCPN:    SNOW:  WIND      :SUNSHINE: SKY     :PK WND
================================================================================
1   2   3   4   5  6A  6B    7    8   9   10  11  12  13   14  15   16   17  18
                                     12Z  AVG MX 2MIN
DY MAX MIN AVG DEP HDD CDD  WTR  SNW DPTH SPD SPD DIR MIN PSBL S-S WX    SPD DR
================================================================================

 1  63  48  56   8   9   0 0.00  0.0    0  3.7  9  90   M    M   9 1      12 100
 2  65  51  58  10   7   0    T  0.0    0  6.8 13 120   M    M   8 12     15 120
 3  69  56  63  15   2   0    T  0.0    0 10.1 16 180   M    M  10 1      21 180
 4  79  64  72  24   0   7 0.00  0.0    0 11.7 20 200   M    M   5        26 210
 5  79  66  73  25   0   8    T  0.0    0 11.7 21 190   M    M   8 1      27 180
 6  75  69  72  23   0   7    T  0.0    0 13.2 24 170   M    M   9 18     30 170
 7  73  31  52   3  13   0 0.23  0.0    0 14.1 30 180   M    M   7 1      38 180
 8  35  26  31 -18  34   0 0.07  0.0    0  9.1 17 360   M    M   4 6      24  20
 9  37  34  36 -13  29   0 0.05    T    0  8.0 14  70   M    M  10 4      17  80
10  46  37  42  -7  23   0 0.01  0.0    0  5.2  9 350   M    M  10 18     12  90
11  61  46  54   4  11   0 0.92    M    0  6.5 21 220   M    M  10 12     27 240
12  60  35  48  -2  17   0 0.00  0.0    0 10.4 26 330   M    M   2 8      34 330
13  63  30  47  -3  18   0 0.00  0.0    0  9.0 21 190   M    M   0        26 190
14  73  51  62  12   3   0    T  0.0    0 16.6 30 210   M    M   1        40 210
15  79  40  60   9   5   0 0.00  0.0    0 12.2 22 350   M    M   1        27 350
================================================================================
SM  957  684       171  22  1.28    T    148.3          M       94
================================================================================
AV 63.8 45.6                               9.9 FASTST   M    M   6    MAX(MPH)
                                 MISC ---->  # 30 180               # 40  210
================================================================================
NOTES:
# LAST OF SEVERAL OCCURRENCES

COLUMN 17 PEAK WIND IN M.P.H.

PRELIMINARY LOCAL CLIMATOLOGICAL DATA (WS FORM: F-6) , PAGE 2

                                          STATION:  TYLER
                                          MONTH:    FEBRUARY
                                          YEAR:     2019
                                          LATITUDE:   32 22 N
                                          LONGITUDE:  95 24 W

[TEMPERATURE DATA]      [PRECIPITATION DATA]       SYMBOLS USED IN COLUMN 16

AVERAGE MONTHLY: 54.7   TOTAL FOR MONTH:   1.28    1 = FOG OR MIST
DPTR FM NORMAL:   5.6   DPTR FM NORMAL:   -0.72    2 = FOG REDUCING VISIBILITY
HIGHEST:    79 ON 15, 5 GRTST 24HR  0.92 ON 11-11      TO 1/4 MILE OR LESS
LOWEST:     26 ON  8                               3 = THUNDER
                        SNOW, ICE PELLETS, HAIL    4 = ICE PELLETS
                        TOTAL MONTH:    T          5 = HAIL
                        GRTST 24HR    T  ON  9- 9  6 = FREEZING RAIN OR DRIZZLE
                        GRTST DEPTH:   0           7 = DUSTSTORM OR SANDSTORM:
                                                       VSBY 1/2 MILE OR LESS
                                                   8 = SMOKE OR HAZE
[NO. OF DAYS WITH]      [WEATHER - DAYS WITH]      9 = BLOWING SNOW
                                                   X = TORNADO
MAX 32 OR BELOW:   0    0.01 INCH OR MORE:   5
MAX 90 OR ABOVE:   0    0.10 INCH OR MORE:   2
MIN 32 OR BELOW:   3    0.50 INCH OR MORE:   1
MIN  0 OR BELOW:   0    1.00 INCH OR MORE:   0

[HDD (BASE 65) ]
TOTAL THIS MO.   171    CLEAR  (SCALE 0-3)   4
DPTR FM NORMAL   -71    PTCLDY (SCALE 4-7)   5
TOTAL FM JUL 1  1581    CLOUDY (SCALE 8-10)  6
DPTR FM NORMAL  -139

[CDD (BASE 65) ]
TOTAL THIS MO.    22
DPTR FM NORMAL    22    [PRESSURE DATA]
TOTAL FM JAN 1    22    HIGHEST SLP M ON M
DPTR FM NORMAL    18    LOWEST  SLP 29.64 ON 15

[REMARKS]
