000
CXUS54 KMRX 171000
CF6TYS
PRELIMINARY LOCAL CLIMATOLOGICAL DATA (WS FORM: F-6)

                                          STATION:   KNOXVILLE    ASOS
                                          MONTH:     FEBRUARY
                                          YEAR:      2019
                                          LATITUDE:   35 49 N
                                          LONGITUDE:  83 59 W

  TEMPERATURE IN F:       :PCPN:    SNOW:  WIND      :SUNSHINE: SKY     :PK WND
================================================================================
1   2   3   4   5  6A  6B    7    8   9   10  11  12  13   14  15   16   17  18
                                     12Z  AVG MX 2MIN
DY MAX MIN AVG DEP HDD CDD  WTR  SNW DPTH SPD SPD DIR MIN PSBL S-S WX    SPD DR
================================================================================

 1  44  29  37  -2  28   0    T  0.0    0  3.1  9  50   M    M   9        11  10
 2  63  38  51  11  14   0 0.00  0.0    0  3.2 12  30   M    M   6        13  30
 3  64  33  49   9  16   0 0.00  0.0    0  2.7 12 260   M    M   3        14 290
 4  60  35  48   8  17   0 0.03  0.0    0  0.6  7 290   M    M   7 12     10 250
 5  70  51  61  21   4   0    T  0.0    0  1.8  M   M   M    M   8         M  M
 6  70  52  61  21   4   0 0.30  0.0    0 11.0 24 210   M    M  10 1      32 210
 7  77  62  70  30   0   5 0.06  0.0    0 17.2 28 280   M    M   8 18     39 290
 8  62  32  47   6  18   0 0.41    M    0 10.2 28 290   M    M   8 1      34 300
 9  46  28  37  -4  28   0 0.00  0.0    0 11.1 17  40   M    M   8        23  40
10  41  34  38  -3  27   0 0.44    M    0  1.4  8 360   M    M  10 14     11  30
11  49  38  44   3  21   0 0.41  0.0    0  3.0  7  60   M    M  10 1       9  20
12  65  39  52  10  13   0 1.37  0.0    0  9.9 24 280   M    M   9 1      32 260
13  49  33  41  -1  24   0 0.00  0.0    0  9.6 21 240   M    M   4        27 250
14  62  28  45   3  20   0 0.00  0.0    0  6.2 22 210   M    M   8        27 210
15  60  45  53  11  12   0 0.32  0.0    0 11.9 23 210   M    M  10 1      28 220
16  48  40  44   1  21   0 0.40  0.0    0  8.1 17 360   M    M  10 1      21 360
================================================================================
SM  930  617       267   5  3.74     0.0 111.0          M      128
================================================================================
AV 58.1 38.6                               6.9 FASTST   M    M   8    MAX(MPH)
                                 MISC ---->  # 28 280               # 39  290
================================================================================
NOTES:
# LAST OF SEVERAL OCCURRENCES

COLUMN 17 PEAK WIND IN M.P.H.

PRELIMINARY LOCAL CLIMATOLOGICAL DATA (WS FORM: F-6) , PAGE 2

                                          STATION:  KNOXVILLE    ASOS
                                          MONTH:    FEBRUARY
                                          YEAR:     2019
                                          LATITUDE:   35 49 N
                                          LONGITUDE:  83 59 W

[TEMPERATURE DATA]      [PRECIPITATION DATA]       SYMBOLS USED IN COLUMN 16

AVERAGE MONTHLY: 48.3   TOTAL FOR MONTH:   3.74    1 = FOG OR MIST
DPTR FM NORMAL:   7.5   DPTR FM NORMAL:    1.31    2 = FOG REDUCING VISIBILITY
HIGHEST:    77 ON  7    GRTST 24HR  1.37 ON 12-12      TO 1/4 MILE OR LESS
LOWEST:     28 ON 14, 9                            3 = THUNDER
                        SNOW, ICE PELLETS, HAIL    4 = ICE PELLETS
                        TOTAL MONTH:   0.0 INCH    5 = HAIL
                        GRTST 24HR     0.0         6 = FREEZING RAIN OR DRIZZLE
                        GRTST DEPTH:   0           7 = DUSTSTORM OR SANDSTORM:
                                                       VSBY 1/2 MILE OR LESS
                                                   8 = SMOKE OR HAZE
[NO. OF DAYS WITH]      [WEATHER - DAYS WITH]      9 = BLOWING SNOW
                                                   X = TORNADO
MAX 32 OR BELOW:   0    0.01 INCH OR MORE:   9
MAX 90 OR ABOVE:   0    0.10 INCH OR MORE:   7
MIN 32 OR BELOW:   4    0.50 INCH OR MORE:   1
MIN  0 OR BELOW:   0    1.00 INCH OR MORE:   1

[HDD (BASE 65) ]
TOTAL THIS MO.   267    CLEAR  (SCALE 0-3)   1
DPTR FM NORMAL  -119    PTCLDY (SCALE 4-7)   8
TOTAL FM JUL 1  2457    CLOUDY (SCALE 8-10)  7
DPTR FM NORMAL  -191

[CDD (BASE 65) ]
TOTAL THIS MO.     5
DPTR FM NORMAL     5    [PRESSURE DATA]
TOTAL FM JAN 1     5    HIGHEST SLP M ON M
DPTR FM NORMAL     5    LOWEST  SLP 29.68 ON 16

[REMARKS]
