000
CXUS56 KPQR 251200
CF6UAO
PRELIMINARY LOCAL CLIMATOLOGICAL DATA (WS FORM: F-6)

                                          STATION:   AURORA STATE OR
                                          MONTH:     APRIL
                                          YEAR:      2019
                                          LATITUDE:   45 15 N
                                          LONGITUDE: 122 46 W

  TEMPERATURE IN F:       :PCPN:    SNOW:  WIND      :SUNSHINE: SKY     :PK WND
================================================================================
1   2   3   4   5  6A  6B    7    8   9   10  11  12  13   14  15   16   17  18
                                     12Z  AVG MX 2MIN
DY MAX MIN AVG DEP HDD CDD  WTR  SNW DPTH SPD SPD DIR MIN PSBL S-S WX    SPD DR
================================================================================

 1  62  48  55   5  10   0 0.05    M    M  0.7  6 230   M    M   8         9 160
 2  62  51  57   7   8   0 0.39    M    M  2.9  8 170   M    M  10 1      10 150
 3  59  45  52   2  13   0 0.00    M    M  7.4 17 200   M    M   7        23 200
 4  59  46  53   3  12   0 0.18    M    M  3.2 14 240   M    M   9 1      20 230
 5  56  44  50   0  15   0 0.37    M    M  5.8 18 170   M    M   7 1      27 230
 6  56  44  50   0  15   0 0.99    M    M  7.2 20 170   M    M   9 1      24 160
 7  56  47  52   2  13   0 0.75    M    M  7.5 22 180   M    M   9 1      31 170
 8  59  48  54   4  11   0 0.45    M    M  5.3 23 160   M    M  10 1      29 160
 9  57  46  52   1  13   0 0.02    M    M  7.6 20 230   M    M   8 1      26 250
10  52  46  49  -2  16   0 0.14    M    M  9.3 18 160   M    M  10 1      23 180
11  52  48  50  -1  15   0 0.13    M    M 10.6 23 170   M    M  10 1      30 160
12  60  46  53   2  12   0    T    M    M  4.6 10 210   M    M   9        15 220
13  52  42  47  -4  18   0 0.19    M    M  7.3 23 170   M    M   9 1      29 150
14  52  40  46  -5  19   0 0.12    M    M  3.8 13 240   M    M   7 1      17 230
15  53  37  45  -6  20   0 0.14    M    M  2.0 10  40   M    M   7 12     12  40
16  61  44  53   1  12   0 0.05    M    M  4.6 16 170   M    M   9 1      24 190
17  65  50  58   6   7   0 0.00    M    M  3.2 13 160   M    M   6        14 170
18  76  49  63  11   2   0 0.00    M    M  2.1 12 350   M    M   2        14 340
19  65  51  58   6   7   0 0.26    M    M  3.5 12 340   M    M   6 1      16 330
20  62  46  54   2  11   0 0.00    M    M  4.0 12 200   M    M   8        15 190
21  63  46  55   3  10   0 0.00    M    M  1.5  7 320   M    M   6         9 110
22  65  42  54   1  11   0 0.01    M    M  1.4  8 230   M    M   5        12 220
23  67  50  59   6   6   0 0.00    M    M  7.0 17 330   M    M   9        24 320
24  67  45  56   3   9   0 0.00    M    M  8.1 16 360   M    M   3        21 360
================================================================================
SM 1438 1101       285   0  4.24    M    120.6          M      183
================================================================================
AV 59.9 45.9                               5.0 FASTST   M    M   8    MAX(MPH)
                                 MISC ---->  # 23 160               # 31  170
================================================================================
NOTES:
# LAST OF SEVERAL OCCURRENCES

COLUMN 17 PEAK WIND IN M.P.H.

PRELIMINARY LOCAL CLIMATOLOGICAL DATA (WS FORM: F-6) , PAGE 2

                                          STATION:  AURORA STATE OR
                                          MONTH:    APRIL
                                          YEAR:     2019
                                          LATITUDE:   45 15 N
                                          LONGITUDE: 122 46 W

[TEMPERATURE DATA]      [PRECIPITATION DATA]       SYMBOLS USED IN COLUMN 16

AVERAGE MONTHLY: 52.9   TOTAL FOR MONTH:   4.24    1 = FOG OR MIST
DPTR FM NORMAL:   1.7   DPTR FM NORMAL:    1.61    2 = FOG REDUCING VISIBILITY
HIGHEST:    76 ON 18    GRTST 24HR  0.99 ON  6- 6      TO 1/4 MILE OR LESS
LOWEST:     37 ON 15                               3 = THUNDER
                        SNOW, ICE PELLETS, HAIL    4 = ICE PELLETS
                        TOTAL MONTH:    M          5 = HAIL
                        GRTST 24HR    M  ON   M    6 = FREEZING RAIN OR DRIZZLE
                        GRTST DEPTH:  M  ON   M    7 = DUSTSTORM OR SANDSTORM:
                                                       VSBY 1/2 MILE OR LESS
                                                   8 = SMOKE OR HAZE
[NO. OF DAYS WITH]      [WEATHER - DAYS WITH]      9 = BLOWING SNOW
                                                   X = TORNADO
MAX 32 OR BELOW:   0    0.01 INCH OR MORE:  16
MAX 90 OR ABOVE:   0    0.10 INCH OR MORE:  12
MIN 32 OR BELOW:   0    0.50 INCH OR MORE:   2
MIN  0 OR BELOW:   0    1.00 INCH OR MORE:   0

[HDD (BASE 65) ]
TOTAL THIS MO.   285    CLEAR  (SCALE 0-3)   2
DPTR FM NORMAL   -47    PTCLDY (SCALE 4-7)   9
TOTAL FM JUL 1  3753    CLOUDY (SCALE 8-10) 13
DPTR FM NORMAL  -267

[CDD (BASE 65) ]
TOTAL THIS MO.     0
DPTR FM NORMAL     0    [PRESSURE DATA]
TOTAL FM JAN 1     0    HIGHEST SLP  0.00 ON  7
DPTR FM NORMAL     0    LOWEST  SLP 29.66 ON  5

[REMARKS]
