000
CXUS56 KEKA 221230
CF6UKI
PRELIMINARY LOCAL CLIMATOLOGICAL DATA (WS FORM: F-6)

                                          STATION:   UKIAH CA
                                          MONTH:     AUGUST
                                          YEAR:      2019
                                          LATITUDE:   39  7 N
                                          LONGITUDE: 123 12 W

  TEMPERATURE IN F:       :PCPN:    SNOW:  WIND      :SUNSHINE: SKY     :PK WND
================================================================================
1   2   3   4   5  6A  6B    7    8   9   10  11  12  13   14  15   16   17  18
                                     12Z  AVG MX 2MIN
DY MAX MIN AVG DEP HDD CDD  WTR  SNW DPTH SPD SPD DIR MIN PSBL S-S WX    SPD DR
================================================================================

 1  92  59  76   2   0  11 0.00  0.0    0  5.3 16 360   M    M   0        23 360
 2  93  59  76   2   0  11 0.00  0.0    0  5.5 15 350   M    M   0        22  20
 3  98  57  78   4   0  13 0.00  0.0    0  3.1 15 270   M    M   0        18 270
 4  96  60  78   4   0  13 0.00  0.0    0  2.5 12  30   M    M   0        16  30
 5  97  58  78   4   0  13 0.00  0.0    0  1.8 13 130   M    M   0        17 130
 6  99  62  81   7   0  16 0.00  0.0    0  3.3 14 110   M    M   0        17 120
 7  94  57  76   2   0  11 0.00  0.0    0  3.7 14 110   M    M   0        22 110
 8  83  56  70  -4   0   5 0.00  0.0    0  7.2 16 340   M    M   0        23 350
 9  85  58  72  -2   0   7 0.07  0.0    0  4.7 15 340   M    M   1 13     20 340
10  80  60  70  -3   0   5 0.00  0.0    0  4.9 16 300   M    M   5        20 300
11  89  53  71  -2   0   6 0.00  0.0    0  3.2 14 320   M    M   0        18 310
12  94  55  75   2   0  10 0.00  0.0    0  3.4 16 330   M    M   0        21 310
13  97  57  77   4   0  12 0.00  0.0    0  2.6 12  10   M    M   0        16  20
14 103  60  82   9   0  17 0.00  0.0    0  2.3 15 340   M    M   0        20 250
15 106  64  85  12   0  20 0.00  0.0    0  2.7 16 350   M    M   0        21 340
16 103  64  84  11   0  19 0.00  0.0    0  3.4 16 280   M    M   0        23 270
17  94  60  77   4   0  12 0.00  0.0    0  5.8 14 150   M    M   0        19 170
18  88  55  72   0   0   7 0.00  0.0    0  6.1 15 140   M    M   1        20 140
19  90  56  73   1   0   8 0.00  0.0    0  4.9 15 170   M    M   0        21 150
20  90  56  73   1   0   8 0.00  0.0    0  3.0 15 360   M    M   0        21 360
21  90  55  73   1   0   8 0.00  0.0    0  6.4 18 340   M    M   0 8      26 350
================================================================================
SM 1961 1221         0 232  0.07     0.0  85.8          M        7
================================================================================
AV 93.4 58.1                               4.1 FASTST   M    M   0    MAX(MPH)
                                 MISC ---->  # 18 340               # 26  350
================================================================================
NOTES:
# LAST OF SEVERAL OCCURRENCES

COLUMN 17 PEAK WIND IN M.P.H.

PRELIMINARY LOCAL CLIMATOLOGICAL DATA (WS FORM: F-6) , PAGE 2

                                          STATION:  UKIAH CA
                                          MONTH:    AUGUST
                                          YEAR:     2019
                                          LATITUDE:   39  7 N
                                          LONGITUDE: 123 12 W

[TEMPERATURE DATA]      [PRECIPITATION DATA]       SYMBOLS USED IN COLUMN 16

AVERAGE MONTHLY: 75.8   TOTAL FOR MONTH:   0.07    1 = FOG OR MIST
DPTR FM NORMAL:   2.5   DPTR FM NORMAL:    0.05    2 = FOG REDUCING VISIBILITY
HIGHEST:   106 ON 15    GRTST 24HR  0.07 ON  9- 9      TO 1/4 MILE OR LESS
LOWEST:     53 ON 11                               3 = THUNDER
                        SNOW, ICE PELLETS, HAIL    4 = ICE PELLETS
                        TOTAL MONTH:   0.0 INCH    5 = HAIL
                        GRTST 24HR     0.0         6 = FREEZING RAIN OR DRIZZLE
                        GRTST DEPTH:   0           7 = DUSTSTORM OR SANDSTORM:
                                                       VSBY 1/2 MILE OR LESS
                                                   8 = SMOKE OR HAZE
[NO. OF DAYS WITH]      [WEATHER - DAYS WITH]      9 = BLOWING SNOW
                                                   X = TORNADO
MAX 32 OR BELOW:   0    0.01 INCH OR MORE:   1
MAX 90 OR ABOVE:  16    0.10 INCH OR MORE:   0
MIN 32 OR BELOW:   0    0.50 INCH OR MORE:   0
MIN  0 OR BELOW:   0    1.00 INCH OR MORE:   0

[HDD (BASE 65) ]
TOTAL THIS MO.     0    CLEAR  (SCALE 0-3)  20
DPTR FM NORMAL     0    PTCLDY (SCALE 4-7)   1
TOTAL FM JUL 1     0    CLOUDY (SCALE 8-10)  0
DPTR FM NORMAL    -1

[CDD (BASE 65) ]
TOTAL THIS MO.   232
DPTR FM NORMAL    60    [PRESSURE DATA]
TOTAL FM JAN 1   836    HIGHEST SLP M ON M
DPTR FM NORMAL   221    LOWEST  SLP 29.78 ON 17

[REMARKS]
