000
CXUS56 KEKA 251230
CF6UKI
PRELIMINARY LOCAL CLIMATOLOGICAL DATA (WS FORM: F-6)

                                          STATION:   UKIAH CA
                                          MONTH:     APRIL
                                          YEAR:      2019
                                          LATITUDE:   39  7 N
                                          LONGITUDE: 123 12 W

  TEMPERATURE IN F:       :PCPN:    SNOW:  WIND      :SUNSHINE: SKY     :PK WND
================================================================================
1   2   3   4   5  6A  6B    7    8   9   10  11  12  13   14  15   16   17  18
                                     12Z  AVG MX 2MIN
DY MAX MIN AVG DEP HDD CDD  WTR  SNW DPTH SPD SPD DIR MIN PSBL S-S WX    SPD DR
================================================================================

 1  72  51  62  10   3   0    T  0.0    0  2.3 13 150   M    M   6        17 140
 2  60  47  54   1  11   0 0.07    M    0  2.4 10 190   M    M  10 18     14 180
 3  63  49  56   3   9   0 0.00  0.0    0  5.0 14 150   M    M   9        18 150
 4  60  51  56   3   9   0    T  0.0    0  7.3 15 130   M    M  10 1      19 150
 5  58  52  55   2  10   0 0.24  0.0    0  8.3 15 160   M    M   9 1      20 160
 6  62  51  57   4   8   0 0.02  0.0    0  7.5 17 150   M    M  10 1      24 160
 7  69  54  62   9   3   0 0.02  0.0    0  5.5 14 160   M    M   9 1      19 150
 8  64  53  59   5   6   0 0.09  0.0    0  5.4 14 140   M    M   9 1      18 310
 9  63  47  55   1  10   0    T  0.0    0 12.5 24 290   M    M   1        33 300
10  68  40  54   0  11   0 0.00  0.0    0  5.8 15 290   M    M   0        21 300
11  60  45  53  -1  12   0 0.00  0.0    0  8.1 22 300   M    M   2 8      32 310
12  71  43  57   3   8   0 0.00  0.0    0  3.8 14 330   M    M   0        18 330
13  77  44  61   7   4   0 0.00  0.0    0  3.9 16 340   M    M   0        21 340
14  70  44  57   2   8   0 0.00  0.0    0  6.3 20 350   M    M   0        25 340
15  58  42  50  -5  15   0 0.15    M    0  4.1 14 160   M    M   7 1      21 150
16  67  43  55   0  10   0    T  0.0    0  4.3 14 340   M    M   3 1      18 340
17  80  41  61   5   4   0 0.00  0.0    0  1.4 10 340   M    M   0        14 310
18  89  49  69  13   0   4 0.00  0.0    0  1.2 14 310   M    M   0        18 320
19  83  50  67  11   0   2 0.00  0.0    0  3.6 15 330   M    M   0        19 330
20  66  47  57   1   8   0 0.00  0.0    0  9.1 24 270   M    M   2        35 280
21  74  43  59   3   6   0 0.00  0.0    0  4.3 15 340   M    M   0        19 340
22  85  44  65   8   0   0 0.00  0.0    0  2.4 14 290   M    M   0 1      20 290
23  91  52  72  15   0   7 0.00  0.0    0  1.8 14 330   M    M   0        20 320
24  91  54  73  16   0   8 0.00  0.0    0  3.0 13 320   M    M   0        16  10
================================================================================
SM 1701 1136       155  21  0.59     0.0 119.3          M       87
================================================================================
AV 70.9 47.3                               5.0 FASTST   M    M   4    MAX(MPH)
                                 MISC ---->  # 24 290               # 35  280
================================================================================
NOTES:
# LAST OF SEVERAL OCCURRENCES

COLUMN 17 PEAK WIND IN M.P.H.

PRELIMINARY LOCAL CLIMATOLOGICAL DATA (WS FORM: F-6) , PAGE 2

                                          STATION:  UKIAH CA
                                          MONTH:    APRIL
                                          YEAR:     2019
                                          LATITUDE:   39  7 N
                                          LONGITUDE: 123 12 W

[TEMPERATURE DATA]      [PRECIPITATION DATA]       SYMBOLS USED IN COLUMN 16

AVERAGE MONTHLY: 59.1   TOTAL FOR MONTH:   0.59    1 = FOG OR MIST
DPTR FM NORMAL:   4.5   DPTR FM NORMAL:   -1.54    2 = FOG REDUCING VISIBILITY
HIGHEST:    91 ON 24,23 GRTST 24HR  0.24 ON  5- 5      TO 1/4 MILE OR LESS
LOWEST:     40 ON 10                               3 = THUNDER
                        SNOW, ICE PELLETS, HAIL    4 = ICE PELLETS
                        TOTAL MONTH:   0.0 INCH    5 = HAIL
                        GRTST 24HR     0.0         6 = FREEZING RAIN OR DRIZZLE
                        GRTST DEPTH:   0           7 = DUSTSTORM OR SANDSTORM:
                                                       VSBY 1/2 MILE OR LESS
                                                   8 = SMOKE OR HAZE
[NO. OF DAYS WITH]      [WEATHER - DAYS WITH]      9 = BLOWING SNOW
                                                   X = TORNADO
MAX 32 OR BELOW:   0    0.01 INCH OR MORE:   6
MAX 90 OR ABOVE:   2    0.10 INCH OR MORE:   2
MIN 32 OR BELOW:   0    0.50 INCH OR MORE:   0
MIN  0 OR BELOW:   0    1.00 INCH OR MORE:   0

[HDD (BASE 65) ]
TOTAL THIS MO.   155    CLEAR  (SCALE 0-3)  15
DPTR FM NORMAL  -100    PTCLDY (SCALE 4-7)   2
TOTAL FM JUL 1  2587    CLOUDY (SCALE 8-10)  7
DPTR FM NORMAL  -315

[CDD (BASE 65) ]
TOTAL THIS MO.    21
DPTR FM NORMAL    19    [PRESSURE DATA]
TOTAL FM JAN 1    21    HIGHEST SLP M ON M
DPTR FM NORMAL    19    LOWEST  SLP 29.73 ON 15

[REMARKS]
