000
CXUS53 KSGF 230800
CF6UNO
PRELIMINARY LOCAL CLIMATOLOGICAL DATA (WS FORM: F-6)

                                          STATION:   WEST PLAINS MO
                                          MONTH:     APRIL
                                          YEAR:      2019
                                          LATITUDE:   36 52 N
                                          LONGITUDE:  91 55 W

  TEMPERATURE IN F:       :PCPN:    SNOW:  WIND      :SUNSHINE: SKY     :PK WND
================================================================================
1   2   3   4   5  6A  6B    7    8   9   10  11  12  13   14  15   16   17  18
                                     12Z  AVG MX 2MIN
DY MAX MIN AVG DEP HDD CDD  WTR  SNW DPTH SPD SPD DIR MIN PSBL S-S WX    SPD DR
================================================================================

 1  50  28  39 -14  26   0 0.00    M    M  3.6 10 120   M    M   0        15 120
 2  67  32  50  -3  15   0 0.00    M    M  6.6 17 230   M    M   0        25 230
 3  70  44  57   3   8   0 0.00    M    M  6.6 20 150   M    M   1 8      31 150
 4  58  50  54   0  11   0 0.61    M    M  5.8 17 170   M    M  10 1      24 170
 5  67  51  59   5   6   0 0.00    M    M  4.7  9 110   M    M   5 1      15  20
 6  73  46  60   5   5   0 0.06    M    M  7.2 23 160   M    M   4 12     35 160
 7  77  60  69  14   0   4    T    M    M  7.6 16 170   M    M   4 13     23 230
 8  80  59  70  15   0   5 0.00    M    M  5.0 13 340   M    M   4        22 310
 9  81  47  64   8   1   0 0.00    M    M  4.6 15  50   M    M   0        20  50
10  83  55  69  13   0   4 0.00    M    M 11.2 25 180   M    M   0        38 170
11  72  49  61   5   4   0 0.00    M    M 14.2 23 180   M    M   2        36 180
12  65  38  52  -4  13   0 0.00    M    M  8.0 17 280   M    M   0        23 280
13  56  43  50  -7  15   0 1.21    M    M 13.8 32  50   M    M   6 1      47  50
14  57  37  47 -10  18   0 0.22    M    M 11.6 28  40   M    M   6 1      38  40
15  71  35  53  -4  12   0 0.00    M    M  7.9 21 170   M    M   0        29 170
16  77  52  65   7   0   0 0.00    M    M 10.4 20 180   M    M   0        28 180
17  72  60  66   8   0   1    T    M    M 10.3 18 190   M    M   7 1      29 180
18  67  47  57  -1   8   0 1.13    M    M  8.9 20 290   M    M   9 13     30 280
19  60  45  53  -5  12   0 0.00    M    M 13.6 28 350   M    M   6        44 360
20  71  40  56  -3   9   0 0.00    M    M  6.7 17 340   M    M   0        27 350
21  80  43  62   3   3   0 0.00    M    M  7.5 18 170   M    M   0        26 190
22  82  57  70  11   0   5 0.00    M    M  7.6 17 190   M    M   0        27 210
================================================================================
SM 1536 1018       166  19  3.23    M    183.4          M       64
================================================================================
AV 69.8 46.3                               8.3 FASTST   M    M   3    MAX(MPH)
                                 MISC ---->  # 32  50               # 47   50
================================================================================
NOTES:
# LAST OF SEVERAL OCCURRENCES

COLUMN 17 PEAK WIND IN M.P.H.

PRELIMINARY LOCAL CLIMATOLOGICAL DATA (WS FORM: F-6) , PAGE 2

                                          STATION:  WEST PLAINS MO
                                          MONTH:    APRIL
                                          YEAR:     2019
                                          LATITUDE:   36 52 N
                                          LONGITUDE:  91 55 W

[TEMPERATURE DATA]      [PRECIPITATION DATA]       SYMBOLS USED IN COLUMN 16

AVERAGE MONTHLY: 58.1   TOTAL FOR MONTH:   3.23    1 = FOG OR MIST
DPTR FM NORMAL:   1.8   DPTR FM NORMAL:    0.06    2 = FOG REDUCING VISIBILITY
HIGHEST:    83 ON 10    GRTST 24HR  1.21 ON 13-13      TO 1/4 MILE OR LESS
LOWEST:     28 ON  1                               3 = THUNDER
                        SNOW, ICE PELLETS, HAIL    4 = ICE PELLETS
                        TOTAL MONTH:    M          5 = HAIL
                        GRTST 24HR    M  ON   M    6 = FREEZING RAIN OR DRIZZLE
                        GRTST DEPTH:  M  ON   M    7 = DUSTSTORM OR SANDSTORM:
                                                       VSBY 1/2 MILE OR LESS
                                                   8 = SMOKE OR HAZE
[NO. OF DAYS WITH]      [WEATHER - DAYS WITH]      9 = BLOWING SNOW
                                                   X = TORNADO
MAX 32 OR BELOW:   0    0.01 INCH OR MORE:   5
MAX 90 OR ABOVE:   0    0.10 INCH OR MORE:   4
MIN 32 OR BELOW:   2    0.50 INCH OR MORE:   3
MIN  0 OR BELOW:   0    1.00 INCH OR MORE:   2

[HDD (BASE 65) ]
TOTAL THIS MO.   166    CLEAR  (SCALE 0-3)  12
DPTR FM NORMAL   -42    PTCLDY (SCALE 4-7)   8
TOTAL FM JUL 1  4228    CLOUDY (SCALE 8-10)  2
DPTR FM NORMAL    10

[CDD (BASE 65) ]
TOTAL THIS MO.    19
DPTR FM NORMAL     2    [PRESSURE DATA]
TOTAL FM JAN 1    19    HIGHEST SLP M ON M
DPTR FM NORMAL    -2    LOWEST  SLP 29.35 ON 11

[REMARKS]
