000
CXUS54 KHGX 171515
CF6UTS
PRELIMINARY LOCAL CLIMATOLOGICAL DATA (WS FORM: F-6)

                                          STATION:   HUNTSVILLE_(ASOS)
                                          MONTH:     FEBRUARY
                                          YEAR:      2019
                                          LATITUDE:   30 45 N
                                          LONGITUDE:  95 35 W

  TEMPERATURE IN F:       :PCPN:    SNOW:  WIND      :SUNSHINE: SKY     :PK WND
================================================================================
1   2   3   4   5  6A  6B    7    8   9   10  11  12  13   14  15   16   17  18
                                     12Z  AVG MX 2MIN
DY MAX MIN AVG DEP HDD CDD  WTR  SNW DPTH SPD SPD DIR MIN PSBL S-S WX    SPD DR
================================================================================

 1  67  51  59   7   6   0    T  0.0    0  2.8  8 120   M    M   9 1      12 130
 2  67  53  60   8   5   0    T  0.0    0  3.5  8 180   M    M   9 1      13 160
 3  68  59  64  12   1   0    T  0.0    0  6.9 16 180   M    M   9 1      22 170
 4  75  64  70  17   0   5 0.00  0.0    0  6.8 14 220   M    M   7 1      19 200
 5  76  67  72  19   0   7 0.00  0.0    0  8.0 15 200   M    M   8 1      22 200
 6  77  68  73  20   0   8 0.00  0.0    0 10.7 20 180   M    M   8 1      26 180
 7  72  37  55   2  10   0 0.25  0.0    0 10.8 24 320   M    M   7 13     32 170
 8  37  31  34 -19  31   0    T  0.0    0  7.1 14 360   M    M   6 16     23  20
 9  39  31  35 -18  30   0 0.19  0.0    0  6.3 12  60   M    M  10        18  50
10  67  38  53  -1  12   0 0.03    M    0  4.1 10 190   M    M  10 1      17 150
11  70  53  62   8   3   0 0.25  0.0    0  6.9 15 190   M    M   9 1      20 200
12  61  41  51  -3  14   0 0.00  0.0    0  8.3 20 330   M    M   1        32 320
13  62  32  47  -7  18   0 0.00  0.0    0  5.4 14 180   M    M   0        19 170
14  74  48  61   7   4   0 0.00  0.0    0 12.5 23 190   M    M   2        36 210
15  78  59  69  15   0   4 0.00  0.0    0  8.2 15 190   M    M   3        21 190
16  64  46  55   0  10   0 0.00  0.0    0  3.8 10 350   M    M  10 1      15 340
================================================================================
SM 1054  778       144  24  0.72     0.0 112.1          M      108
================================================================================
AV 65.9 48.6                               7.0 FASTST   M    M   7    MAX(MPH)
                                 MISC ---->  # 24 320               # 36  210
================================================================================
NOTES:
# LAST OF SEVERAL OCCURRENCES

COLUMN 17 PEAK WIND IN M.P.H.

PRELIMINARY LOCAL CLIMATOLOGICAL DATA (WS FORM: F-6) , PAGE 2

                                          STATION:  HUNTSVILLE_(ASOS)
                                          MONTH:    FEBRUARY
                                          YEAR:     2019
                                          LATITUDE:   30 45 N
                                          LONGITUDE:  95 35 W

[TEMPERATURE DATA]      [PRECIPITATION DATA]       SYMBOLS USED IN COLUMN 16

AVERAGE MONTHLY: 57.3   TOTAL FOR MONTH:   0.72    1 = FOG OR MIST
DPTR FM NORMAL:   3.9   DPTR FM NORMAL:   -0.97    2 = FOG REDUCING VISIBILITY
HIGHEST:    78 ON 15    GRTST 24HR  0.25 ON 11-11      TO 1/4 MILE OR LESS
LOWEST:     31 ON  9, 8                            3 = THUNDER
                        SNOW, ICE PELLETS, HAIL    4 = ICE PELLETS
                        TOTAL MONTH:   0.0 INCH    5 = HAIL
                        GRTST 24HR     0.0         6 = FREEZING RAIN OR DRIZZLE
                        GRTST DEPTH:   0           7 = DUSTSTORM OR SANDSTORM:
                                                       VSBY 1/2 MILE OR LESS
                                                   8 = SMOKE OR HAZE
[NO. OF DAYS WITH]      [WEATHER - DAYS WITH]      9 = BLOWING SNOW
                                                   X = TORNADO
MAX 32 OR BELOW:   0    0.01 INCH OR MORE:   4
MAX 90 OR ABOVE:   0    0.10 INCH OR MORE:   3
MIN 32 OR BELOW:   3    0.50 INCH OR MORE:   0
MIN  0 OR BELOW:   0    1.00 INCH OR MORE:   0

[HDD (BASE 65) ]
TOTAL THIS MO.   144    CLEAR  (SCALE 0-3)   4
DPTR FM NORMAL   -52    PTCLDY (SCALE 4-7)   4
TOTAL FM JUL 1  1472    CLOUDY (SCALE 8-10)  8
DPTR FM NORMAL   135

[CDD (BASE 65) ]
TOTAL THIS MO.    24
DPTR FM NORMAL    10    [PRESSURE DATA]
TOTAL FM JAN 1    24    HIGHEST SLP M ON M
DPTR FM NORMAL     1    LOWEST  SLP 29.65 ON 16

[REMARKS]
