000
CXUS54 KHGX 211515
CF6UTS
PRELIMINARY LOCAL CLIMATOLOGICAL DATA (WS FORM: F-6)

                                          STATION:   HUNTSVILLE_(ASOS)
                                          MONTH:     APRIL
                                          YEAR:      2019
                                          LATITUDE:   30 45 N
                                          LONGITUDE:  95 35 W

  TEMPERATURE IN F:       :PCPN:    SNOW:  WIND      :SUNSHINE: SKY     :PK WND
================================================================================
1   2   3   4   5  6A  6B    7    8   9   10  11  12  13   14  15   16   17  18
                                     12Z  AVG MX 2MIN
DY MAX MIN AVG DEP HDD CDD  WTR  SNW DPTH SPD SPD DIR MIN PSBL S-S WX    SPD DR
================================================================================

 1   M   M   M   M   M   M 0.00  0.0    0  1.8  6  99   M    M   0         M  M
 2   M   M   M   M   M   M 0.00  0.0    0  1.8  8 220   M    M   0         M  M
 3  71   M   M   M   M   M 0.01  0.0    0  3.9  8 130   M    M   5 3      18  99
 4  86  63  75  10   0  10 0.01  0.0    0  6.9 13 230   M    M   6 1      20 230
 5  79  67  73   8   0   8 0.00  0.0    0  3.8  8  80   M    M   8 128    13 100
 6  77  67  72   6   0   7 0.25  0.0    0  4.5 12  60   M    M   8 138    20 360
 7  75  62  69   3   0   4 1.38  0.0    0  4.3 18 270   M    M   8 138    27 260
 8  80  62  71   5   0   6 0.01  0.0    0  5.8 18 330   M    M   5 1      26 340
 9  89  58  74   8   0   9 0.00  0.0    0  0.6  6 270   M    M   0         M  M
10  90  62  76  10   0  11 0.00  0.0    0 10.6 21 180   M    M   0        30 180
11  81  56  69   2   0   4 0.00  0.0    0  5.8 17 200   M    M   4        25 210
12  78  54  66  -1   0   1 0.00  0.0    0  5.4  9  80   M    M   4        15  50
13  82  49  66  -1   0   1 0.13  0.0    0  9.4 36 280   M    M   9 138    50 280
14  70  48  59  -9   6   0 0.00  0.0    0  9.3 23 300   M    M   3        36 300
15  81  51  66  -2   0   1 0.00  0.0    0  7.0 18 180   M    M   0        24 180
16  82  59  71   3   0   6 0.00  0.0    0  6.7 16 170   M    M   1        25 190
17  78  69  74   6   0   9    T  0.0    0  8.0 18 180   M    M  10 18     28 160
18  75  58  67  -2   0   2 1.09  0.0    0  6.9 28 320   M    M   7 13     43 300
19  71  52  62  -7   3   0 0.00  0.0    0  9.6 23 320   M    M   0        36 310
20  78  46  62  -7   3   0 0.00  0.0    0  2.7 10 270   M    M   0 8      14 250
================================================================================
SM 1423  983        12  79  2.88     0.0 114.8          M       78
================================================================================
AV 79.1 57.8                               5.7 FASTST   M    M   4    MAX(MPH)
                                 MISC ---->  # 36 280               # 50  280
================================================================================
NOTES:
# LAST OF SEVERAL OCCURRENCES

COLUMN 17 PEAK WIND IN M.P.H.

PRELIMINARY LOCAL CLIMATOLOGICAL DATA (WS FORM: F-6) , PAGE 2

                                          STATION:  HUNTSVILLE_(ASOS)
                                          MONTH:    APRIL
                                          YEAR:     2019
                                          LATITUDE:   30 45 N
                                          LONGITUDE:  95 35 W

[TEMPERATURE DATA]      [PRECIPITATION DATA]       SYMBOLS USED IN COLUMN 16

AVERAGE MONTHLY: 68.4   TOTAL FOR MONTH:   2.88    1 = FOG OR MIST
DPTR FM NORMAL:   1.8   DPTR FM NORMAL:    0.85    2 = FOG REDUCING VISIBILITY
HIGHEST:    90 ON 10    GRTST 24HR  1.38 ON  7- 7      TO 1/4 MILE OR LESS
LOWEST:     46 ON 20                               3 = THUNDER
                        SNOW, ICE PELLETS, HAIL    4 = ICE PELLETS
                        TOTAL MONTH:   0.0 INCH    5 = HAIL
                        GRTST 24HR     0.0         6 = FREEZING RAIN OR DRIZZLE
                        GRTST DEPTH:   0           7 = DUSTSTORM OR SANDSTORM:
                                                       VSBY 1/2 MILE OR LESS
                                                   8 = SMOKE OR HAZE
[NO. OF DAYS WITH]      [WEATHER - DAYS WITH]      9 = BLOWING SNOW
                                                   X = TORNADO
MAX 32 OR BELOW:   0    0.01 INCH OR MORE:   7
MAX 90 OR ABOVE:   1    0.10 INCH OR MORE:   4
MIN 32 OR BELOW:   0    0.50 INCH OR MORE:   2
MIN  0 OR BELOW:   0    1.00 INCH OR MORE:   2

[HDD (BASE 65) ]
TOTAL THIS MO.    12    CLEAR  (SCALE 0-3)   9
DPTR FM NORMAL   -34    PTCLDY (SCALE 4-7)   6
TOTAL FM JUL 1  1831    CLOUDY (SCALE 8-10)  5
DPTR FM NORMAL   143

[CDD (BASE 65) ]
TOTAL THIS MO.    79
DPTR FM NORMAL    -1    [PRESSURE DATA]
TOTAL FM JAN 1   147    HIGHEST SLP M ON M
DPTR FM NORMAL   -10    LOWEST  SLP 29.48 ON 13

[REMARKS]
