000
CXUS54 KEWX 250910
CF6UVA
PRELIMINARY LOCAL CLIMATOLOGICAL DATA (WS FORM: F-6)

                                          STATION:   UVALDE
                                          MONTH:     APRIL
                                          YEAR:      2019
                                          LATITUDE:   29 12 N
                                          LONGITUDE:  99 44 W

  TEMPERATURE IN F:       :PCPN:    SNOW:  WIND      :SUNSHINE: SKY     :PK WND
================================================================================
1   2   3   4   5  6A  6B    7    8   9   10  11  12  13   14  15   16   17  18
                                     12Z  AVG MX 2MIN
DY MAX MIN AVG DEP HDD CDD  WTR  SNW DPTH SPD SPD DIR MIN PSBL S-S WX    SPD DR
================================================================================

 1  63  40  52   M  13   0 0.00    M    M  4.2  7 160   M    M   5         M  M
 2  72  34  53   M  12   0 0.00    M    M  7.1 17 140   M    M   2        23 130
 3  67  58  63   M   2   0 0.00    M    M  8.1 12 100   M    M  10 1       M  M
 4  90  64  77   M   0  12 0.01    M    M  5.8 12 300   M    M   5 1      21 320
 5  82  59  71   M   0   6 0.00    M    M  8.8 14 110   M    M   1 1      23 110
 6  85  67  76   M   0  11 0.00    M    M  5.1 12  10   M    M   5 138    16  10
 7  77  55  66   M   0   1 0.73    M    M  9.8 28 240   M    M   2 13     40 240
 8  86  52  69   M   0   4 0.00    M    M  4.4 10 270   M    M   0         M  M
 9  92  54  73   M   0   8 0.00    M    M  5.7 12 140   M    M   0         M  M
10 100  56  78   M   0  13 0.00    M    M  9.4 18 160   M    M   0        24 180
11  83  53  68   M   0   3 0.00    M    M  7.4 16 340   M    M   0        25 340
12  80  49  65   M   0   0 0.00    M    M  9.9 18 120   M    M   2        25 120
13  71  49  60   M   5   0 0.22    M    M 15.0 27 290   M    M   2 13     35 290
14  73  40  57   M   8   0 0.00    M    M  5.2 14 340   M    M   0        18 340
15  84  44  64   M   1   0 0.00    M    M  9.4 15 120   M    M   0        23 110
16  83  60  72   M   0   7 0.00    M    M 11.2 17 140   M    M   5        24  90
17  86  57  72   M   0   7 0.85    M    M  8.9 16 100   M    M   7 3      24 100
18  79  54  67   M   0   2 0.02    M    M  9.8 22 320   M    M   1 3      30 320
19  80  49  65   M   0   0 0.00    M    M  6.2 13 320   M    M   0        21 320
20  83  48  66   M   0   1 0.00    M    M  7.4 10 120   M    M   0        17 150
21  84  55  70   M   0   5 0.00    M    M  9.3 13 140   M    M   2        20 140
22  80  64  72   M   0   7 0.00    M    M 10.3 15 130   M    M   6        21 130
23  76  66  71   M   0   6 0.00    M    M  7.8 22 140   M    M   6 1      28 140
24  69  54  62   M   3   0 0.54    M    M  8.7 15  40   M    M   6 3      25  80
================================================================================
SM 1925 1281        44  93  2.37    M    194.9          M       67
================================================================================
AV 80.2 53.4                               8.1 FASTST   M    M   3    MAX(MPH)
                                 MISC ---->  # 28 240               # 40  240
================================================================================
NOTES:
# LAST OF SEVERAL OCCURRENCES

COLUMN 17 PEAK WIND IN M.P.H.

PRELIMINARY LOCAL CLIMATOLOGICAL DATA (WS FORM: F-6) , PAGE 2

                                          STATION:  UVALDE
                                          MONTH:    APRIL
                                          YEAR:     2019
                                          LATITUDE:   29 12 N
                                          LONGITUDE:  99 44 W

[TEMPERATURE DATA]      [PRECIPITATION DATA]       SYMBOLS USED IN COLUMN 16

AVERAGE MONTHLY: 66.8   TOTAL FOR MONTH:   2.37    1 = FOG OR MIST
DPTR FM NORMAL:     M   DPTR FM NORMAL:       M    2 = FOG REDUCING VISIBILITY
HIGHEST:   100 ON 10    GRTST 24HR  0.85 ON 17-17      TO 1/4 MILE OR LESS
LOWEST:     34 ON  2                               3 = THUNDER
                        SNOW, ICE PELLETS, HAIL    4 = ICE PELLETS
                        TOTAL MONTH:    M          5 = HAIL
                        GRTST 24HR    M  ON   M    6 = FREEZING RAIN OR DRIZZLE
                        GRTST DEPTH:  M  ON   M    7 = DUSTSTORM OR SANDSTORM:
                                                       VSBY 1/2 MILE OR LESS
                                                   8 = SMOKE OR HAZE
[NO. OF DAYS WITH]      [WEATHER - DAYS WITH]      9 = BLOWING SNOW
                                                   X = TORNADO
MAX 32 OR BELOW:   0    0.01 INCH OR MORE:   6
MAX 90 OR ABOVE:   3    0.10 INCH OR MORE:   4
MIN 32 OR BELOW:   0    0.50 INCH OR MORE:   3
MIN  0 OR BELOW:   0    1.00 INCH OR MORE:   0

[HDD (BASE 65) ]
TOTAL THIS MO.    44    CLEAR  (SCALE 0-3)  15
DPTR FM NORMAL     M    PTCLDY (SCALE 4-7)   8
TOTAL FM JUL 1  1603    CLOUDY (SCALE 8-10)  1
DPTR FM NORMAL     M

[CDD (BASE 65) ]
TOTAL THIS MO.    93
DPTR FM NORMAL     M    [PRESSURE DATA]
TOTAL FM JAN 1   165    HIGHEST SLP M ON M
DPTR FM NORMAL     M    LOWEST  SLP M ON M

[REMARKS]
