909
CXUS51 KILN 191109
CF6VTA
PRELIMINARY LOCAL CLIMATOLOGICAL DATA (WS FORM: F-6)

                                          STATION:   NEWARK
                                          MONTH:     AUGUST
                                          YEAR:      2019
                                          LATITUDE:   40  1 N
                                          LONGITUDE:  82 28 W

  TEMPERATURE IN F:       :PCPN:    SNOW:  WIND      :SUNSHINE: SKY     :PK WND
================================================================================
1   2   3   4   5  6A  6B    7    8   9   10  11  12  13   14  15   16   17  18
                                     12Z  AVG MX 2MIN
DY MAX MIN AVG DEP HDD CDD  WTR  SNW DPTH SPD SPD DIR MIN PSBL S-S WX    SPD DR
================================================================================

 1  83  67  75   4   0  10 0.01    M    M  4.5 12  80   M    M   4        15  70
 2  87  67  77   6   0  12 0.00    M    M  2.7  9 340   M    M   2        14 340
 3  86  60  73   2   0   8 0.00    M    M  2.0  9 360   M    M   0 1      13 320
 4  88  57  73   2   0   8 0.00    M    M  1.3  8 290   M    M   1 12     11 280
 5  88  64  76   5   0  11 0.24    M    M  2.0 16 230   M    M   2 12     26 230
 6  86  64  75   4   0  10 0.04    M    M  5.3 25 240   M    M   1 12     35 230
 7  81  64  73   2   0   8 0.06    M    M  2.9 13 320   M    M   4 123    17 210
 8  85  59  72   1   0   7 0.20    M    M  4.8 15 260   M    M   4 123     M  M
 9  81  58  70  -1   0   5 0.00    M    M  3.2 13 310   M    M   1 12     17 290
10  83  54  69  -2   0   4 0.00    M    M  2.6 12 330   M    M   1 12     15 330
11  83  53  68  -3   0   3 0.00    M    M  1.6  8 170   M    M   1 12     11 130
12  86  59  73   2   0   8    T    M    M  3.2 13 220   M    M   2 1      17 220
13  84  72  78   7   0  13 0.36    M    M  4.6 17 240   M    M   8 1      22 230
14  86  66  76   5   0  11 0.00    M    M  2.1 10 210   M    M   4 12     12 220
15  86  64  75   4   0  10 0.00    M    M  4.1 16 210   M    M   1 12     23 250
16  85  60  73   2   0   8 0.00    M    M  3.1 12 220   M    M   1 12     15 210
17  86  62  74   3   0   9 0.51    M    M  3.6 20 270   M    M   2 123    26 270
18  91  67  79   8   0  14 0.22    M    M  5.1 26 310   M    M   2 123    34 320
================================================================================
SM 1535 1117         0 159  1.64    M     58.7          M       41
================================================================================
AV 85.3 62.1                               3.3 FASTST   M    M   2    MAX(MPH)
                                 MISC ---->  # 26 310               # 35  230
================================================================================
NOTES:
# LAST OF SEVERAL OCCURRENCES

COLUMN 17 PEAK WIND IN M.P.H.

PRELIMINARY LOCAL CLIMATOLOGICAL DATA (WS FORM: F-6) , PAGE 2

                                          STATION:  NEWARK
                                          MONTH:    AUGUST
                                          YEAR:     2019
                                          LATITUDE:   40  1 N
                                          LONGITUDE:  82 28 W

[TEMPERATURE DATA]      [PRECIPITATION DATA]       SYMBOLS USED IN COLUMN 16

AVERAGE MONTHLY: 73.7   TOTAL FOR MONTH:   1.64    1 = FOG OR MIST
DPTR FM NORMAL:   2.7   DPTR FM NORMAL:   -0.19    2 = FOG REDUCING VISIBILITY
HIGHEST:    91 ON 18    GRTST 24HR  0.51 ON 17-17      TO 1/4 MILE OR LESS
LOWEST:     53 ON 11                               3 = THUNDER
                        SNOW, ICE PELLETS, HAIL    4 = ICE PELLETS
                        TOTAL MONTH:    M          5 = HAIL
                        GRTST 24HR    M  ON   M    6 = FREEZING RAIN OR DRIZZLE
                        GRTST DEPTH:  M  ON   M    7 = DUSTSTORM OR SANDSTORM:
                                                       VSBY 1/2 MILE OR LESS
                                                   8 = SMOKE OR HAZE
[NO. OF DAYS WITH]      [WEATHER - DAYS WITH]      9 = BLOWING SNOW
                                                   X = TORNADO
MAX 32 OR BELOW:   0    0.01 INCH OR MORE:   8
MAX 90 OR ABOVE:   1    0.10 INCH OR MORE:   5
MIN 32 OR BELOW:   0    0.50 INCH OR MORE:   1
MIN  0 OR BELOW:   0    1.00 INCH OR MORE:   0

[HDD (BASE 65) ]
TOTAL THIS MO.     0    CLEAR  (SCALE 0-3)  13
DPTR FM NORMAL     0    PTCLDY (SCALE 4-7)   4
TOTAL FM JUL 1     0    CLOUDY (SCALE 8-10)  1
DPTR FM NORMAL     0

[CDD (BASE 65) ]
TOTAL THIS MO.   159
DPTR FM NORMAL    51    [PRESSURE DATA]
TOTAL FM JAN 1   809    HIGHEST SLP M ON M
DPTR FM NORMAL   350    LOWEST  SLP 29.75 ON 13

[REMARKS]
