000
CXUS55 KLBF 171200
CF6VTN
PRELIMINARY LOCAL CLIMATOLOGICAL DATA (WS FORM: F-6)

                                          STATION:   VALENTINE
                                          MONTH:     FEBRUARY
                                          YEAR:      2019
                                          LATITUDE:   42 52 N
                                          LONGITUDE: 100 33 W

  TEMPERATURE IN F:       :PCPN:    SNOW:  WIND      :SUNSHINE: SKY     :PK WND
================================================================================
1   2   3   4   5  6A  6B    7    8   9   10  11  12  13   14  15   16   17  18
                                     12Z  AVG MX 2MIN
DY MAX MIN AVG DEP HDD CDD  WTR  SNW DPTH SPD SPD DIR MIN PSBL S-S WX    SPD DR
================================================================================

 1  65  21  43  19  22   0 0.00  0.0    0  7.4 17 250   M    M   0        23 250
 2  70  28  49  24  16   0 0.00  0.0    0  8.9 22 250   M    M   0        27 250
 3  42   9  26   1  39   0    T  0.0    0 10.5 23 310   M    M   5 18     34 310
 4  12   2   7 -18  58   0 0.00  0.0    0 12.5 25 330   M    M   5        36 340
 5  14   3   9 -16  56   0 0.00  0.0    0  8.0 14  80   M    M   7        18  90
 6   6  -2   2 -23  63   0    T    T    0 12.0 20 330   M    M   9 8      28 320
 7   4 -14  -5 -30  70   0 0.01    T    T 15.2 26 320   M    M   7 8      38 330
 8  31 -17   7 -19  58   0 0.00  0.0    0  8.1 20 150   M    M   0        25 130
 9  31   9  20  -6  45   0 0.00  0.0    0 11.5 18 330   M    M   2 8      25 350
10  14   4   9 -17  56   0 0.04    T    T  8.6 17 340   M    M  10 18     22 330
11  27   4  16 -10  49   0 0.00  0.0    T  9.7 18 140   M    M   8 18     25 140
12  33   0  17  -9  48   0 0.00  0.0    T  6.4 15 330   M    M   1        21 330
13  60  15  38  12  27   0 0.00  0.0    T  3.9 18 280   M    M   3        26 260
14  38   5  22  -5  43   0    T    T    0 13.5 26 340   M    M   4 18     37 350
15  16   6  11 -16  54   0 0.14  1.0    T  9.2 17 170   M    M  10 8      24 170
16  20  14  17 -10  48   0 0.06  1.0    1 11.9 22 140   M    M   9 18     27 150
================================================================================
SM  483   87       752   0  0.25     2.0 157.3          M       80
================================================================================
AV 30.2  5.4                               9.8 FASTST   M    M   5    MAX(MPH)
                                 MISC ---->  # 26 320               # 38  330
================================================================================
NOTES:
# LAST OF SEVERAL OCCURRENCES

COLUMN 17 PEAK WIND IN M.P.H.

PRELIMINARY LOCAL CLIMATOLOGICAL DATA (WS FORM: F-6) , PAGE 2

                                          STATION:  VALENTINE
                                          MONTH:    FEBRUARY
                                          YEAR:     2019
                                          LATITUDE:   42 52 N
                                          LONGITUDE: 100 33 W

[TEMPERATURE DATA]      [PRECIPITATION DATA]       SYMBOLS USED IN COLUMN 16

AVERAGE MONTHLY: 17.8   TOTAL FOR MONTH:   0.25    1 = FOG OR MIST
DPTR FM NORMAL:  -7.9   DPTR FM NORMAL:    0.03    2 = FOG REDUCING VISIBILITY
HIGHEST:    70 ON  2    GRTST 24HR  0.14 ON 15-15      TO 1/4 MILE OR LESS
LOWEST:    -17 ON  8                               3 = THUNDER
                        SNOW, ICE PELLETS, HAIL    4 = ICE PELLETS
                        TOTAL MONTH:   2.0 INCHES  5 = HAIL
                        GRTST 24HR   1.0 ON 16-16  6 = FREEZING RAIN OR DRIZZLE
                        GRTST DEPTH:   1 ON 16     7 = DUSTSTORM OR SANDSTORM:
                                                       VSBY 1/2 MILE OR LESS
                                                   8 = SMOKE OR HAZE
[NO. OF DAYS WITH]      [WEATHER - DAYS WITH]      9 = BLOWING SNOW
                                                   X = TORNADO
MAX 32 OR BELOW:  10    0.01 INCH OR MORE:   4
MAX 90 OR ABOVE:   0    0.10 INCH OR MORE:   1
MIN 32 OR BELOW:  16    0.50 INCH OR MORE:   0
MIN  0 OR BELOW:   4    1.00 INCH OR MORE:   0

[HDD (BASE 65) ]
TOTAL THIS MO.   752    CLEAR  (SCALE 0-3)   6
DPTR FM NORMAL   125    PTCLDY (SCALE 4-7)   5
TOTAL FM JUL 1  4661    CLOUDY (SCALE 8-10)  5
DPTR FM NORMAL  -144

[CDD (BASE 65) ]
TOTAL THIS MO.     0
DPTR FM NORMAL     0    [PRESSURE DATA]
TOTAL FM JAN 1     0    HIGHEST SLP M ON M
DPTR FM NORMAL     0    LOWEST  SLP 29.43 ON  3

[REMARKS]
