000
CXUS55 KLBF 211200
CF6VTN
PRELIMINARY LOCAL CLIMATOLOGICAL DATA (WS FORM: F-6)

                                          STATION:   VALENTINE
                                          MONTH:     APRIL
                                          YEAR:      2019
                                          LATITUDE:   42 52 N
                                          LONGITUDE: 100 33 W

  TEMPERATURE IN F:       :PCPN:    SNOW:  WIND      :SUNSHINE: SKY     :PK WND
================================================================================
1   2   3   4   5  6A  6B    7    8   9   10  11  12  13   14  15   16   17  18
                                     12Z  AVG MX 2MIN
DY MAX MIN AVG DEP HDD CDD  WTR  SNW DPTH SPD SPD DIR MIN PSBL S-S WX    SPD DR
================================================================================

 1  50  22  36  -5  29   0 0.00  0.0    0  7.0 21  20   M    M   6 128    26  40
 2  59  22  41  -1  24   0 0.00  0.0    0  8.0 21 320   M    M   4        37 300
 3  47  29  38  -4  27   0 0.28  0.0    0  8.9 20 100   M    M  10 18     28 100
 4  56  38  47   5  18   0 0.00  0.0    0  7.4 16 110   M    M   7 128    21 120
 5  78  34  56  13   9   0 0.01  0.0    0  6.0 22 330   M    M   3 138    28 340
 6  76  37  57  14   8   0    T  0.0    0  5.5 18 140   M    M   1 18     22 130
 7  74  50  62  19   3   0    T  0.0    0 12.7 24 320   M    M   1        37 310
 8  73  43  58  14   7   0 0.00  0.0    0 11.2 25 330   M    M   0        36 340
 9  73  38  56  12   9   0 0.08  0.0    0 14.6 35  70   M    M   2 3      44  80
10  43  26  35  -9  30   0 0.36  2.5    0 22.4 39  40   M    M  10 12368  55  40
11  28  24  26 -19  39   0 0.44  4.4    5 23.9 33 360   M    M  10 128    46 340
12  34  23  29 -16  36   0    T  0.2    7 15.0 24 320   M    M   7 8      36 310
13  47  14  31 -15  34   0 0.00  0.0    4  6.2 14 270   M    M   0        17 280
14  60  29  45  -1  20   0 0.00  0.0    0 12.4 29 170   M    M   2        35 170
15  56  31  44  -2  21   0 0.01  0.0    0  7.1 17  20   M    M   5        24 310
16  66  36  51   4  14   0    T  0.0    0  9.8 20 110   M    M   3        27 120
17  61  38  50   3  15   0 0.02  0.0    0 13.9 30 320   M    M   5 3      41 320
18  63  31  47  -1  18   0 0.01  0.0    0 14.0 33 330   M    M   3        49 330
19  78  28  53   5  12   0 0.00  0.0    0  6.9 18 230   M    M   1 8      26 230
20  93  37  65  17   0   0 0.00  0.0    0  8.0 23 250   M    M   0        30 240
================================================================================
SM 1215  630       373   0  1.21     7.1 220.9          M       80
================================================================================
AV 60.8 31.5                              11.0 FASTST   M    M   4    MAX(MPH)
                                 MISC ---->  # 39  40               # 55   40
================================================================================
NOTES:
# LAST OF SEVERAL OCCURRENCES

COLUMN 17 PEAK WIND IN M.P.H.

PRELIMINARY LOCAL CLIMATOLOGICAL DATA (WS FORM: F-6) , PAGE 2

                                          STATION:  VALENTINE
                                          MONTH:    APRIL
                                          YEAR:     2019
                                          LATITUDE:   42 52 N
                                          LONGITUDE: 100 33 W

[TEMPERATURE DATA]      [PRECIPITATION DATA]       SYMBOLS USED IN COLUMN 16

AVERAGE MONTHLY: 46.1   TOTAL FOR MONTH:   1.21    1 = FOG OR MIST
DPTR FM NORMAL:   1.4   DPTR FM NORMAL:   -0.13    2 = FOG REDUCING VISIBILITY
HIGHEST:    93 ON 20    GRTST 24HR  0.44 ON 11-11      TO 1/4 MILE OR LESS
LOWEST:     14 ON 13                               3 = THUNDER
                        SNOW, ICE PELLETS, HAIL    4 = ICE PELLETS
                        TOTAL MONTH:   7.1 INCHES  5 = HAIL
                        GRTST 24HR   4.4 ON 11-11  6 = FREEZING RAIN OR DRIZZLE
                        GRTST DEPTH:   7 ON 12     7 = DUSTSTORM OR SANDSTORM:
                                                       VSBY 1/2 MILE OR LESS
                                                   8 = SMOKE OR HAZE
[NO. OF DAYS WITH]      [WEATHER - DAYS WITH]      9 = BLOWING SNOW
                                                   X = TORNADO
MAX 32 OR BELOW:   1    0.01 INCH OR MORE:   8
MAX 90 OR ABOVE:   1    0.10 INCH OR MORE:   3
MIN 32 OR BELOW:  11    0.50 INCH OR MORE:   0
MIN  0 OR BELOW:   0    1.00 INCH OR MORE:   0

[HDD (BASE 65) ]
TOTAL THIS MO.   373    CLEAR  (SCALE 0-3)  11
DPTR FM NORMAL   -34    PTCLDY (SCALE 4-7)   6
TOTAL FM JUL 1  6782    CLOUDY (SCALE 8-10)  3
DPTR FM NORMAL   246

[CDD (BASE 65) ]
TOTAL THIS MO.     0
DPTR FM NORMAL     0    [PRESSURE DATA]
TOTAL FM JAN 1     0    HIGHEST SLP M ON M
DPTR FM NORMAL     0    LOWEST  SLP 29.43 ON 10

[REMARKS]
