000
CXUS56 KPQR 201200
CF6VUO
PRELIMINARY LOCAL CLIMATOLOGICAL DATA (WS FORM: F-6)

                                          STATION:   VANCOUVER WA
                                          MONTH:     FEBRUARY
                                          YEAR:      2019
                                          LATITUDE:   45 37 N
                                          LONGITUDE: 122 39 W

  TEMPERATURE IN F:       :PCPN:    SNOW:  WIND      :SUNSHINE: SKY     :PK WND
================================================================================
1   2   3   4   5  6A  6B    7    8   9   10  11  12  13   14  15   16   17  18
                                     12Z  AVG MX 2MIN
DY MAX MIN AVG DEP HDD CDD  WTR  SNW DPTH SPD SPD DIR MIN PSBL S-S WX    SPD DR
================================================================================

 1  43  40  42  -1  23   0 0.10    M    M  7.7 15 110   M    M  10 1      20 110
 2  50  39  45   2  20   0 0.02    M    M  4.9 16 310   M    M   8 1      24 300
 3  47  38  43   0  22   0 0.05    M    M  4.8 17 210   M    M  10        28 190
 4  38  29  34  -9  31   0 0.02    M    M  5.6 15 310   M    M  10 1      21 320
 5  37  21  29 -14  36   0 0.04    M    M  1.9  9 110   M    M   7 1      11 110
 6  38  20  29 -14  36   0 0.00  0.0    M  2.1  9 120   M    M   1        12 120
 7  38  20  29 -14  36   0 0.00    M    M  2.5  9 140   M    M   0 8      25 340
 8  37  28  33 -10  32   0 0.13    M    M  5.9 15 120   M    M  10 18     18 110
 9  37  29  33 -10  32   0 0.16    M    M 13.5 22  90   M    M  10 1      30  80
10  38  23  31 -12  34   0 0.12    M    M  7.5 20 180   M    M   7 13     29 180
11  46  37  42  -1  23   0 0.75    M    M  8.1 20 170   M    M   9 1      30 170
12  48  37  43   0  22   0 0.98    M    M  8.0 22 200   M    M  10 1      33 210
13  45  36  41  -2  24   0 0.02    M    M  2.8  9 120   M    M  10 1      11 120
14  43  36  40  -3  25   0 0.36    M    M  8.7 18 100   M    M  10 1      25  80
15  49  37  43   0  22   0 0.18    M    M  7.3 13  90   M    M   9 1      18 160
16  43  36  40  -3  25   0 0.14    M    M  4.1  9 120   M    M   9 1      12 120
17  44  29  37  -7  28   0 0.00    M    M  1.8  9 270   M    M   8 1      13 290
18  44  27  36  -8  29   0    T    M    M  0.7  8 300   M    M   8 12     10 290
19  44  37  41  -3  24   0 0.19    M    M  3.3 14 270   M    M  10 1      17 250
================================================================================
SM  809  599       524   0  3.26     0.0 101.2          M      156
================================================================================
AV 42.6 31.5                               5.3 FASTST   M    M   8    MAX(MPH)
                                 MISC ---->  # 22  90               # 33  210
================================================================================
NOTES:
# LAST OF SEVERAL OCCURRENCES

COLUMN 17 PEAK WIND IN M.P.H.

PRELIMINARY LOCAL CLIMATOLOGICAL DATA (WS FORM: F-6) , PAGE 2

                                          STATION:  VANCOUVER WA
                                          MONTH:    FEBRUARY
                                          YEAR:     2019
                                          LATITUDE:   45 37 N
                                          LONGITUDE: 122 39 W

[TEMPERATURE DATA]      [PRECIPITATION DATA]       SYMBOLS USED IN COLUMN 16

AVERAGE MONTHLY: 37.1   TOTAL FOR MONTH:   3.26    1 = FOG OR MIST
DPTR FM NORMAL:  -6.1   DPTR FM NORMAL:    0.44    2 = FOG REDUCING VISIBILITY
HIGHEST:    50 ON  2    GRTST 24HR  0.98 ON 12-12      TO 1/4 MILE OR LESS
LOWEST:     20 ON  7, 6                            3 = THUNDER
                        SNOW, ICE PELLETS, HAIL    4 = ICE PELLETS
                        TOTAL MONTH:   0.0 INCH    5 = HAIL
                        GRTST 24HR     0.0         6 = FREEZING RAIN OR DRIZZLE
                        GRTST DEPTH:  M  ON   M    7 = DUSTSTORM OR SANDSTORM:
                                                       VSBY 1/2 MILE OR LESS
                                                   8 = SMOKE OR HAZE
[NO. OF DAYS WITH]      [WEATHER - DAYS WITH]      9 = BLOWING SNOW
                                                   X = TORNADO
MAX 32 OR BELOW:   0    0.01 INCH OR MORE:  15
MAX 90 OR ABOVE:   0    0.10 INCH OR MORE:  10
MIN 32 OR BELOW:   9    0.50 INCH OR MORE:   2
MIN  0 OR BELOW:   0    1.00 INCH OR MORE:   0

[HDD (BASE 65) ]
TOTAL THIS MO.   524    CLEAR  (SCALE 0-3)   2
DPTR FM NORMAL   109    PTCLDY (SCALE 4-7)   5
TOTAL FM JUL 1  2873    CLOUDY (SCALE 8-10) 12
DPTR FM NORMAL   -54

[CDD (BASE 65) ]
TOTAL THIS MO.     0
DPTR FM NORMAL     0    [PRESSURE DATA]
TOTAL FM JAN 1     0    HIGHEST SLP M ON M
DPTR FM NORMAL     0    LOWEST  SLP 29.10 ON 14

[REMARKS]
