000
CXUS56 KLOX 221655
CF6WJF
PRELIMINARY LOCAL CLIMATOLOGICAL DATA (WS FORM: F-6)

                                          STATION:   LANCASTER FOX FIELD CA
                                          MONTH:     FEBRUARY
                                          YEAR:      2019
                                          LATITUDE:   34 43 N
                                          LONGITUDE: 118 13 W

  TEMPERATURE IN F:       :PCPN:    SNOW:  WIND      :SUNSHINE: SKY     :PK WND
================================================================================
1   2   3   4   5  6A  6B    7    8   9   10  11  12  13   14  15   16   17  18
                                     12Z  AVG MX 2MIN
DY MAX MIN AVG DEP HDD CDD  WTR  SNW DPTH SPD SPD DIR MIN PSBL S-S WX    SPD DR
================================================================================

 1  54  36  45  -1  20   0    T    M    0  4.2 14 240   M    M   6 12     17 230
 2  54  44  49   3  16   0 0.66    M    0 12.7 30 250   M    M   8 1      35 250
 3  54  44  49   3  16   0 0.02    M    0 13.3 23 210   M    M   7 1      33 210
 4  52  40  46  -1  19   0 0.18    M    0 16.8 31 200   M    M   8 1      35 210
 5  45  32  39  -8  26   0 0.03    M    0 17.5 28 280   M    M   7 1      34 280
 6  44  32  38  -9  27   0 0.00  0.0    0 12.8 29 290   M    M   1 8       M  M
 7  49  24  37 -10  28   0 0.00  0.0    0  4.8 13  60   M    M   0        17  70
 8  52  24  38  -9  27   0 0.00  0.0    0  6.0 21 240   M    M   0        25 250
 9  53  37  45  -2  20   0 0.00  0.0    0 13.8 23 210   M    M   4        28 210
10  50  33  42  -6  23   0 0.17    M    0 16.9 33 250   M    M   5 1      41 240
11  49  26  38 -10  27   0 0.00  0.0    0  4.0 10 270   M    M   0        12  50
12  48  23  36 -12  29   0 0.00  0.0    0  3.3  9  60   M    M   0        12  70
13  53  37  45  -3  20   0    T    M    0  6.6 28 250   M    M   8 1      32 250
14  59  41  50   2  15   0 0.68    M    0 13.8 39 250   M    M   7 1      50 250
15  51  39  45  -3  20   0 0.03    M    0 16.0 28 220   M    M   4 1      34 220
16  50  35  43  -5  22   0 0.00  0.0    0 18.2 35 280   M    M   1 8      43 270
17  48  33  41  -8  24   0 0.06    M    0 18.3 35 300   M    M   4 1      40 280
18  48  31  40  -9  25   0 0.00  0.0    0 11.6 29 300   M    M   1        35 300
19  47  26  37 -12  28   0 0.00  0.0    0  6.2 20 280   M    M   0        23 260
20  49  35  42  -7  23   0 0.01    M    0 15.7 31 250   M    M   5 8      38 260
21  46  29  38 -11  27   0 0.08    M    0  9.9 25 270   M    M   6 1      28 260
================================================================================
SM 1055  701       482   0  1.92     0.0 242.4          M       82
================================================================================
AV 50.2 33.4                              11.5 FASTST   M    M   4    MAX(MPH)
                                 MISC ---->  # 39 250               # 50  250
================================================================================
NOTES:
# LAST OF SEVERAL OCCURRENCES

COLUMN 17 PEAK WIND IN M.P.H.

PRELIMINARY LOCAL CLIMATOLOGICAL DATA (WS FORM: F-6) , PAGE 2

                                          STATION:  LANCASTER FOX FIELD CA
                                          MONTH:    FEBRUARY
                                          YEAR:     2019
                                          LATITUDE:   34 43 N
                                          LONGITUDE: 118 13 W

[TEMPERATURE DATA]      [PRECIPITATION DATA]       SYMBOLS USED IN COLUMN 16

AVERAGE MONTHLY: 41.8   TOTAL FOR MONTH:   1.92    1 = FOG OR MIST
DPTR FM NORMAL:  -5.9   DPTR FM NORMAL:    0.55    2 = FOG REDUCING VISIBILITY
HIGHEST:    59 ON 14    GRTST 24HR  0.68 ON 14-14      TO 1/4 MILE OR LESS
LOWEST:     23 ON 12                               3 = THUNDER
                        SNOW, ICE PELLETS, HAIL    4 = ICE PELLETS
                        TOTAL MONTH:   0.0 INCH    5 = HAIL
                        GRTST 24HR     0.0         6 = FREEZING RAIN OR DRIZZLE
                        GRTST DEPTH:   0           7 = DUSTSTORM OR SANDSTORM:
                                                       VSBY 1/2 MILE OR LESS
                                                   8 = SMOKE OR HAZE
[NO. OF DAYS WITH]      [WEATHER - DAYS WITH]      9 = BLOWING SNOW
                                                   X = TORNADO
MAX 32 OR BELOW:   0    0.01 INCH OR MORE:  10
MAX 90 OR ABOVE:   0    0.10 INCH OR MORE:   4
MIN 32 OR BELOW:   9    0.50 INCH OR MORE:   2
MIN  0 OR BELOW:   0    1.00 INCH OR MORE:   0

[HDD (BASE 65) ]
TOTAL THIS MO.   482    CLEAR  (SCALE 0-3)   8
DPTR FM NORMAL   118    PTCLDY (SCALE 4-7)  11
TOTAL FM JUL 1  2202    CLOUDY (SCALE 8-10)  2
DPTR FM NORMAL    13

[CDD (BASE 65) ]
TOTAL THIS MO.     0
DPTR FM NORMAL     0    [PRESSURE DATA]
TOTAL FM JAN 1     0    HIGHEST SLP M ON M
DPTR FM NORMAL     0    LOWEST  SLP 29.55 ON 21

[REMARKS]
