000
CXUS56 KLOX 181155
CF6WJF
PRELIMINARY LOCAL CLIMATOLOGICAL DATA (WS FORM: F-6)

                                          STATION:   LANCASTER FOX FIELD CA
                                          MONTH:     APRIL
                                          YEAR:      2019
                                          LATITUDE:   34 43 N
                                          LONGITUDE: 118 13 W

  TEMPERATURE IN F:       :PCPN:    SNOW:  WIND      :SUNSHINE: SKY     :PK WND
================================================================================
1   2   3   4   5  6A  6B    7    8   9   10  11  12  13   14  15   16   17  18
                                     12Z  AVG MX 2MIN
DY MAX MIN AVG DEP HDD CDD  WTR  SNW DPTH SPD SPD DIR MIN PSBL S-S WX    SPD DR
================================================================================

 1  76  37  57   1   8   0 0.00  0.0    0  6.6 20 240   M    M   0        23 250
 2  69  49  59   3   6   0 0.00  0.0    0 18.1 29 240   M    M   1        40 210
 3  66  47  57   1   8   0 0.00  0.0    0 14.1 25 230   M    M   0        30 230
 4  63  46  55  -1  10   0 0.04    M    0 15.8 37 250   M    M   3        44 240
 5  63  46  55  -1  10   0 0.00  0.0    0 18.4 33 260   M    M   3        40 260
 6  73  46  60   4   5   0 0.00  0.0    0 14.6 31 280   M    M   0        35 250
 7  81  47  64   7   1   0 0.00  0.0    0 12.7 30 270   M    M   0        37 270
 8  86  50  68  11   0   3 0.00  0.0    0 12.0 31 280   M    M   0        36 280
 9  63  49  56  -1   9   0 0.00  0.0    0 24.0 39 270   M    M   0        47 280
10  66  42  54  -3  11   0 0.00  0.0    0 15.9 32 300   M    M   0        39 300
11  67  48  58   0   7   0 0.00  0.0    0 20.2 41 290   M    M   0        51 290
12  69  43  56  -2   9   0 0.00  0.0    0 12.8 28 270   M    M   2        34 300
13  76  32  54  -4  11   0 0.00  0.0    0  7.3 22 220   M    M   0        28 230
14  75  52  64   6   1   0 0.00  0.0    0 17.5 30 240   M    M   0        37 210
15  71  52  62   3   3   0 0.00  0.0    0 18.8 30 260   M    M   0        38 230
16  65  47  56  -3   9   0 0.00  0.0    0 18.5 36 270   M    M   1        45 270
17  78  40  59   0   6   0 0.00  0.0    0  4.9 17 290   M    M   0        21 290
================================================================================
SM 1207  773       114   3  0.04     0.0 252.2          M       10
================================================================================
AV 71.0 45.5                              14.8 FASTST   M    M   1    MAX(MPH)
                                 MISC ---->  # 41 290               # 51  290
================================================================================
NOTES:
# LAST OF SEVERAL OCCURRENCES

COLUMN 17 PEAK WIND IN M.P.H.

PRELIMINARY LOCAL CLIMATOLOGICAL DATA (WS FORM: F-6) , PAGE 2

                                          STATION:  LANCASTER FOX FIELD CA
                                          MONTH:    APRIL
                                          YEAR:     2019
                                          LATITUDE:   34 43 N
                                          LONGITUDE: 118 13 W

[TEMPERATURE DATA]      [PRECIPITATION DATA]       SYMBOLS USED IN COLUMN 16

AVERAGE MONTHLY: 58.2   TOTAL FOR MONTH:   0.04    1 = FOG OR MIST
DPTR FM NORMAL:   1.0   DPTR FM NORMAL:   -0.20    2 = FOG REDUCING VISIBILITY
HIGHEST:    86 ON  8    GRTST 24HR  0.04 ON  4- 4      TO 1/4 MILE OR LESS
LOWEST:     32 ON 13                               3 = THUNDER
                        SNOW, ICE PELLETS, HAIL    4 = ICE PELLETS
                        TOTAL MONTH:   0.0 INCH    5 = HAIL
                        GRTST 24HR     0.0         6 = FREEZING RAIN OR DRIZZLE
                        GRTST DEPTH:   0           7 = DUSTSTORM OR SANDSTORM:
                                                       VSBY 1/2 MILE OR LESS
                                                   8 = SMOKE OR HAZE
[NO. OF DAYS WITH]      [WEATHER - DAYS WITH]      9 = BLOWING SNOW
                                                   X = TORNADO
MAX 32 OR BELOW:   0    0.01 INCH OR MORE:   1
MAX 90 OR ABOVE:   0    0.10 INCH OR MORE:   0
MIN 32 OR BELOW:   1    0.50 INCH OR MORE:   0
MIN  0 OR BELOW:   0    1.00 INCH OR MORE:   0

[HDD (BASE 65) ]
TOTAL THIS MO.   114    CLEAR  (SCALE 0-3)  17
DPTR FM NORMAL   -28    PTCLDY (SCALE 4-7)   0
TOTAL FM JUL 1  2870    CLOUDY (SCALE 8-10)  0
DPTR FM NORMAL    67

[CDD (BASE 65) ]
TOTAL THIS MO.     3
DPTR FM NORMAL    -5    [PRESSURE DATA]
TOTAL FM JAN 1     3    HIGHEST SLP M ON M
DPTR FM NORMAL    -7    LOWEST  SLP 29.69 ON 12

[REMARKS]
