000
CXUS56 KLKN 241009
CF6WMC
PRELIMINARY LOCAL CLIMATOLOGICAL DATA (WS FORM: F-6)

                                          STATION:   WINNEMUCCA AIRPORT NV
                                          MONTH:     APRIL
                                          YEAR:      2019
                                          LATITUDE:   40 54 N
                                          LONGITUDE: 117 48 W

  TEMPERATURE IN F:       :PCPN:    SNOW:  WIND      :SUNSHINE: SKY     :PK WND
================================================================================
1   2   3   4   5  6A  6B    7    8   9   10  11  12  13   14  15   16   17  18
                                     12Z  AVG MX 2MIN
DY MAX MIN AVG DEP HDD CDD  WTR  SNW DPTH SPD SPD DIR MIN PSBL S-S WX    SPD DR
================================================================================

 1  64  29  47   3  18   0 0.04  0.0    0  6.4 15 240   M    M   6 1      20 250
 2  56  45  51   7  14   0 0.28  0.0    0  6.7 23 260   M    M   9 1      31 260
 3  58  37  48   4  17   0 0.00  0.0    0  4.7 18 260   M    M   5        24 250
 4  64  33  49   5  16   0 0.03  0.0    0  6.6 22 230   M    M   3 3      28 230
 5  58  34  46   2  19   0    T  0.0    0  7.9 23 250   M    M   7        30 240
 6  60  32  46   2  19   0 0.00  0.0    0  9.0 23 230   M    M   5        28 220
 7  68  48  58  14   7   0 0.00  0.0    0 13.3 26 230   M    M   4        38 230
 8  71  46  59  14   6   0 0.02  0.0    0 13.0 24 240   M    M   5        34 240
 9  52  37  45   0  20   0 0.13  0.0    0 15.1 35 340   M    M   8 1      41 350
10  55  32  44  -1  21   0    T    T    0 13.7 28 310   M    M   5        35 290
11  49  37  43  -2  22   0 0.11  0.0    0  7.7 18 320   M    M  10 1      23 300
12  55  33  44  -2  21   0 0.02  0.0    0  6.5 18 290   M    M   8        23 290
13  64  28  46   0  19   0 0.00  0.0    0  8.2 21 160   M    M   2        25 160
14  62  47  55   9  10   0    T  0.0    0 11.0 29 220   M    M  10        37 220
15  64  40  52   6  13   0    T  0.0    0  8.5 26 250   M    M   8        34 250
16  58  28  43  -3  22   0    T  0.0    0  7.5 17 230   M    M   5        23 230
17  69  24  47   0  18   0 0.00  0.0    0  4.9 15 330   M    M   0        19 330
18  76  33  55   8  10   0 0.00  0.0    0  5.0 10 110   M    M   0        14  80
19  80  35  58  11   7   0    T  0.0    0  7.0 21 190   M    M   1        25 190
20  71  43  57   9   8   0    T  0.0    0 10.4 36 270   M    M   4 8      43 270
21  63  39  51   3  14   0 0.02  0.0    0 13.8 22 330   M    M   7        28 340
22  71  30  51   3  14   0 0.00  0.0    0  5.6 13 360   M    M   0        17  20
23  76  30  53   5  12   0 0.00  0.0    0  4.2 13 360   M    M   0        16 350
================================================================================
SM 1464  820       347   0  0.65    T    196.7          M      112
================================================================================
AV 63.7 35.7                               8.6 FASTST   M    M   5    MAX(MPH)
                                 MISC ---->  # 36 270               # 43  270
================================================================================
NOTES:
# LAST OF SEVERAL OCCURRENCES

COLUMN 17 PEAK WIND IN M.P.H.

PRELIMINARY LOCAL CLIMATOLOGICAL DATA (WS FORM: F-6) , PAGE 2

                                          STATION:  WINNEMUCCA AIRPORT NV
                                          MONTH:    APRIL
                                          YEAR:     2019
                                          LATITUDE:   40 54 N
                                          LONGITUDE: 117 48 W

[TEMPERATURE DATA]      [PRECIPITATION DATA]       SYMBOLS USED IN COLUMN 16

AVERAGE MONTHLY: 49.7   TOTAL FOR MONTH:   0.65    1 = FOG OR MIST
DPTR FM NORMAL:   4.0   DPTR FM NORMAL:   -0.01    2 = FOG REDUCING VISIBILITY
HIGHEST:    80 ON 19    GRTST 24HR  0.28 ON  2- 2      TO 1/4 MILE OR LESS
LOWEST:     24 ON 17                               3 = THUNDER
                        SNOW, ICE PELLETS, HAIL    4 = ICE PELLETS
                        TOTAL MONTH:    T          5 = HAIL
                        GRTST 24HR    T  ON 10-10  6 = FREEZING RAIN OR DRIZZLE
                        GRTST DEPTH:   0           7 = DUSTSTORM OR SANDSTORM:
                                                       VSBY 1/2 MILE OR LESS
                                                   8 = SMOKE OR HAZE
[NO. OF DAYS WITH]      [WEATHER - DAYS WITH]      9 = BLOWING SNOW
                                                   X = TORNADO
MAX 32 OR BELOW:   0    0.01 INCH OR MORE:   8
MAX 90 OR ABOVE:   0    0.10 INCH OR MORE:   3
MIN 32 OR BELOW:   8    0.50 INCH OR MORE:   0
MIN  0 OR BELOW:   0    1.00 INCH OR MORE:   0

[HDD (BASE 65) ]
TOTAL THIS MO.   347    CLEAR  (SCALE 0-3)   6
DPTR FM NORMAL   -96    PTCLDY (SCALE 4-7)  12
TOTAL FM JUL 1  5567    CLOUDY (SCALE 8-10)  5
DPTR FM NORMAL  -204

[CDD (BASE 65) ]
TOTAL THIS MO.     0
DPTR FM NORMAL     0    [PRESSURE DATA]
TOTAL FM JAN 1     0    HIGHEST SLP M ON M
DPTR FM NORMAL     0    LOWEST  SLP 29.54 ON 15

[REMARKS]
