000
CXUS55 KRIW 210945
CF6WRL
PRELIMINARY LOCAL CLIMATOLOGICAL DATA (WS FORM: F-6)

                                          STATION:   WORLAND WY
                                          MONTH:     APRIL
                                          YEAR:      2019
                                          LATITUDE:   43 58 N
                                          LONGITUDE: 107 57 W

  TEMPERATURE IN F:       :PCPN:    SNOW:  WIND      :SUNSHINE: SKY     :PK WND
================================================================================
1   2   3   4   5  6A  6B    7    8   9   10  11  12  13   14  15   16   17  18
                                     12Z  AVG MX 2MIN
DY MAX MIN AVG DEP HDD CDD  WTR  SNW DPTH SPD SPD DIR MIN PSBL S-S WX    SPD DR
================================================================================

 1  54  30  42   0  23   0 0.00    M    M  5.0 17 340   M    M   6        28 230
 2  56  25  41  -1  24   0 0.00    M    M  5.1 14 110   M    M   5        17 110
 3  58  35  47   5  18   0 0.00    M    M  3.4 10 180   M    M   8        14 180
 4  68  31  50   8  15   0 0.00    M    M  5.0 13 150   M    M   2 8      17 150
 5  70  35  53  10  12   0 0.00    M    M  5.2 21 200   M    M   2        25 200
 6  70  33  52   9  13   0 0.00    M    M  7.3 30 340   M    M   1        36 330
 7  69  32  51   8  14   0 0.00    M    M  6.8 18 240   M    M   2        25 210
 8  71  31  51   8  14   0 0.00    M    M  5.6 16 340   M    M   4        19 350
 9  62  41  52   8  13   0 0.06    M    M  8.6 28 340   M    M   8 18     32 350
10  45  31  38  -6  27   0 0.22    M    M 15.8 36 340   M    M   9 1      45 340
11  50  27  39  -5  26   0 0.00    M    M 14.2 30 330   M    M   2        40 330
12  49  22  36  -8  29   0 0.00    M    M  7.3 20 340   M    M   3        24 300
13  55  20  38  -7  27   0 0.00    M    M  4.7 15 140   M    M   2        19 190
14  64  29  47   2  18   0 0.00    M    M  5.1 13 340   M    M   4        18 300
15  59  34  47   2  18   0 0.00    M    M  5.6 13 300   M    M   3        16 330
16  64  34  49   3  16   0 0.02    M    M  7.8 18 330   M    M   7        24 320
17  58  32  45  -1  20   0    T    M    M  6.1 21 360   M    M   5        26 350
18  67  34  51   5  14   0 0.00    M    M  7.3 18 340   M    M   2        23 340
19  78  34  56  10   9   0 0.00    M    M  5.6 13 120   M    M   0        20 210
20  77  42  60  13   5   0 0.00    M    M  6.7 28 330   M    M   2 8      34 330
================================================================================
SM 1244  632       355   0  0.30    M    138.2          M       77
================================================================================
AV 62.2 31.6                               6.9 FASTST   M    M   4    MAX(MPH)
                                 MISC ---->  # 36 340               # 45  340
================================================================================
NOTES:
# LAST OF SEVERAL OCCURRENCES

COLUMN 17 PEAK WIND IN M.P.H.

PRELIMINARY LOCAL CLIMATOLOGICAL DATA (WS FORM: F-6) , PAGE 2

                                          STATION:  WORLAND WY
                                          MONTH:    APRIL
                                          YEAR:     2019
                                          LATITUDE:   43 58 N
                                          LONGITUDE: 107 57 W

[TEMPERATURE DATA]      [PRECIPITATION DATA]       SYMBOLS USED IN COLUMN 16

AVERAGE MONTHLY: 46.9   TOTAL FOR MONTH:   0.30    1 = FOG OR MIST
DPTR FM NORMAL:   2.8   DPTR FM NORMAL:   -0.16    2 = FOG REDUCING VISIBILITY
HIGHEST:    78 ON 19    GRTST 24HR  0.22 ON 10-10      TO 1/4 MILE OR LESS
LOWEST:     20 ON 13                               3 = THUNDER
                        SNOW, ICE PELLETS, HAIL    4 = ICE PELLETS
                        TOTAL MONTH:    M          5 = HAIL
                        GRTST 24HR    M  ON   M    6 = FREEZING RAIN OR DRIZZLE
                        GRTST DEPTH:  M  ON   M    7 = DUSTSTORM OR SANDSTORM:
                                                       VSBY 1/2 MILE OR LESS
                                                   8 = SMOKE OR HAZE
[NO. OF DAYS WITH]      [WEATHER - DAYS WITH]      9 = BLOWING SNOW
                                                   X = TORNADO
MAX 32 OR BELOW:   0    0.01 INCH OR MORE:   3
MAX 90 OR ABOVE:   0    0.10 INCH OR MORE:   1
MIN 32 OR BELOW:  11    0.50 INCH OR MORE:   0
MIN  0 OR BELOW:   0    1.00 INCH OR MORE:   0

[HDD (BASE 65) ]
TOTAL THIS MO.   355    CLEAR  (SCALE 0-3)  10
DPTR FM NORMAL   -61    PTCLDY (SCALE 4-7)   9
TOTAL FM JUL 1  7799    CLOUDY (SCALE 8-10)  1
DPTR FM NORMAL   497

[CDD (BASE 65) ]
TOTAL THIS MO.     0
DPTR FM NORMAL     0    [PRESSURE DATA]
TOTAL FM JAN 1     0    HIGHEST SLP M ON M
DPTR FM NORMAL     0    LOWEST  SLP 29.51 ON 14

[REMARKS]
