000
CXUS55 KRIW 170945
CF6WRL
PRELIMINARY LOCAL CLIMATOLOGICAL DATA (WS FORM: F-6)

                                          STATION:   WORLAND WY
                                          MONTH:     FEBRUARY
                                          YEAR:      2019
                                          LATITUDE:   43 58 N
                                          LONGITUDE: 107 57 W

  TEMPERATURE IN F:       :PCPN:    SNOW:  WIND      :SUNSHINE: SKY     :PK WND
================================================================================
1   2   3   4   5  6A  6B    7    8   9   10  11  12  13   14  15   16   17  18
                                     12Z  AVG MX 2MIN
DY MAX MIN AVG DEP HDD CDD  WTR  SNW DPTH SPD SPD DIR MIN PSBL S-S WX    SPD DR
================================================================================

 1  42  11  27   8  38   0 0.00    M    M  7.1 16 140   M    M   0        19 150
 2  42  14  28   9  37   0 0.00    M    M  2.9 15 120   M    M   0        17 120
 3  41   2  22   2  43   0    T    M    M 10.6 20 340   M    M   8 18     26  10
 4  11   1   6 -14  59   0    T    M    M  6.4 12 360   M    M  10 1      13  10
 5   6   1   4 -16  61   0    T    M    M  7.4 13  10   M    M  10 18     15 360
 6   2 -10  -4 -24  69   0    T    M    M  7.0 13 340   M    M  10 8      16 330
 7   7 -17  -5 -26  70   0    T    M    M  3.3  9 180   M    M   1        10 170
 8  16 -16   0 -21  65   0 0.00    M    M  3.0 10 200   M    M   0        11 210
 9  10  -9   1 -20  64   0    T    M    M  5.6 14 350   M    M   7 18     16 350
10  18  -9   5 -17  60   0 0.00    M    M  2.3  9  70   M    M   3        10  20
11  29   3  16  -6  49   0 0.00    M    M  4.2 17 120   M    M   2        19 130
12  38   2  20  -2  45   0 0.00    M    M  5.5 17 130   M    M   0        19 130
13  43  20  32   9  33   0 0.00    M    M  9.4 22 190   M    M   0        24 200
14  33  12  23   0  42   0    T    M    M  4.4 16 350   M    M   6        21 350
15  35  20  28   4  37   0 0.03    M    M  3.5 10  30   M    M   6 1      13  30
16  35  16  26   2  39   0 0.00    M    M  6.1 17 360   M    M   6        24 360
================================================================================
SM  408   41       811   0  0.03    M     88.7          M       69
================================================================================
AV 25.5  2.6                               5.5 FASTST   M    M   4    MAX(MPH)
                                 MISC ---->  # 22 190               # 26   10
================================================================================
NOTES:
# LAST OF SEVERAL OCCURRENCES

COLUMN 17 PEAK WIND IN M.P.H.

PRELIMINARY LOCAL CLIMATOLOGICAL DATA (WS FORM: F-6) , PAGE 2

                                          STATION:  WORLAND WY
                                          MONTH:    FEBRUARY
                                          YEAR:     2019
                                          LATITUDE:   43 58 N
                                          LONGITUDE: 107 57 W

[TEMPERATURE DATA]      [PRECIPITATION DATA]       SYMBOLS USED IN COLUMN 16

AVERAGE MONTHLY: 14.0   TOTAL FOR MONTH:   0.03    1 = FOG OR MIST
DPTR FM NORMAL:  -7.3   DPTR FM NORMAL:   -0.07    2 = FOG REDUCING VISIBILITY
HIGHEST:    43 ON 13    GRTST 24HR  0.03 ON 15-15      TO 1/4 MILE OR LESS
LOWEST:    -17 ON  7                               3 = THUNDER
                        SNOW, ICE PELLETS, HAIL    4 = ICE PELLETS
                        TOTAL MONTH:    M          5 = HAIL
                        GRTST 24HR    M  ON   M    6 = FREEZING RAIN OR DRIZZLE
                        GRTST DEPTH:  M  ON   M    7 = DUSTSTORM OR SANDSTORM:
                                                       VSBY 1/2 MILE OR LESS
                                                   8 = SMOKE OR HAZE
[NO. OF DAYS WITH]      [WEATHER - DAYS WITH]      9 = BLOWING SNOW
                                                   X = TORNADO
MAX 32 OR BELOW:   8    0.01 INCH OR MORE:   1
MAX 90 OR ABOVE:   0    0.10 INCH OR MORE:   0
MIN 32 OR BELOW:  16    0.50 INCH OR MORE:   0
MIN  0 OR BELOW:   5    1.00 INCH OR MORE:   0

[HDD (BASE 65) ]
TOTAL THIS MO.   811    CLEAR  (SCALE 0-3)   8
DPTR FM NORMAL   112    PTCLDY (SCALE 4-7)   5
TOTAL FM JUL 1  5717    CLOUDY (SCALE 8-10)  3
DPTR FM NORMAL   170

[CDD (BASE 65) ]
TOTAL THIS MO.     0
DPTR FM NORMAL     0    [PRESSURE DATA]
TOTAL FM JAN 1     0    HIGHEST SLP M ON M
DPTR FM NORMAL     0    LOWEST  SLP 29.40 ON  3

[REMARKS]
