000
CXUS56 KTFX 160915
CF6WYS
15
PRELIMINARY LOCAL CLIMATOLOGICAL DATA (WS FORM: F-6)

                                          STATION:   WEST YELLOWSTO MT
                                          MONTH:     February
                                          YEAR:      2019
                                          LATITUDE:   44.68  N
                                          LONGITUDE: 111.12  W

  TEMPERATURE IN F:       :PCPN:    SNOW:  WIND      :SUNSHINE: SKY     :PK WND
================================================================================
1   2   3   4   5  6A  6B    7    8   9   10  11  12  13   14  15   16   17  18
                                     12Z  AVG MX 2MIN
DY MAX MIN AVG DEP HDD CDD  WTR  SNW DPTH SPD SPD DIR MIN PSBL S-S WX    SPD DR
================================================================================

01  36   0  18   5  47   0  0.00  M    M  3.1  M   M   M    M   M        18  250
02  34  16  25  12  40   0  0.04  M    M  6.7  M   M   M    M   M        24  230
03  34  28  31  18  34   0  0.02  M    M 16.0  M   M   M    M   M        43  240
04  30  25  27  14  38   0  0.00  M    M  9.9  M   M   M    M   M        28  230
05  27  18  22   9  43   0  0.06  M    M  6.6  M   M   M    M   M        24  230
06  18  -9   4  -9  61   0  0.00  M    M  3.0  M   M   M    M   M        24  360
07   9 -27  -9 -22  74   0  0.00  M    M  5.0  M   M   M    M   M        29  350
08  16   0   8  -6  57   0  0.00  M    M  4.0  M   M   M    M   M        18  260
09  21   7  14   0  51   0  0.01  M    M  1.3  M   M   M    M   M        M     M
10  25   5  15   1  50   0  0.01  M    M  5.4  M   M   M    M   M        22  240
11  16   5  10  -4  55   0  0.00  M    M 12.2  M   M   M    M   M        32  240
12  21  16  18   4  47   0  0.00  M    M  8.6  M   M   M    M   M        29  250
13  28  18  23   9  42   0  0.00  M    M  9.6  M   M   M    M   M        37  340
14  34  18  26  11  39   0  0.02  M    M  4.7  M   M   M    M   M        22  340
15  32  21  26  11  39   0  0.00  M    M 14.0  M   M   M    M   M        41  240
================================================================================
SM 381 141         717  0  0.16         110.1
================================================================================
AV 25.4 9.4                              7.3                        MAX(MPH)
                                                                      43

[TEMPERATURE DATA]      [PRECIPITATION DATA]

Average Monthly:  17.4  Total for Month:  0.16
Dptr fm Normal:    3.5  Dptr fm Normal:  -0.75
