000
CXUS56 KTFX 210915
CF6WYS
20
PRELIMINARY LOCAL CLIMATOLOGICAL DATA (WS FORM: F-6)

                                          STATION:   WEST YELLOWSTO MT
                                          MONTH:     July
                                          YEAR:      2019
                                          LATITUDE:   44.68  N
                                          LONGITUDE: 111.12  W

  TEMPERATURE IN F:       :PCPN:    SNOW:  WIND      :SUNSHINE: SKY     :PK WND
================================================================================
1   2   3   4   5  6A  6B    7    8   9   10  11  12  13   14  15   16   17  18
                                     12Z  AVG MX 2MIN
DY MAX MIN AVG DEP HDD CDD  WTR  SNW DPTH SPD SPD DIR MIN PSBL S-S WX    SPD DR
================================================================================

01  75  43  59   3   6   0  0.00  M    M  7.9  M   M   M    M   M        36  280
02  75  39  57   0   8   0  0.00  M    M  6.4  M   M   M    M   M        31  360
03  68  46  57   0   8   0  0.00  M    M  5.8  M   M   M    M   M        31  360
04  68  39  53  -4  12   0  0.00  M    M  5.8  M   M   M    M   M        28  360
05  70  41  55  -2  10   0  0.00  M    M  2.7  M   M   M    M   M        21  350
06  75  34  54  -4  11   0  0.00  M    M  3.8  M   M   M    M   M        24  360
07  77  37  57  -1   8   0  0.00  M    M  6.1  M   M   M    M   M        32  360
08  63  43  53  -5  12   0  0.00  M    M  3.8  M   M   M    M   M        28  340
09  68  37  52  -6  13   0  0.00  M    M  4.4  M   M   M    M   M        24  310
10  77  34  55  -3  10   0  0.00  M    M  3.4  M   M   M    M   M        22  260
11  84  41  62   3   3   0  0.00  M    M  5.5  M   M   M    M   M        31  360
12  84  41  62   3   3   0  0.00  M    M  4.5  M   M   M    M   M        33  350
13  81  43  62   3   3   0  0.00  M    M  5.5  M   M   M    M   M        32  360
14  82  45  63   4   2   0  0.00  M    M  8.5  M   M   M    M   M        36  340
15  79  41  60   1   5   0  0.00  M    M  6.5  M   M   M    M   M        29  360
16  73  46  59   0   6   0  0.00  M    M  3.7  M   M   M    M   M        36  360
17  70  39  54  -5  11   0  0.00  M    M  8.0  M   M   M    M   M        30  250
18  75  45  60   1   5   0  0.00  M    M 12.8  M   M   M    M   M        50  230
19  73  45  59   0   6   0  0.00  M    M 11.9  M   M   M    M   M        40  290
20  75  32  53  -6  12   0  0.00  M    M  5.5  M   M   M    M   M        24  360
================================================================================
SM 1492 811         154  0  0         122.5
================================================================================
AV 74.6 40.5                              6.1                        MAX(MPH)
                                                                      50

[TEMPERATURE DATA]      [PRECIPITATION DATA]

Average Monthly:  57.6  Total for Month:  0
Dptr fm Normal:    -0.9  Dptr fm Normal:  -1.2
