000
CXUS56 KTFX 210915
CF6WYS
20
PRELIMINARY LOCAL CLIMATOLOGICAL DATA (WS FORM: F-6)

                                          STATION:   WEST YELLOWSTO MT
                                          MONTH:     September
                                          YEAR:      2019
                                          LATITUDE:   44.68  N
                                          LONGITUDE: 111.12  W

  TEMPERATURE IN F:       :PCPN:    SNOW:  WIND      :SUNSHINE: SKY     :PK WND
================================================================================
1   2   3   4   5  6A  6B    7    8   9   10  11  12  13   14  15   16   17  18
                                     12Z  AVG MX 2MIN
DY MAX MIN AVG DEP HDD CDD  WTR  SNW DPTH SPD SPD DIR MIN PSBL S-S WX    SPD DR
================================================================================

01  82  32  57   3   8   0  0.00  M    M  3.9  M   M   M    M   M        28  290
02  84  34  59   6   6   0  0.00  M    M  7.7  M   M   M    M   M        32  280
03  84  36  60   7   5   0  0.00  M    M  4.3  M   M   M    M   M        26  330
04  82  37  59   6   6   0  0.00  M    M  6.6  M   M   M    M   M        29  300
05  82  39  60   8   5   0  0.00  M    M  3.4  M   M   M    M   M        22  270
06  61  41  51  -1  14   0  0.00  M    M  4.5  M   M   M    M   M        28  280
07  64  39  51  -1  14   0  0.00  M    M  1.9  M   M   M    M   M        17  360
08  54  36  45  -6  20   0  0.00  M    M  3.0  M   M   M    M   M        16  340
09  57  43  50  -1  15   0  0.00  M    M 10.0  M   M   M    M   M        33  310
10  54  36  45  -6  20   0  0.00  M    M  2.2  M   M   M    M   M        29  320
11  52  36  44  -6  21   0  0.00  M    M  2.9  M   M   M    M   M        M     M
12  59  41  50   0  15   0  0.00  M    M  6.7  M   M   M    M   M        26  250
13  63  28  45  -4  20   0  0.00  M    M  6.8  M   M   M    M   M        28  230
14  70  32  51   2  14   0  0.00  M    M  7.4  M   M   M    M   M        29  270
15  77  30  53   4  12   0  0.00  M    M  5.2  M   M   M    M   M        29  240
16  73  34  53   5  12   0  0.00  M    M  4.8  M   M   M    M   M        38  350
17  46  37  41  -7  24   0  0.00  M    M  8.1  M   M   M    M   M        29  360
18  64  25  44  -3  21   0  0.00  M    M  4.0  M   M   M    M   M        29  280
19  64  34  49   2  16   0  0.00  M    M  4.8  M   M   M    M   M        28  260
20  50  34  42  -4  23   0  0.00  M    M  5.4  M   M   M    M   M        20  360
================================================================================
SM 1322 704         291  0  0         103.6
================================================================================
AV 66.1 35.2                              5.2                        MAX(MPH)
                                                                      38

[TEMPERATURE DATA]      [PRECIPITATION DATA]

Average Monthly:  50.7  Total for Month:  0
Dptr fm Normal:    0.2  Dptr fm Normal:  -0.88
