000
CXUS56 KTFX 180915
CF6WYS
17
PRELIMINARY LOCAL CLIMATOLOGICAL DATA (WS FORM: F-6)

                                          STATION:   WEST YELLOWSTO MT
                                          MONTH:     April
                                          YEAR:      2019
                                          LATITUDE:   44.68  N
                                          LONGITUDE: 111.12  W

  TEMPERATURE IN F:       :PCPN:    SNOW:  WIND      :SUNSHINE: SKY     :PK WND
================================================================================
1   2   3   4   5  6A  6B    7    8   9   10  11  12  13   14  15   16   17  18
                                     12Z  AVG MX 2MIN
DY MAX MIN AVG DEP HDD CDD  WTR  SNW DPTH SPD SPD DIR MIN PSBL S-S WX    SPD DR
================================================================================

01  41  19  30   1  35   0  0.00  M    M  2.3  M   M   M    M   M        17  350
02  41  28  34   4  31   0  0.00  M    M  2.0  M   M   M    M   M        M     M
03  41  32  36   6  29   0  0.00  M    M  5.7  M   M   M    M   M        30  240
04  45  34  39   9  26   0  0.00  M    M  8.6  M   M   M    M   M        29  240
05  41  32  36   6  29   0  0.02  M    M  4.2  M   M   M    M   M        26  340
06  39  34  36   5  29   0  0.02  M    M 12.8  M   M   M    M   M        47  250
07  39  34  36   5  29   0  0.01  M    M 11.4  M   M   M    M   M        40  230
08  45  37  41  10  24   0  0.01  M    M  9.1  M   M   M    M   M        29  240
09  41  32  36   5  29   0  0.07  M    M  8.5  M   M   M    M   M        35  330
10  36  27  31  -1  34   0  0.00  M    M  9.3  M   M   M    M   M        25  360
11  37  19  28  -4  37   0  0.00  M    M  4.7  M   M   M    M   M        25  360
12  36  12  24  -8  41   0  0.00  M    M  3.0  M   M   M    M   M        17  350
13  37  12  24  -9  41   0  0.00  M    M  8.2  M   M   M    M   M        32  250
14  39  32  35   2  30   0  0.01  M    M 11.9  M   M   M    M   M        29  310
15  37  27  32  -1  33   0  0.00  M    M 10.7  M   M   M    M   M        26  230
16  37  27  32  -2  33   0  0.01  M    M  4.9  M   M   M    M   M        22  260
17  45  27  36   2  29   0  0.00  M    M  9.6  M   M   M    M   M        29  260
================================================================================
SM 677 465         539  0  0.15         126.9
================================================================================
AV 39.8 27.4                              7.5                        MAX(MPH)
                                                                      47

[TEMPERATURE DATA]      [PRECIPITATION DATA]

Average Monthly:  33.6  Total for Month:  0.15
Dptr fm Normal:    1.8  Dptr fm Normal:  -0.85
