000
CXAK56 PAJK 201234
CF6YAK
PRELIMINARY LOCAL CLIMATOLOGICAL DATA (WS FORM: F-6)

                                          STATION:   YAKUTAT
                                          MONTH:     SEPTEMBER
                                          YEAR:      2019
                                          LATITUDE:   59 31 N
                                          LONGITUDE: 139 40 W

  TEMPERATURE IN F:       :PCPN:    SNOW:  WIND      :SUNSHINE: SKY     :PK WND
================================================================================
1   2   3   4   5  6A  6B    7    8   9   10  11  12  13   14  15   16   17  18
                                     12Z  AVG MX 2MIN
DY MAX MIN AVG DEP HDD CDD  WTR  SNW DPTH SPD SPD DIR MIN PSBL S-S WX    SPD DR
================================================================================

 1  63  43  53   2  12   0 0.01    M    M  2.4  8 180   M    M   9        10 190
 2  59  50  55   4  10   0 0.74    M    M  5.3 13 130   M    M  10 12     20 150
 3  64  48  56   5   9   0 0.01    M    M  3.1  9 190   M    M   9 12     12 150
 4  62  41  52   1  13   0 0.00    M    M  1.9  9 230   M    M   7 12     13 230
 5  64  43  54   4  11   0 0.00    M    M  3.1  9 290   M    M   3 12     15 320
 6  67  37  52   2  13   0 0.00    M    M  2.0 10 310   M    M   2 12     12 300
 7  67  36  52   2  13   0 0.00    M    M  1.9 12 180   M    M   5 1      14 160
 8  68  42  55   5  10   0 0.00    M    M  3.1 10 320   M    M   1 1      14 310
 9  65  42  54   4  11   0 0.00    M    M  4.5 15 260   M    M   6 12     20 290
10  62  45  54   5  11   0 0.03    M    M  3.6 13 190   M    M   9 128    17 180
11  68  39  54   5  11   0 0.10    M    M  2.5 14 170   M    M   7 12     17 170
12  59  51  55   6  10   0 0.23    M    M  5.3 12 100   M    M  10 1      17 100
13  58  50  54   5  11   0 0.82    M    M  8.1 15  90   M    M   9 1      21  90
14  62  45  54   5  11   0 0.13    M    M  3.6 13 300   M    M   3 1      15 300
15  61  37  49   0  16   0    T    M    M  4.3 12 260   M    M   4 1      18  90
16  59  45  52   4  13   0 0.72    M    M  9.0 14  60   M    M   8 1      19 100
17  61  44  53   5  12   0 0.00    M    M  3.9 13 260   M    M   5 1      17 270
18  58  50  54   6  11   0 2.42    M    M  8.0 18 130   M    M   9 1      30 130
19  61  52  57   9   8   0 0.43    M    M  4.6 14 230   M    M   9 1      19 110
================================================================================
SM 1188  840       216   0  5.64    M     80.2          M      125
================================================================================
AV 62.5 44.2                               4.2 FASTST   M    M   7    MAX(MPH)
                                 MISC ---->  # 18 130               # 30  130
================================================================================
NOTES:
# LAST OF SEVERAL OCCURRENCES

COLUMN 17 PEAK WIND IN M.P.H.

PRELIMINARY LOCAL CLIMATOLOGICAL DATA (WS FORM: F-6) , PAGE 2

                                          STATION:  YAKUTAT
                                          MONTH:    SEPTEMBER
                                          YEAR:     2019
                                          LATITUDE:   59 31 N
                                          LONGITUDE: 139 40 W

[TEMPERATURE DATA]      [PRECIPITATION DATA]       SYMBOLS USED IN COLUMN 16

AVERAGE MONTHLY: 53.4   TOTAL FOR MONTH:   5.64    1 = FOG OR MIST
DPTR FM NORMAL:   3.9   DPTR FM NORMAL:   -6.83    2 = FOG REDUCING VISIBILITY
HIGHEST:    68 ON 11, 8 GRTST 24HR  2.42 ON 18-18      TO 1/4 MILE OR LESS
LOWEST:     36 ON  7                               3 = THUNDER
                        SNOW, ICE PELLETS, HAIL    4 = ICE PELLETS
                        TOTAL MONTH:    M          5 = HAIL
                        GRTST 24HR    M  ON   M    6 = FREEZING RAIN OR DRIZZLE
                        GRTST DEPTH:  M  ON   M    7 = DUSTSTORM OR SANDSTORM:
                                                       VSBY 1/2 MILE OR LESS
                                                   8 = SMOKE OR HAZE
[NO. OF DAYS WITH]      [WEATHER - DAYS WITH]      9 = BLOWING SNOW
                                                   X = TORNADO
MAX 32 OR BELOW:   0    0.01 INCH OR MORE:  11
MAX 90 OR ABOVE:   0    0.10 INCH OR MORE:   8
MIN 32 OR BELOW:   0    0.50 INCH OR MORE:   4
MIN  0 OR BELOW:   0    1.00 INCH OR MORE:   1

[HDD (BASE 65) ]
TOTAL THIS MO.   216    CLEAR  (SCALE 0-3)   3
DPTR FM NORMAL   -80    PTCLDY (SCALE 4-7)   7
TOTAL FM JUL 1   620    CLOUDY (SCALE 8-10)  9
DPTR FM NORMAL  -352

[CDD (BASE 65) ]
TOTAL THIS MO.     0
DPTR FM NORMAL     0    [PRESSURE DATA]
TOTAL FM JAN 1     4    HIGHEST SLP  0.00 ON 17
DPTR FM NORMAL     4    LOWEST  SLP  0.00 ON 17

[REMARKS]
