000
CXAK56 PAJK 211235
CF6YAK
PRELIMINARY LOCAL CLIMATOLOGICAL DATA (WS FORM: F-6)

                                          STATION:   YAKUTAT
                                          MONTH:     JULY
                                          YEAR:      2019
                                          LATITUDE:   59 31 N
                                          LONGITUDE: 139 40 W

  TEMPERATURE IN F:       :PCPN:    SNOW:  WIND      :SUNSHINE: SKY     :PK WND
================================================================================
1   2   3   4   5  6A  6B    7    8   9   10  11  12  13   14  15   16   17  18
                                     12Z  AVG MX 2MIN
DY MAX MIN AVG DEP HDD CDD  WTR  SNW DPTH SPD SPD DIR MIN PSBL S-S WX    SPD DR
================================================================================

 1  63  57  60   7   5   0 0.00    M    M  4.5 13 230   M    M  10 1      16 250
 2  61  57  59   6   6   0 0.00    M    M  1.7  6 310   M    M  10 1       8 240
 3  69  56  63  10   2   0 0.00    M    M  4.0 12 230   M    M   4 1      15 220
 4  77  51  64  11   1   0 0.00    M    M  3.4 12 250   M    M   4 1      14 240
 5  77  55  66  13   0   1 0.00    M    M  4.3 12 230   M    M   1 18     15 290
 6  72  49  61   7   4   0 0.00    M    M  5.2 12 290   M    M   3 12     14 290
 7  77  50  64  10   1   0 0.00    M    M  4.1 10 240   M    M   3 12     14 300
 8  65  51  58   4   7   0 0.02    M    M  3.8 10 170   M    M   6 1      13 160
 9  63  57  60   6   5   0 0.00    M    M  4.0  9 120   M    M  10 1      12 140
10  67  52  60   6   5   0 0.00    M    M  4.6 13 250   M    M   6 8      16 240
11  61  52  57   3   8   0 0.03    M    M  3.9 10 170   M    M  10 1      16 170
12  62  57  60   6   5   0 0.01    M    M  3.0  8 220   M    M  10 1      11 180
13  63  57  60   6   5   0    T    M    M  2.5  8 220   M    M  10 1      10 220
14  62  56  59   5   6   0 0.24    M    M  2.6  9  20   M    M  10 1      10  10
15  60  56  58   4   7   0 0.98    M    M  6.7 12 130   M    M  10 1      17 120
16  61  55  58   4   7   0 0.33    M    M  7.3 13  90   M    M  10 1      17  90
17  65  54  60   5   5   0    T    M    M  3.0 12 250   M    M   6 1      13 240
18  66  55  61   6   4   0    T    M    M  2.9 12 190   M    M   7 12     15 160
19  64  58  61   6   4   0 0.03    M    M  3.9  9 190   M    M  10 1      11 200
20  61  56  59   4   6   0 0.06    M    M  3.9  9 170   M    M  10 1      11 160
================================================================================
SM 1316 1091        93   1  1.70    M     79.3          M      150
================================================================================
AV 65.8 54.6                               4.0 FASTST   M    M   8    MAX(MPH)
                                 MISC ---->  # 13 230               # 17  120
================================================================================
NOTES:
# LAST OF SEVERAL OCCURRENCES

COLUMN 17 PEAK WIND IN M.P.H.

PRELIMINARY LOCAL CLIMATOLOGICAL DATA (WS FORM: F-6) , PAGE 2

                                          STATION:  YAKUTAT
                                          MONTH:    JULY
                                          YEAR:     2019
                                          LATITUDE:   59 31 N
                                          LONGITUDE: 139 40 W

[TEMPERATURE DATA]      [PRECIPITATION DATA]       SYMBOLS USED IN COLUMN 16

AVERAGE MONTHLY: 60.2   TOTAL FOR MONTH:   1.70    1 = FOG OR MIST
DPTR FM NORMAL:   6.2   DPTR FM NORMAL:   -2.78    2 = FOG REDUCING VISIBILITY
HIGHEST:    77 ON  7, 5 GRTST 24HR  0.98 ON 15-15      TO 1/4 MILE OR LESS
LOWEST:     49 ON  6                               3 = THUNDER
                        SNOW, ICE PELLETS, HAIL    4 = ICE PELLETS
                        TOTAL MONTH:    M          5 = HAIL
                        GRTST 24HR    M  ON   M    6 = FREEZING RAIN OR DRIZZLE
                        GRTST DEPTH:  M  ON   M    7 = DUSTSTORM OR SANDSTORM:
                                                       VSBY 1/2 MILE OR LESS
                                                   8 = SMOKE OR HAZE
[NO. OF DAYS WITH]      [WEATHER - DAYS WITH]      9 = BLOWING SNOW
                                                   X = TORNADO
MAX 32 OR BELOW:   0    0.01 INCH OR MORE:   8
MAX 90 OR ABOVE:   0    0.10 INCH OR MORE:   3
MIN 32 OR BELOW:   0    0.50 INCH OR MORE:   1
MIN  0 OR BELOW:   0    1.00 INCH OR MORE:   0

[HDD (BASE 65) ]
TOTAL THIS MO.    93    CLEAR  (SCALE 0-3)   3
DPTR FM NORMAL  -129    PTCLDY (SCALE 4-7)   6
TOTAL FM JUL 1    93    CLOUDY (SCALE 8-10) 11
DPTR FM NORMAL  -129

[CDD (BASE 65) ]
TOTAL THIS MO.     1
DPTR FM NORMAL     1    [PRESSURE DATA]
TOTAL FM JAN 1     4    HIGHEST SLP M ON M
DPTR FM NORMAL     4    LOWEST  SLP 29.44 ON 17

[REMARKS]
