000
CXAK56 PAJK 181239
CF6YAK
PRELIMINARY LOCAL CLIMATOLOGICAL DATA (WS FORM: F-6)

                                          STATION:   YAKUTAT
                                          MONTH:     APRIL
                                          YEAR:      2019
                                          LATITUDE:   59 31 N
                                          LONGITUDE: 139 40 W

  TEMPERATURE IN F:       :PCPN:    SNOW:  WIND      :SUNSHINE: SKY     :PK WND
================================================================================
1   2   3   4   5  6A  6B    7    8   9   10  11  12  13   14  15   16   17  18
                                     12Z  AVG MX 2MIN
DY MAX MIN AVG DEP HDD CDD  WTR  SNW DPTH SPD SPD DIR MIN PSBL S-S WX    SPD DR
================================================================================

 1  61  27  44  10  21   0 0.00    M    M  1.6 10 300   M    M   0 12     12 230
 2  51  26  39   4  26   0 0.00    M    M  3.6 12 250   M    M   3 12     15 290
 3  47  35  41   6  24   0    T    M    M  4.5 16  80   M    M  10        21 130
 4  45  35  40   5  25   0    T    M    M  6.7 17  80   M    M  10        21  80
 5  48  30  39   4  26   0 0.07    M    M  5.0 15  60   M    M   9        20  60
 6  55  36  46  10  19   0 0.02    M    M  5.2 13  80   M    M   7 1      17  80
 7  54  31  43   7  22   0 0.23    M    M  9.8 25 120   M    M   8 1      37 120
 8  46  39  43   7  22   0 0.81    M    M 11.4 22 140   M    M  10 1      32 130
 9  48  37  43   7  22   0 0.23    M    M  8.3 17 120   M    M   8 1      24 120
10  51  31  41   5  24   0    T    M    M  3.8 12 190   M    M   5        15 180
11  48  29  39   2  26   0 0.46    M    M  8.4 25 130   M    M   6 1      35 130
12  48  38  43   6  22   0 0.53    M    M  7.2 18 240   M    M   9 18     25 230
13  47  32  40   3  25   0 0.04    M    M  4.7 12 300   M    M   4 1      14 300
14  46  31  39   1  26   0 0.30    M    M  2.3 10  30   M    M   6 1      12  30
15  50  29  40   2  25   0    T    M    M  3.3 14 190   M    M   3        16 190
16  50  28  39   1  26   0 0.06    M    M  3.7 15 170   M    M   5        20 160
17  48  31  40   2  25   0 0.31    M    M  6.1 20 110   M    M  10 1      27 130
================================================================================
SM  843  545       406   0  3.06    M     95.6          M      113
================================================================================
AV 49.6 32.1                               5.6 FASTST   M    M   7    MAX(MPH)
                                 MISC ---->  # 25 120               # 37  120
================================================================================
NOTES:
# LAST OF SEVERAL OCCURRENCES

COLUMN 17 PEAK WIND IN M.P.H.

PRELIMINARY LOCAL CLIMATOLOGICAL DATA (WS FORM: F-6) , PAGE 2

                                          STATION:  YAKUTAT
                                          MONTH:    APRIL
                                          YEAR:     2019
                                          LATITUDE:   59 31 N
                                          LONGITUDE: 139 40 W

[TEMPERATURE DATA]      [PRECIPITATION DATA]       SYMBOLS USED IN COLUMN 16

AVERAGE MONTHLY: 40.8   TOTAL FOR MONTH:   3.06    1 = FOG OR MIST
DPTR FM NORMAL:   4.5   DPTR FM NORMAL:   -2.35    2 = FOG REDUCING VISIBILITY
HIGHEST:    61 ON  1    GRTST 24HR  0.81 ON  8- 8      TO 1/4 MILE OR LESS
LOWEST:     26 ON  2                               3 = THUNDER
                        SNOW, ICE PELLETS, HAIL    4 = ICE PELLETS
                        TOTAL MONTH:    M          5 = HAIL
                        GRTST 24HR    M  ON   M    6 = FREEZING RAIN OR DRIZZLE
                        GRTST DEPTH:  M  ON   M    7 = DUSTSTORM OR SANDSTORM:
                                                       VSBY 1/2 MILE OR LESS
                                                   8 = SMOKE OR HAZE
[NO. OF DAYS WITH]      [WEATHER - DAYS WITH]      9 = BLOWING SNOW
                                                   X = TORNADO
MAX 32 OR BELOW:   0    0.01 INCH OR MORE:  11
MAX 90 OR ABOVE:   0    0.10 INCH OR MORE:   7
MIN 32 OR BELOW:  11    0.50 INCH OR MORE:   2
MIN  0 OR BELOW:   0    1.00 INCH OR MORE:   0

[HDD (BASE 65) ]
TOTAL THIS MO.   406    CLEAR  (SCALE 0-3)   3
DPTR FM NORMAL   -82    PTCLDY (SCALE 4-7)   7
TOTAL FM JUL 1  6467    CLOUDY (SCALE 8-10)  7
DPTR FM NORMAL -1160

[CDD (BASE 65) ]
TOTAL THIS MO.     0
DPTR FM NORMAL     0    [PRESSURE DATA]
TOTAL FM JAN 1     0    HIGHEST SLP  0.00 ON  2
DPTR FM NORMAL     0    LOWEST  SLP  0.00 ON  2

[REMARKS]
