000
CXAK56 PAJK 161231
CF6YAK
PRELIMINARY LOCAL CLIMATOLOGICAL DATA (WS FORM: F-6)

                                          STATION:   YAKUTAT
                                          MONTH:     FEBRUARY
                                          YEAR:      2019
                                          LATITUDE:   59 31 N
                                          LONGITUDE: 139 40 W

  TEMPERATURE IN F:       :PCPN:    SNOW:  WIND      :SUNSHINE: SKY     :PK WND
================================================================================
1   2   3   4   5  6A  6B    7    8   9   10  11  12  13   14  15   16   17  18
                                     12Z  AVG MX 2MIN
DY MAX MIN AVG DEP HDD CDD  WTR  SNW DPTH SPD SPD DIR MIN PSBL S-S WX    SPD DR
================================================================================

 1  28  18  23  -6  42   0 0.00    M    M 15.8 24  80   M    M   0        33  80
 2  27  11  19 -10  46   0 0.00    M    M  5.0 20  90   M    M   0 8      26  90
 3  29  13  21  -8  44   0 0.04    M    M  4.9  9  90   M    M  10 1      12 100
 4  37  29  33   4  32   0 0.02    M    M  4.0 10  90   M    M   9 1      13  90
 5  35  27  31   2  34   0 0.14    M    M  5.3  9  70   M    M  10 1      11  80
 6  38  28  33   4  32   0 0.55    M    M  4.3 10  80   M    M   9 12     13  70
 7  37  25  31   2  34   0 0.00    M    M  1.2  6  80   M    M   6 2       6 250
 8  36  24  30   1  35   0 0.00    M    M  0.9  6  40   M    M   7 18      6  40
 9  38  24  31   2  34   0    T    M    M  1.3  7  20   M    M   3 1       7  20
10  40  18  29   0  36   0 0.00    M    M  1.9  7 130   M    M   0 18      9 130
11  39  14  27  -2  38   0 0.00    M    M  0.8  6  70   M    M   0 18      6  80
12  37  26  32   2  33   0 0.00    M    M  1.9  7  70   M    M   9 18      9 100
13  41  22  32   2  33   0 0.01    M    M  2.9 13  90   M    M   5 18     20 100
14  40  17  29  -1  36   0 0.00    M    M  2.5 14  80   M    M   0 18     18  60
15  34  15  25  -5  40   0 0.00    M    M  4.2 18  90   M    M   1        24  90
================================================================================
SM  536  311       549   0  0.76    M     56.9          M       69
================================================================================
AV 35.7 20.7                               3.8 FASTST   M    M   5    MAX(MPH)
                                 MISC ---->  # 24  80               # 33   80
================================================================================
NOTES:
# LAST OF SEVERAL OCCURRENCES

COLUMN 17 PEAK WIND IN M.P.H.

PRELIMINARY LOCAL CLIMATOLOGICAL DATA (WS FORM: F-6) , PAGE 2

                                          STATION:  YAKUTAT
                                          MONTH:    FEBRUARY
                                          YEAR:     2019
                                          LATITUDE:   59 31 N
                                          LONGITUDE: 139 40 W

[TEMPERATURE DATA]      [PRECIPITATION DATA]       SYMBOLS USED IN COLUMN 16

AVERAGE MONTHLY: 28.2   TOTAL FOR MONTH:   0.76    1 = FOG OR MIST
DPTR FM NORMAL:  -1.0   DPTR FM NORMAL:   -5.03    2 = FOG REDUCING VISIBILITY
HIGHEST:    41 ON 13    GRTST 24HR  0.55 ON  6- 6      TO 1/4 MILE OR LESS
LOWEST:     11 ON  2                               3 = THUNDER
                        SNOW, ICE PELLETS, HAIL    4 = ICE PELLETS
                        TOTAL MONTH:    M          5 = HAIL
                        GRTST 24HR    M  ON   M    6 = FREEZING RAIN OR DRIZZLE
                        GRTST DEPTH:  M  ON   M    7 = DUSTSTORM OR SANDSTORM:
                                                       VSBY 1/2 MILE OR LESS
                                                   8 = SMOKE OR HAZE
[NO. OF DAYS WITH]      [WEATHER - DAYS WITH]      9 = BLOWING SNOW
                                                   X = TORNADO
MAX 32 OR BELOW:   3    0.01 INCH OR MORE:   5
MAX 90 OR ABOVE:   0    0.10 INCH OR MORE:   2
MIN 32 OR BELOW:  15    0.50 INCH OR MORE:   1
MIN  0 OR BELOW:   0    1.00 INCH OR MORE:   0

[HDD (BASE 65) ]
TOTAL THIS MO.   549    CLEAR  (SCALE 0-3)   6
DPTR FM NORMAL    13    PTCLDY (SCALE 4-7)   4
TOTAL FM JUL 1  4823    CLOUDY (SCALE 8-10)  5
DPTR FM NORMAL  -839

[CDD (BASE 65) ]
TOTAL THIS MO.     0
DPTR FM NORMAL     0    [PRESSURE DATA]
TOTAL FM JAN 1     0    HIGHEST SLP M ON M
DPTR FM NORMAL     0    LOWEST  SLP 29.39 ON 13

[REMARKS]
