000
CXUS56 KPDT 231832
CF6YKM
PRELIMINARY LOCAL CLIMATOLOGICAL DATA (WS FORM: F-6)

                                          STATION:   YAKIMA WA
                                          MONTH:     AUGUST
                                          YEAR:      2019
                                          LATITUDE:   46 34 N
                                          LONGITUDE: 120 32 W

  TEMPERATURE IN F:       :PCPN:    SNOW:  WIND      :SUNSHINE: SKY     :PK WND
================================================================================
1   2   3   4   5  6A  6B    7    8   9   10  11  12  13   14  15   16   17  18
                                     12Z  AVG MX 2MIN
DY MAX MIN AVG DEP HDD CDD  WTR  SNW DPTH SPD SPD DIR MIN PSBL S-S WX    SPD DR
================================================================================

 1  93  54  74   2   0   9 0.00    M    M  6.7 20 180   M    M   0        26 170
 2  88  62  75   3   0  10 0.00    M    M  6.4 16 280   M    M   2        22 300
 3  89  50  70  -2   0   5 0.00    M    M  3.6  9 270   M    M   0        12 220
 4  93  53  73   1   0   8 0.00    M    M  6.2 12 270   M    M   0        13 270
 5  97  56  77   5   0  12 0.00    M    M  5.8 12 260   M    M   0        29 270
 6 102  61  82  10   0  17 0.00    M    M  5.8 15 300   M    M   0        26 260
 7 102  65  84  13   0  19 0.00    M    M  6.2 16 330   M    M   0        23 320
 8  95  65  80   9   0  15 0.00    M    M  6.2 16 160   M    M   0        20 310
 9  89  64  77   6   0  12 0.05    M    M  9.0 24 200   M    M   3 3      32 200
10  84  61  73   2   0   8 0.57    M    M  5.6 20 330   M    M   3 13     23 320
11  80  60  70  -1   0   5 0.09    M    M  6.8 20 320   M    M   5 13     24 330
12  83  50  67  -3   0   2 0.00    M    M  4.6 12 270   M    M   0        14 180
13  87  55  71   1   0   6 0.00    M    M  5.5 12 240   M    M   2        25 210
14  91  57  74   4   0   9 0.00    M    M  5.2 16 320   M    M   0        21 330
15  91  63  77   7   0  12 0.00    M    M  9.0 26 330   M    M   0        36 330
16  89  58  74   4   0   9 0.00    M    M 10.5 25 330   M    M   0        32 330
17  83  59  71   2   0   6 0.00    M    M  6.6 20 320   M    M   1        25 320
18  88  52  70   1   0   5 0.00    M    M  4.3 16 350   M    M   0        22 340
19  91  56  74   5   0   9 0.00    M    M  5.0 12 260   M    M   0        14 310
20  92  52  72   3   0   7 0.00    M    M  6.0 12 130   M    M   0        15  80
21  82  51  67  -1   0   2 0.01    M    M  4.8 22 280   M    M   2        29 270
22  84  51  68   0   0   3 0.00    M    M  5.7 15 310   M    M   0        19 310
================================================================================
SM 1973 1255         0 190  0.72    M    135.5          M       18
================================================================================
AV 89.7 57.1                               6.2 FASTST   M    M   1    MAX(MPH)
                                 MISC ---->  # 26 330               # 36  330
================================================================================
NOTES:
# LAST OF SEVERAL OCCURRENCES

COLUMN 17 PEAK WIND IN M.P.H.

PRELIMINARY LOCAL CLIMATOLOGICAL DATA (WS FORM: F-6) , PAGE 2

                                          STATION:  YAKIMA WA
                                          MONTH:    AUGUST
                                          YEAR:     2019
                                          LATITUDE:   46 34 N
                                          LONGITUDE: 120 32 W

[TEMPERATURE DATA]      [PRECIPITATION DATA]       SYMBOLS USED IN COLUMN 16

AVERAGE MONTHLY: 73.4   TOTAL FOR MONTH:   0.72    1 = FOG OR MIST
DPTR FM NORMAL:   3.0   DPTR FM NORMAL:    0.55    2 = FOG REDUCING VISIBILITY
HIGHEST:   102 ON  7, 6 GRTST 24HR  0.57 ON 10-10      TO 1/4 MILE OR LESS
LOWEST:     50 ON 12, 3                            3 = THUNDER
                        SNOW, ICE PELLETS, HAIL    4 = ICE PELLETS
                        TOTAL MONTH:    M          5 = HAIL
                        GRTST 24HR    M  ON   M    6 = FREEZING RAIN OR DRIZZLE
                        GRTST DEPTH:  M  ON   M    7 = DUSTSTORM OR SANDSTORM:
                                                       VSBY 1/2 MILE OR LESS
                                                   8 = SMOKE OR HAZE
[NO. OF DAYS WITH]      [WEATHER - DAYS WITH]      9 = BLOWING SNOW
                                                   X = TORNADO
MAX 32 OR BELOW:   0    0.01 INCH OR MORE:   4
MAX 90 OR ABOVE:  10    0.10 INCH OR MORE:   1
MIN 32 OR BELOW:   0    0.50 INCH OR MORE:   1
MIN  0 OR BELOW:   0    1.00 INCH OR MORE:   0

[HDD (BASE 65) ]
TOTAL THIS MO.     0    CLEAR  (SCALE 0-3)  19
DPTR FM NORMAL   -15    PTCLDY (SCALE 4-7)   3
TOTAL FM JUL 1     1    CLOUDY (SCALE 8-10)  0
DPTR FM NORMAL   -35

[CDD (BASE 65) ]
TOTAL THIS MO.   190
DPTR FM NORMAL    60    [PRESSURE DATA]
TOTAL FM JAN 1   520    HIGHEST SLP M ON M
DPTR FM NORMAL   110    LOWEST  SLP 29.68 ON 18

[REMARKS]
