000
CXUS52 KMLB 080115 CCA
CLADAB
CLIMATE REPORT...CORRECTED
NATIONAL WEATHER SERVICE MELBOURNE FL
815 PM EST SUN JAN 7 2024
...................................
...THE DAYTONA BEACH CLIMATE SUMMARY FOR THE YEAR OF 2023...
CLIMATE NORMAL PERIOD 1991 TO 2020
CLIMATE RECORD PERIOD 1923 TO 2023
WEATHER OBSERVED NORMAL DEPART LAST YEAR`S
VALUE DATE(S) VALUE FROM VALUE
NORMAL
..............................................................
TEMPERATURE (F)
YEARLY RECORDS
WARMEST 73.7 2015
COOLEST 67.5 1940
DAILY RECORD
HIGH 102 07/15/1981
06/24/1944
LOW 15 01/21/1985
2023 DATA
HIGHEST 99 08/10 101
LOWEST 32 01/15 27
AVG. MAXIMUM 82.7 80.6 2.1 82.0
AVG. MINIMUM 64.7 62.5 2.2 64.2
MEAN 73.7R 71.5 2.2 73.1
DAYS MAX >= 90 87 65.3 21.7 88
DAYS MAX <= 32 0 0.0 0.0 0
DAYS MIN <= 32 1 3.0 -2.0 3
DAYS MIN <= 0 0 0.0 0.0 0
PRECIPITATION (INCHES)
YEARLY RECORDS
MAXIMUM 79.29 1953
MINIMUM 31.36 2006
DAILY RECORD
MAXIMUM 12.85 10/10/1924
2023 DATA
TOTALS 61.06 51.25 9.81 53.43
DAYS >= .01 124 119.3 4.7 115
DAYS >= .10 76 74.0 2.0 80
DAYS >= .50 38 32.7 5.3 37
DAYS >= 1.00 19 14.6 4.4 8
GREATEST
24 HR. TOTAL 7.67 11/16 TO 11/17
SNOWFALL (INCHES)
TOTALS 0.0 MM MM 0.0
SINCE 7/1 0.0 MM MM MM
DAYS >= TRACE 0 0
DEGREE DAYS
HEATING TOTAL 396 708 -312 540
SINCE 7/1 159 230 -71 MM
COOLING TOTAL 3642 3112 530 3597
SINCE 1/1 3642 3111 531 MM
..............................................................
WIND (MPH)
AVERAGE WIND SPEED 7.0
HIGHEST WIND SPEED/DIRECTION 39/200 DATE 06/22
HIGHEST GUST SPEED/DIRECTION 54/310 DATE 06/14
SKY COVER
POSSIBLE SUNSHINE (PERCENT) MM
AVERAGE SKY COVER 0.49
NUMBER OF DAYS FAIR 110
NUMBER OF DAYS PC 200
NUMBER OF DAYS CLOUDY 55
AVERAGE RH (PERCENT) 73
WEATHER CONDITIONS. NUMBER OF DAYS WITH
THUNDERSTORM 99 MIXED PRECIP 0
HEAVY RAIN 68 RAIN 78
LIGHT RAIN 162 LT FREEZING RAIN 0
HAIL 0 LIGHT SNOW 0
SLEET 0 FOG 209
FOG W/VIS <= 1/4 MILE 9 HAZE 44
- INDICATES NEGATIVE NUMBERS.
R INDICATES RECORD WAS SET OR TIED.
MM INDICATES DATA IS MISSING.
T INDICATES TRACE AMOUNT.
$$