000
CXUS56 KMFR 011143
CLAMFR
MFRCLAMFR 000
TTAA00 MFR 011137
CLIMATE REPORT
NATIONAL WEATHER SERVICE MEDFORD, OR
337 AM PST MON JAN 01 2024
...................................
...THE MEDFORD OR CLIMATE SUMMARY FOR THE YEAR OF 2023...
CLIMATE NORMAL PERIOD 1991 TO 2020
CLIMATE RECORD PERIOD 1911 TO 2023
WEATHER OBSERVED NORMAL DEPART LAST YEAR`S
VALUE DATE(S) VALUE FROM VALUE DATE(S)
NORMAL
................................................................
TEMPERATURE (F)
RECORD
HIGH 115 07/20/1946
LOW -10 12/13/1919
HIGHEST 111 08/14 114 07/29
LOWEST 17 01/30 18 12/18
AVG. MAXIMUM 69.1 68.3 0.8 70.0
AVG. MINIMUM 44.8 43.6 1.2 43.7
MEAN 57.0 55.9 1.1 56.8
DAYS MAX >= 90 75 61.2 13.8 79
DAYS MAX <= 32 0 1.0 -1.0 1
DAYS MIN <= 32 84 63.9 20.1 83
DAYS MIN <= 0 0 0.0 0.0 0
PRECIPITATION (INCHES)
RECORD
MAXIMUM 31.41 1996
MINIMUM 6.38
TOTALS 13.32 18.43 -5.11
DAILY AVG. 0.04 0.05 -0.01 T
DAYS >= .01 108 103.4 4.6 87
DAYS >= .10 41 51.0 -10.0 42
DAYS >= .50 6 8.6 -2.6 7
DAYS >= 1.00 1 1.5 -0.5 1
GREATEST
24 HR. TOTAL 1.26 09/29 TO 09/30
SNOWFALL (INCHES)
RECORDS
TOTAL 24.1 1930
TOTALS 4.7 3.4 1.3
SINCE 7/1 0.0 1.0 -1.0 T
DAYS >= TRACE 16 3.7 12.3 7
DAYS >= 1.0 2 1.1 0.9 0
DEGREE DAYS
HEATING TOTAL 4103 4203 -100 4111
SINCE 7/1 1472 1729 -257 MM
COOLING TOTAL 1304 908 396 1283
SINCE 1/1 1304 909 395 MM
FREEZE DATES
................................................................
WIND (MPH)
AVERAGE WIND SPEED 4.0
HIGHEST WIND SPEED/DIRECTION 40/130 DATE 01/04
HIGHEST GUST SPEED/DIRECTION 55/130 DATE 01/04
SKY COVER
POSSIBLE SUNSHINE (PERCENT) MM
AVERAGE SKY COVER 0.36
NUMBER OF DAYS FAIR 188
NUMBER OF DAYS PC 104
NUMBER OF DAYS CLOUDY 71
AVERAGE RH (PERCENT) 61
WEATHER CONDITIONS. NUMBER OF DAYS WITH
THUNDERSTORM 12 MIXED PRECIP 0
HEAVY RAIN 12 RAIN 27
LIGHT RAIN 124 FREEZING RAIN 0
LT FREEZING RAIN 0 HAIL 0
HEAVY SNOW 1 SNOW 3
LIGHT SNOW 19 SLEET 0
FOG 134 FOG W/VIS <= 1/4 MILE 39
HAZE 97
- INDICATES NEGATIVE NUMBERS.
R INDICATES RECORD WAS SET OR TIED.
MM INDICATES DATA IS MISSING.
T INDICATES TRACE AMOUNT.
$$