000
CDUS41 KBTV 250543
CLI1V4


CLIMATE REPORT
NATIONAL WEATHER SERVICE BURLINGTON VT
140 AM EDT TUE JUN 25 2019


...................................

...THE ST. JOHNSBURY VT CLIMATE SUMMARY FOR JUNE 24 2019...

CLIMATE NORMAL PERIOD 1981 TO 2010
CLIMATE RECORD PERIOD 1998 TO 2019


WEATHER ITEM   OBSERVED TIME   RECORD YEAR NORMAL DEPARTURE LAST
                VALUE   (LST)  VALUE       VALUE  FROM      YEAR
                                                  NORMAL
..................................................................
TEMPERATURE (F)
 YESTERDAY
  MAXIMUM         81        MM  95    2003  79      2       69
  MINIMUM         48        MM  46    2007  57     -9       54
  AVERAGE         65                        68     -3       62

PRECIPITATION (IN)
  YESTERDAY        0.00          0.54 2011   0.14  -0.14     0.01
  MONTH TO DATE    3.89                      3.19   0.70     2.14
  SINCE JUN 1      3.89                      3.19   0.70     2.14
  SINCE JAN 1     25.54                     16.60   8.94    16.41

DEGREE DAYS
 HEATING
  YESTERDAY        0                         1     -1        3
  MONTH TO DATE  104                        66     38      117
  SINCE JUN 1    104                        66     38      117
  SINCE JUL 1   8406                      7770    636     7736

 COOLING
  YESTERDAY        0                         4     -4        0
  MONTH TO DATE    4                        63    -59       25
  SINCE JUN 1      4                        63    -59       25
  SINCE JAN 1     10                        81    -71       29
..................................................................


WIND (MPH)
  HIGHEST WIND SPEED    MM   HIGHEST WIND DIRECTION    MM
  HIGHEST GUST SPEED    MM   HIGHEST GUST DIRECTION    MM
  AVERAGE WIND SPEED    MM


SKY COVER
  AVERAGE SKY COVER 0.0


WEATHER CONDITIONS
 THE FOLLOWING WEATHER WAS RECORDED YESTERDAY.
  NO SIGNIFICANT WEATHER WAS OBSERVED.


RELATIVE HUMIDITY (PERCENT)
 HIGHEST   100           400 AM
 LOWEST     23           200 PM
 AVERAGE    62

..........................................................


THE ST. JOHNSBURY VT CLIMATE NORMALS FOR TODAY
                         NORMAL    RECORD    YEAR
 MAXIMUM TEMPERATURE (F)   80        94      2005
                                             1946
 MINIMUM TEMPERATURE (F)   57        47      2018


SUNRISE AND SUNSET
JUNE 25 2019..........SUNRISE   505 AM EDT   SUNSET   837 PM EDT
JUNE 26 2019..........SUNRISE   505 AM EDT   SUNSET   837 PM EDT


-  INDICATES NEGATIVE NUMBERS.
R  INDICATES RECORD WAS SET OR TIED.
MM INDICATES DATA IS MISSING.
T  INDICATES TRACE AMOUNT.




$$
