000
CDUS41 KBTV 200533
CLI1V4


CLIMATE REPORT
NATIONAL WEATHER SERVICE BURLINGTON VT
132 AM EDT SAT APR 20 2019


...................................

...THE ST. JOHNSBURY VT CLIMATE SUMMARY FOR APRIL 19 2019...

CLIMATE NORMAL PERIOD 1981 TO 2010
CLIMATE RECORD PERIOD 1998 TO 2019


WEATHER ITEM   OBSERVED TIME   RECORD YEAR NORMAL DEPARTURE LAST
                VALUE   (LST)  VALUE       VALUE  FROM      YEAR
                                                  NORMAL
..................................................................
TEMPERATURE (F)
 YESTERDAY
  MAXIMUM         72        MM  82    2004  58     14       44
  MINIMUM         45        MM  24    2001  34     11       33
  AVERAGE         59                        46     13       39

PRECIPITATION (IN)
  YESTERDAY        0.18          0.47 2013   0.09   0.09     0.03
  MONTH TO DATE    3.08                      1.77   1.31     2.80
  SINCE MAR 1      5.35                      4.28   1.07     4.71
  SINCE JAN 1     12.76                      8.96   3.80    10.29

DEGREE DAYS
 HEATING
  YESTERDAY        6                        19    -13       26
  MONTH TO DATE  497                       437     60      593
  SINCE MAR 1   1692                      1513    179     1672
  SINCE JUL 1   7734                      7237    497     7189

 COOLING
  YESTERDAY        0                         0      0        0
  MONTH TO DATE    0                         0      0        0
  SINCE MAR 1      0                         0      0        0
  SINCE JAN 1      0                         0      0        0
..................................................................


WIND (MPH)
  HIGHEST WIND SPEED    MM   HIGHEST WIND DIRECTION    MM
  HIGHEST GUST SPEED    MM   HIGHEST GUST DIRECTION    MM
  AVERAGE WIND SPEED    MM


SKY COVER
  AVERAGE SKY COVER 0.0


WEATHER CONDITIONS
 THE FOLLOWING WEATHER WAS RECORDED YESTERDAY.
  NO SIGNIFICANT WEATHER WAS OBSERVED.


RELATIVE HUMIDITY (PERCENT)
 HIGHEST   100           400 AM
 LOWEST     57           300 PM
 AVERAGE    79

..........................................................


THE ST. JOHNSBURY VT CLIMATE NORMALS FOR TODAY
                         NORMAL    RECORD    YEAR
 MAXIMUM TEMPERATURE (F)   59        77      2012
 MINIMUM TEMPERATURE (F)   34        21      2001


SUNRISE AND SUNSET
APRIL 20 2019.........SUNRISE   556 AM EDT   SUNSET   739 PM EDT
APRIL 21 2019.........SUNRISE   555 AM EDT   SUNSET   740 PM EDT


-  INDICATES NEGATIVE NUMBERS.
R  INDICATES RECORD WAS SET OR TIED.
MM INDICATES DATA IS MISSING.
T  INDICATES TRACE AMOUNT.




$$
