000
CDUS43 KUNR 160831
CLI2WX


CLIMATE REPORT
NATIONAL WEATHER SERVICE RAPID CITY SD
231 AM MDT SUN JUN 16 2019


...................................

...THE BUFFALO SD CLIMATE SUMMARY FOR JUNE 15 2019...

CLIMATE NORMAL PERIOD 1981 TO 2010
CLIMATE RECORD PERIOD 9999 TO 9999


WEATHER ITEM   OBSERVED TIME   NORMAL DEPARTURE LAST
                VALUE   (LST)  VALUE  FROM      YEAR
                                      NORMAL
......................................................
TEMPERATURE (F)
 YESTERDAY
  MAXIMUM         78    400 PM  75      3       82
  MINIMUM         53    409 AM  51      2       51
  AVERAGE         66            63      3       67

PRECIPITATION (IN)
  YESTERDAY        0.00          0.07  -0.07     0.09
  MONTH TO DATE    0.39          1.55  -1.16     0.36
  SINCE JUN 1      0.39          1.55  -1.16     0.36
  SINCE JAN 1      9.63          7.59   2.04     7.59

DEGREE DAYS
 HEATING
  YESTERDAY        0             4     -4        0
  MONTH TO DATE   53            81    -28       17
  SINCE JUN 1     53            81    -28       17
  SINCE JUL 1   8319          7895    424     8071

 COOLING
  YESTERDAY        1             2     -1        2
  MONTH TO DATE   26            18      8       62
  SINCE JUN 1     26            18      8       62
  SINCE JAN 1     29            24      5      116
......................................................


WIND (MPH)
  HIGHEST WIND SPEED    32   HIGHEST WIND DIRECTION    NW (300)
  HIGHEST GUST SPEED    42   HIGHEST GUST DIRECTION    NW (320)
  AVERAGE WIND SPEED    15.0




RELATIVE HUMIDITY (PERCENT)
 HIGHEST    83           400 AM
 LOWEST     28           400 PM
 AVERAGE    56

..........................................................




SUNRISE AND SUNSET
JUNE 16 2019..........SUNRISE   504 AM MDT   SUNSET   845 PM MDT
JUNE 17 2019..........SUNRISE   504 AM MDT   SUNSET   846 PM MDT


-  INDICATES NEGATIVE NUMBERS.
R  INDICATES RECORD WAS SET OR TIED.
MM INDICATES DATA IS MISSING.
T  INDICATES TRACE AMOUNT.




$$
