000
CDUS43 KUNR 190832
CLI2WX


CLIMATE REPORT
NATIONAL WEATHER SERVICE RAPID CITY SD
231 AM MDT FRI APR 19 2019


...................................

...THE BUFFALO SD CLIMATE SUMMARY FOR APRIL 18 2019...

CLIMATE NORMAL PERIOD 1981 TO 2010
CLIMATE RECORD PERIOD 9999 TO 9999


WEATHER ITEM   OBSERVED TIME   NORMAL DEPARTURE LAST
                VALUE   (LST)  VALUE  FROM      YEAR
                                      NORMAL
......................................................
TEMPERATURE (F)
 YESTERDAY
  MAXIMUM         61    349 PM  56      5       58
  MINIMUM         35    100 AM  32      3       31
  AVERAGE         48            44      4       45

PRECIPITATION (IN)
  YESTERDAY        0.00          0.05  -0.05     0.00
  MONTH TO DATE    1.43          0.79   0.64     1.18
  SINCE MAR 1      2.32          1.56   0.76     2.36
  SINCE JAN 1      3.91          2.13   1.78     3.84

DEGREE DAYS
 HEATING
  YESTERDAY       17            21     -4       20
  MONTH TO DATE  392           429    -37      630
  SINCE MAR 1   1589          1435    154     1786
  SINCE JUL 1   7587          7232    355     7721

 COOLING
  YESTERDAY        0             0      0        0
  MONTH TO DATE    0             0      0        0
  SINCE MAR 1      0             0      0        0
  SINCE JAN 1      0             0      0        0
......................................................


WIND (MPH)
  HIGHEST WIND SPEED    38   HIGHEST WIND DIRECTION    NW (330)
  HIGHEST GUST SPEED    49   HIGHEST GUST DIRECTION    NW (330)
  AVERAGE WIND SPEED    18.8




RELATIVE HUMIDITY (PERCENT)
 HIGHEST    85           200 AM
 LOWEST     19           500 PM
 AVERAGE    52

..........................................................




SUNRISE AND SUNSET
APRIL 19 2019.........SUNRISE   602 AM MDT   SUNSET   746 PM MDT
APRIL 20 2019.........SUNRISE   600 AM MDT   SUNSET   747 PM MDT


-  INDICATES NEGATIVE NUMBERS.
R  INDICATES RECORD WAS SET OR TIED.
MM INDICATES DATA IS MISSING.
T  INDICATES TRACE AMOUNT.




$$
