000
CDUS43 KABR 220702
CLI8D3


CLIMATE REPORT
NATIONAL WEATHER SERVICE ABERDEEN SD
201 AM CDT MON APR 22 2019


...................................

...THE SISSETON SD CLIMATE SUMMARY FOR APRIL 21 2019...

CLIMATE NORMAL PERIOD 1981 TO 2010
CLIMATE RECORD PERIOD 1900 TO 2019


WEATHER ITEM   OBSERVED TIME   RECORD YEAR NORMAL DEPARTURE LAST
                VALUE   (LST)  VALUE       VALUE  FROM      YEAR
                                                  NORMAL
..................................................................
TEMPERATURE (F)
 YESTERDAY
  MAXIMUM         62    252 PM  99    1980  60      2
  MINIMUM         47   1159 PM  16    1936  35     12
  AVERAGE         55                        47      8

PRECIPITATION (IN)
  YESTERDAY        0.00          0.74 2007   0.09  -0.09
  MONTH TO DATE    2.56                      1.18   1.38
  SINCE MAR 1      4.44                      2.30   2.14
  SINCE JAN 1      6.59                      3.16   3.43

SNOWFALL (IN)
  YESTERDAY        0.0           6.0  1992  MM     MM        0.0
  MONTH TO DATE   18.6                      MM     MM        7.5
  SINCE OCT 1     88.4                      MM     MM       49.9
  SINCE JUL 1     88.4                      MM     MM       49.9
  SNOW DEPTH       0

DEGREE DAYS
 HEATING
  YESTERDAY       10                               -8
  MONTH TO DATE  510                               32
  SINCE MAR 1   1796                              235
  SINCE JUL 1   8814                              994

 COOLING
  YESTERDAY        0                                0
  MONTH TO DATE    2                                2
  SINCE MAR 1      2                                2
  SINCE JAN 1      2                                2
..................................................................


WIND (MPH)
  HIGHEST WIND SPEED    29   HIGHEST WIND DIRECTION    NE (40)
  HIGHEST GUST SPEED    39   HIGHEST GUST DIRECTION     E (80)
  AVERAGE WIND SPEED    17.9




RELATIVE HUMIDITY (PERCENT)
 HIGHEST    89
 LOWEST     60
 AVERAGE    75

..........................................................


THE SISSETON SD CLIMATE NORMALS FOR TODAY
                         NORMAL    RECORD    YEAR
 MAXIMUM TEMPERATURE (F)   60        95      1980
 MINIMUM TEMPERATURE (F)   35        18      1936


SUNRISE AND SUNSET
APRIL 22 2019.........SUNRISE   630 AM CDT   SUNSET   823 PM CDT
APRIL 23 2019.........SUNRISE   629 AM CDT   SUNSET   825 PM CDT


-  INDICATES NEGATIVE NUMBERS.
R  INDICATES RECORD WAS SET OR TIED.
MM INDICATES DATA IS MISSING.
T  INDICATES TRACE AMOUNT.




$$
