000
CDUS43 KABR 200714
CLI8D3


CLIMATE REPORT
NATIONAL WEATHER SERVICE ABERDEEN SD
214 AM CDT SAT JUL 20 2019


...................................

...THE SISSETON SD CLIMATE SUMMARY FOR JULY 19 2019...

CLIMATE NORMAL PERIOD 1981 TO 2010
CLIMATE RECORD PERIOD 1900 TO 2019


WEATHER ITEM   OBSERVED TIME   RECORD YEAR NORMAL DEPARTURE LAST
                VALUE   (LST)  VALUE       VALUE  FROM      YEAR
                                                  NORMAL
..................................................................
TEMPERATURE (F)
 YESTERDAY
  MAXIMUM         82    540 PM 106    1932  84     -2
  MINIMUM         68   1159 PM  45    2000  60      8
  AVERAGE         75                        72      3

PRECIPITATION (IN)
  YESTERDAY        0.22          1.77 2018   0.13   0.09
  MONTH TO DATE    4.14                      2.29   1.85
  SINCE JUN 1      6.70                      6.03   0.67
  SINCE JAN 1     17.79                     13.01   4.78

SNOWFALL (IN)
  YESTERDAY        0.0           0.0  2002  MM     MM        0.0
                                      2001
  MONTH TO DATE    0.0                      MM     MM        0.0
  SINCE OCT 1     88.4                      MM     MM       49.9
  SINCE JUL 1      0.0                      MM     MM        0.0
  SNOW DEPTH       0

DEGREE DAYS
 HEATING
  YESTERDAY        0                                0
  MONTH TO DATE    0                               -3
  SINCE JUN 1     41                              -24
  SINCE JUL 1      0                               -3

 COOLING
  YESTERDAY       10                                3
  MONTH TO DATE  169                               47
  SINCE JUN 1    293                               77
  SINCE JAN 1    310                               71
..................................................................


WIND (MPH)
  HIGHEST WIND SPEED    23   HIGHEST WIND DIRECTION    NW (310)
  HIGHEST GUST SPEED    34   HIGHEST GUST DIRECTION    NW (320)
  AVERAGE WIND SPEED     6.5




RELATIVE HUMIDITY (PERCENT)
 HIGHEST   100
 LOWEST     74
 AVERAGE    87

..........................................................


THE SISSETON SD CLIMATE NORMALS FOR TODAY
                         NORMAL    RECORD    YEAR
 MAXIMUM TEMPERATURE (F)   84       102      1934
 MINIMUM TEMPERATURE (F)   60        47      1992


SUNRISE AND SUNSET
JULY 20 2019..........SUNRISE   558 AM CDT   SUNSET   910 PM CDT
JULY 21 2019..........SUNRISE   559 AM CDT   SUNSET   909 PM CDT


-  INDICATES NEGATIVE NUMBERS.
R  INDICATES RECORD WAS SET OR TIED.
MM INDICATES DATA IS MISSING.
T  INDICATES TRACE AMOUNT.




$$
