000
CDUS42 KTAE 160632
CLIAAF


CLIMATE REPORT
NATIONAL WEATHER SERVICE TALLAHASSEE FL
231 AM EDT SUN JUN 16 2019


...................................

...THE APALACHICOLA CLIMATE SUMMARY FOR JUNE 15 2019...

CLIMATE NORMAL PERIOD 1981 TO 2010
CLIMATE RECORD PERIOD 1931 TO 2019


WEATHER ITEM   OBSERVED TIME   RECORD YEAR NORMAL DEPARTURE LAST
                VALUE   (LST)  VALUE       VALUE  FROM      YEAR
                                                  NORMAL
..................................................................
TEMPERATURE (F)
 YESTERDAY
  MAXIMUM         86    255 PM  98    2011  89     -3       87
  MINIMUM         73   1143 PM  66    1933  72      1       75
  AVERAGE         80                        80      0       81

PRECIPITATION (IN)
  YESTERDAY        0.00          4.19 1965   0.18  -0.18     0.07
  MONTH TO DATE    7.64                      2.27   5.37     2.22
  SINCE JUN 1      7.64                      2.27   5.37     2.22
  SINCE JAN 1     19.57                     21.65  -2.08    15.99

SNOWFALL (IN)
  YESTERDAY        0.0                       0.0    0.0

DEGREE DAYS
 HEATING
  YESTERDAY        0                                0
  MONTH TO DATE    0                                0
  SINCE JUN 1      0                                0
  SINCE JUL 1   1116                             -275

 COOLING
  YESTERDAY       15                                0
  MONTH TO DATE  234                               21
  SINCE JUN 1    234                               21
  SINCE JAN 1    721                               86
..................................................................


WIND (MPH)
  HIGHEST WIND SPEED    15   HIGHEST WIND DIRECTION    SE (140)
  HIGHEST GUST SPEED    21   HIGHEST GUST DIRECTION    SE (150)
  AVERAGE WIND SPEED     7.0




..........................................................


THE APALACHICOLA CLIMATE NORMALS FOR TODAY
                         NORMAL    RECORD    YEAR
 MAXIMUM TEMPERATURE (F)   89        98      1981
 MINIMUM TEMPERATURE (F)   72        65      1933


SUNRISE AND SUNSET
JUNE 16 2019..........SUNRISE   639 AM EDT   SUNSET   842 PM EDT
JUNE 17 2019..........SUNRISE   640 AM EDT   SUNSET   843 PM EDT


-  INDICATES NEGATIVE NUMBERS.
R  INDICATES RECORD WAS SET OR TIED.
MM INDICATES DATA IS MISSING.
T  INDICATES TRACE AMOUNT.




$$
