000
CDUS41 KPHI 190555
CLIABE


CLIMATE REPORT
NATIONAL WEATHER SERVICE MOUNT HOLLY NJ
155 AM EDT WED JUN 19 2019


...................................

...THE ALLENTOWN PA CLIMATE SUMMARY FOR JUNE 18 2019...

CLIMATE NORMAL PERIOD 1981 TO 2010
CLIMATE RECORD PERIOD 1922 TO 2019


WEATHER ITEM   OBSERVED TIME   RECORD YEAR NORMAL DEPARTURE LAST
                VALUE   (LST)  VALUE       VALUE  FROM      YEAR
                                                  NORMAL
..................................................................
TEMPERATURE (F)
 YESTERDAY
  MAXIMUM         81    150 PM  95    2018  81      0       95
                                      1957
  MINIMUM         66   1143 PM  44    1958  59      7       67
  AVERAGE         74                        70      4       81

PRECIPITATION (IN)
  YESTERDAY        1.86          3.63 1938   0.14   1.72     0.06
  MONTH TO DATE    3.37                      2.58   0.79     1.26
  SINCE JUN 1      3.37                      2.58   0.79     1.26
  SINCE JAN 1     29.56                     19.40  10.16    21.74

SNOWFALL (IN)
  YESTERDAY        0.0           0.0  2002   0.0    0.0      0.0
                                      2001
  MONTH TO DATE    0.0                       0.0    0.0      0.0
  SINCE JUN 1      0.0                       0.0    0.0      0.0
  SINCE JUL 1     32.1                      32.9   -0.8     49.9
  SNOW DEPTH       0

DEGREE DAYS
 HEATING
  YESTERDAY        0                         1     -1        0
  MONTH TO DATE   13                        30    -17        7
  SINCE JUN 1     13                        30    -17        7
  SINCE JUL 1   5005                      5798   -793     5262

 COOLING
  YESTERDAY        9                         6      3       16
  MONTH TO DATE   71                        75     -4       92
  SINCE JUN 1     71                        75     -4       92
  SINCE JAN 1    171                       120     51      186
..................................................................


WIND (MPH)
  HIGHEST WIND SPEED    15   HIGHEST WIND DIRECTION    NE (30)
  HIGHEST GUST SPEED    18   HIGHEST GUST DIRECTION    NE (30)
  AVERAGE WIND SPEED     2.6


SKY COVER
  POSSIBLE SUNSHINE  MM
  AVERAGE SKY COVER 0.7


WEATHER CONDITIONS
 THE FOLLOWING WEATHER WAS RECORDED YESTERDAY.
  THUNDERSTORM
  HEAVY RAIN
  RAIN
  LIGHT RAIN
  FOG
  HAZE


RELATIVE HUMIDITY (PERCENT)
 HIGHEST    93          1000 PM
 LOWEST     69           200 PM
 AVERAGE    81

..........................................................


THE ALLENTOWN PA CLIMATE NORMALS FOR TODAY
                         NORMAL    RECORD    YEAR
 MAXIMUM TEMPERATURE (F)   81        96      1994
 MINIMUM TEMPERATURE (F)   59        46      1999


SUNRISE AND SUNSET
JUNE 19 2019..........SUNRISE   531 AM EDT   SUNSET   836 PM EDT
JUNE 20 2019..........SUNRISE   531 AM EDT   SUNSET   836 PM EDT


-  INDICATES NEGATIVE NUMBERS.
R  INDICATES RECORD WAS SET OR TIED.
MM INDICATES DATA IS MISSING.
T  INDICATES TRACE AMOUNT.




$$
