000
CDUS41 KPHI 242131
CLIABE


CLIMATE REPORT
NATIONAL WEATHER SERVICE MOUNT HOLLY NJ
530 PM EDT TUE APR 24 2018


...................................

...THE ALLENTOWN PA CLIMATE SUMMARY FOR APRIL 24 2018...
VALID TODAY AS OF 0500 PM LOCAL TIME.

CLIMATE NORMAL PERIOD 1981 TO 2010
CLIMATE RECORD PERIOD 1922 TO 2018


WEATHER ITEM   OBSERVED TIME   RECORD YEAR NORMAL DEPARTURE LAST
                VALUE   (LST)  VALUE       VALUE  FROM      YEAR
                                                  NORMAL
..................................................................
TEMPERATURE (F)
 TODAY
  MAXIMUM         68   1210 PM  86    1960  65      3       62
  MINIMUM         37    506 AM  29    1930  41     -4       41
  AVERAGE         53                        53      0       52

PRECIPITATION (IN)
  TODAY            0.00          2.52 1968   0.11  -0.11      T
  MONTH TO DATE    2.66                      2.85  -0.19     2.23
  SINCE MAR 1      5.89                      6.24  -0.35     7.49
  SINCE JAN 1     14.56                     11.97   2.59    12.58

SNOWFALL (IN)
  TODAY            0.0           T    1971   0.0    0.0      0.0
  MONTH TO DATE    3.9                       0.9    3.0      0.0
  SINCE MAR 1     24.6                       5.8   18.8     18.3
  SINCE JUL 1     49.9                      32.8   17.1     28.3
  SNOW DEPTH       0

DEGREE DAYS
 HEATING
  TODAY           12                        12      0       13
  MONTH TO DATE  468                       389     79      240
  SINCE MAR 1   1311                      1192    119     1075
  SINCE JUL 1   5134                      5501   -367     4577

 COOLING
  TODAY            0                         0      0        0
  MONTH TO DATE    4                         0      4        2
  SINCE MAR 1      4                         0      4        2
  SINCE JAN 1      4                         0      4        2
..................................................................


WIND (MPH)
  HIGHEST WIND SPEED    18   HIGHEST WIND DIRECTION     S (160)
  HIGHEST GUST SPEED    31   HIGHEST GUST DIRECTION    SE (150)
  AVERAGE WIND SPEED     8.1


SKY COVER
  POSSIBLE SUNSHINE  MM
  AVERAGE SKY COVER 0.2


WEATHER CONDITIONS
 THE FOLLOWING WEATHER WAS RECORDED TODAY.
  NO SIGNIFICANT WEATHER WAS OBSERVED.


RELATIVE HUMIDITY (PERCENT)
 HIGHEST    64           500 AM
 LOWEST     28          1200 AM
 AVERAGE    46

..........................................................


THE ALLENTOWN PA CLIMATE NORMALS FOR TOMORROW
                         NORMAL    RECORD    YEAR
 MAXIMUM TEMPERATURE (F)   65        89      1960
 MINIMUM TEMPERATURE (F)   42        27      2015
                                             1956
                                             1936


SUNRISE AND SUNSET
APRIL 24 2018.........SUNRISE   610 AM EDT   SUNSET   750 PM EDT
APRIL 25 2018.........SUNRISE   608 AM EDT   SUNSET   752 PM EDT


-  INDICATES NEGATIVE NUMBERS.
R  INDICATES RECORD WAS SET OR TIED.
MM INDICATES DATA IS MISSING.
T  INDICATES TRACE AMOUNT.




$$
