000
CDUS44 KSJT 150724
CLIABI


CLIMATE REPORT
NATIONAL WEATHER SERVICE SAN ANGELO TX
224 AM CDT SAT JUN 15 2019


...................................

...THE ABILENE CLIMATE SUMMARY FOR JUNE 14 2019...

CLIMATE NORMAL PERIOD 1981 TO 2010
CLIMATE RECORD PERIOD 1886 TO 2019


WEATHER ITEM   OBSERVED TIME   RECORD YEAR NORMAL DEPARTURE LAST
                VALUE   (LST)  VALUE       VALUE  FROM      YEAR
                                                  NORMAL
..................................................................
TEMPERATURE (F)
 YESTERDAY
  MAXIMUM         93    354 PM 106    2011  90      3       94
  MINIMUM         68    624 AM  53    1947  68      0       74
  AVERAGE         81                        79      2       84

PRECIPITATION (IN)
  YESTERDAY        0.00          2.23 1961   0.13  -0.13     0.00
  MONTH TO DATE    2.78                      1.93   0.85     2.35
  SINCE JUN 1      2.78                      1.93   0.85     2.35
  SINCE JAN 1     17.12                     10.87   6.25     8.46

DEGREE DAYS
 HEATING
  YESTERDAY        0                         0      0        0
  MONTH TO DATE    0                         0      0        0
  SINCE JUN 1      0                         0      0        0
  SINCE JUL 1   2551                      2558     -7     2583

 COOLING
  YESTERDAY       16                        14      2       19
  MONTH TO DATE  163                       184    -21      260
  SINCE JUN 1    163                       184    -21      260
  SINCE JAN 1    556                       581    -25      791
..................................................................


WIND (MPH)
  HIGHEST WIND SPEED    28   HIGHEST WIND DIRECTION     S (190)
  HIGHEST GUST SPEED    35   HIGHEST GUST DIRECTION     S (190)
  AVERAGE WIND SPEED    17.1


SKY COVER
  POSSIBLE SUNSHINE  MM
  AVERAGE SKY COVER 0.0


WEATHER CONDITIONS
 THE FOLLOWING WEATHER WAS RECORDED YESTERDAY.
  NO SIGNIFICANT WEATHER WAS OBSERVED.


RELATIVE HUMIDITY (PERCENT)
 HIGHEST    78           700 AM
 LOWEST     41           200 PM
 AVERAGE    60

..........................................................


THE ABILENE CLIMATE NORMALS FOR TODAY
                         NORMAL    RECORD    YEAR
 MAXIMUM TEMPERATURE (F)   91       108      1924
 MINIMUM TEMPERATURE (F)   69        54      1903


SUNRISE AND SUNSET
JUNE 15 2019..........SUNRISE   631 AM CDT   SUNSET   847 PM CDT
JUNE 16 2019..........SUNRISE   631 AM CDT   SUNSET   848 PM CDT


-  INDICATES NEGATIVE NUMBERS.
R  INDICATES RECORD WAS SET OR TIED.
MM INDICATES DATA IS MISSING.
T  INDICATES TRACE AMOUNT.




$$
