256
CDUS44 KSJT 200837
CLIABI


CLIMATE REPORT
NATIONAL WEATHER SERVICE SAN ANGELO TX
337 AM CDT SUN MAY 20 2018


...................................

...THE ABILENE CLIMATE SUMMARY FOR MAY 19 2018...

CLIMATE NORMAL PERIOD 1981 TO 2010
CLIMATE RECORD PERIOD 1886 TO 2018


WEATHER ITEM   OBSERVED TIME   RECORD YEAR NORMAL DEPARTURE LAST
                VALUE   (LST)  VALUE       VALUE  FROM      YEAR
                                                  NORMAL
..................................................................
TEMPERATURE (F)
 YESTERDAY
  MAXIMUM         90    331 PM 105    1927  85      5       79
  MINIMUM         70    713 AM  47    2002  62      8       60
                                      1995
  AVERAGE         80                        74      6       70

PRECIPITATION (IN)
  YESTERDAY        0.00          2.19 2000   0.10  -0.10     0.14
  MONTH TO DATE    1.31                      1.72  -0.41     1.95
  SINCE MAR 1      3.08                      5.10  -2.02     3.71
  SINCE JAN 1      5.49                      7.48  -1.99     7.09

DEGREE DAYS
 HEATING
  YESTERDAY        0                         0      0        0
  MONTH TO DATE    0                        13    -13        7
  SINCE MAR 1    382                       422    -40      236
  SINCE JUL 1   2583                      2555     28     1817

 COOLING
  YESTERDAY       15                         9      6        5
  MONTH TO DATE  220                       138     82      104
  SINCE MAR 1    325                       266     59      292
  SINCE JAN 1    337                       271     66      323
..................................................................


WIND (MPH)
  HIGHEST WIND SPEED    24   HIGHEST WIND DIRECTION     S (160)
  HIGHEST GUST SPEED    32   HIGHEST GUST DIRECTION     S (200)
  AVERAGE WIND SPEED    15.1


SKY COVER
  POSSIBLE SUNSHINE  MM
  AVERAGE SKY COVER 0.1


WEATHER CONDITIONS
 THE FOLLOWING WEATHER WAS RECORDED YESTERDAY.
  NO SIGNIFICANT WEATHER WAS OBSERVED.


RELATIVE HUMIDITY (PERCENT)
 HIGHEST    68           600 AM
 LOWEST     36           400 PM
 AVERAGE    52

..........................................................


THE ABILENE CLIMATE NORMALS FOR TODAY
                         NORMAL    RECORD    YEAR
 MAXIMUM TEMPERATURE (F)   86       103      1939
 MINIMUM TEMPERATURE (F)   63        47      1919


SUNRISE AND SUNSET
MAY 20 2018...........SUNRISE   637 AM CDT   SUNSET   833 PM CDT
MAY 21 2018...........SUNRISE   637 AM CDT   SUNSET   834 PM CDT


-  INDICATES NEGATIVE NUMBERS.
R  INDICATES RECORD WAS SET OR TIED.
MM INDICATES DATA IS MISSING.
T  INDICATES TRACE AMOUNT.




$$
