000
CDUS44 KSJT 252226
CLIABI


CLIMATE REPORT
NATIONAL WEATHER SERVICE SAN ANGELO TX
525 PM CDT THU APR 25 2019


...................................

...THE ABILENE CLIMATE SUMMARY FOR APRIL 25 2019...
VALID TODAY AS OF 0500 PM LOCAL TIME.

CLIMATE NORMAL PERIOD 1981 TO 2010
CLIMATE RECORD PERIOD 1886 TO 2019


WEATHER ITEM   OBSERVED TIME   RECORD YEAR NORMAL DEPARTURE LAST
                VALUE   (LST)  VALUE       VALUE  FROM      YEAR
                                                  NORMAL
..................................................................
TEMPERATURE (F)
 TODAY
  MAXIMUM         83    301 PM 104    2012  80      3       64
  MINIMUM         51    542 AM  38    1913  55     -4       42
                                      1910
                                      1887
  AVERAGE         67                        67      0       53

PRECIPITATION (IN)
  TODAY            0.00          2.50 1922   0.06  -0.06     0.12
  MONTH TO DATE    4.73                      1.28   3.45     0.30
  SINCE MAR 1      6.02                      3.02   3.00     1.77
  SINCE JAN 1      7.12                      5.40   1.72     4.18

SNOWFALL (IN)
  TODAY            0.0           0.0  2000   0.0    0.0     MM
  MONTH TO DATE    T                         0.3   -0.3      0.0
  SINCE NOV 1      3.1                       4.7   -1.6      0.5
  SINCE JUL 1      3.1                       4.7   -1.6      0.5

DEGREE DAYS
 HEATING
  TODAY            0                         2     -2       12
  MONTH TO DATE   69                       103    -34      160
  SINCE MAR 1    422                       401     21      371
  SINCE JUL 1   2518                      2534    -16     2572

 COOLING
  TODAY            2                         4     -2        0
  MONTH TO DATE   88                        74     14       49
  SINCE MAR 1    113                       103     10       95
  SINCE JAN 1    126                       108     18      107
..................................................................


WIND (MPH)
  HIGHEST WIND SPEED    16   HIGHEST WIND DIRECTION     W (290)
  HIGHEST GUST SPEED    19   HIGHEST GUST DIRECTION     W (280)
  AVERAGE WIND SPEED     6.8


SKY COVER
  POSSIBLE SUNSHINE  MM
  AVERAGE SKY COVER 0.0


WEATHER CONDITIONS
 THE FOLLOWING WEATHER WAS RECORDED TODAY.
  FOG


RELATIVE HUMIDITY (PERCENT)
 HIGHEST   100           100 AM
 LOWEST     34           300 PM
 AVERAGE    67

..........................................................


THE ABILENE CLIMATE NORMALS FOR TOMORROW
                         NORMAL    RECORD    YEAR
 MAXIMUM TEMPERATURE (F)   80        96      2012
                                             1984
                                             1971
 MINIMUM TEMPERATURE (F)   55        37      1907


SUNRISE AND SUNSET
APRIL 25 2019.........SUNRISE   658 AM CDT   SUNSET   815 PM CDT
APRIL 26 2019.........SUNRISE   657 AM CDT   SUNSET   816 PM CDT


-  INDICATES NEGATIVE NUMBERS.
R  INDICATES RECORD WAS SET OR TIED.
MM INDICATES DATA IS MISSING.
T  INDICATES TRACE AMOUNT.




$$
