014
CDUS44 KSJT 160745
CLIABI


CLIMATE REPORT
NATIONAL WEATHER SERVICE SAN ANGELO TX
245 AM CDT WED OCT 16 2019


...................................

...THE ABILENE CLIMATE SUMMARY FOR OCTOBER 15 2019...

CLIMATE NORMAL PERIOD 1981 TO 2010
CLIMATE RECORD PERIOD 1886 TO 2019


WEATHER ITEM   OBSERVED TIME   RECORD YEAR NORMAL DEPARTURE LAST
                VALUE   (LST)  VALUE       VALUE  FROM      YEAR
                                                  NORMAL
..................................................................
TEMPERATURE (F)
 YESTERDAY
  MAXIMUM         91    311 PM  97    1917  78     13       45
  MINIMUM         62   1159 PM  36    2018  55      7       36
  AVERAGE         77                        66     11       41

PRECIPITATION (IN)
  YESTERDAY        T             2.79 1941   0.11  -0.11     0.95
  MONTH TO DATE    0.20                      1.42  -1.22     6.36
  SINCE SEP 1      1.03                      3.66  -2.63    12.11
  SINCE JAN 1     20.01                     20.62  -0.61    24.27

SNOWFALL (IN)
  YESTERDAY        0.0           0.0  2002   0.0    0.0      0.0
  MONTH TO DATE    0.0                       0.0    0.0      0.0
  SINCE NOV 1      3.1                       4.7   -1.6      0.5
  SINCE JUL 1      0.0                       0.0    0.0      0.0

DEGREE DAYS
 HEATING
  YESTERDAY        0                         3     -3       24
  MONTH TO DATE   29                        27      2       41
  SINCE SEP 1     29                        38     -9       46
  SINCE JUL 1     29                        38     -9       46

 COOLING
  YESTERDAY       12                         4      8        0
  MONTH TO DATE  146                        76     70       97
  SINCE SEP 1    722                       402    320      382
  SINCE JAN 1   2879                      2347    532     2721
..................................................................


WIND (MPH)
  HIGHEST WIND SPEED    25   HIGHEST WIND DIRECTION     N (350)
  HIGHEST GUST SPEED    32   HIGHEST GUST DIRECTION     N (340)
  AVERAGE WIND SPEED    10.0


SKY COVER
  POSSIBLE SUNSHINE  MM
  AVERAGE SKY COVER 0.1


WEATHER CONDITIONS
 THE FOLLOWING WEATHER WAS RECORDED YESTERDAY.
  NO SIGNIFICANT WEATHER WAS OBSERVED.


RELATIVE HUMIDITY (PERCENT)
 HIGHEST    79           900 AM
 LOWEST     20           500 PM
 AVERAGE    50

..........................................................


THE ABILENE CLIMATE NORMALS FOR TODAY
                         NORMAL    RECORD    YEAR
 MAXIMUM TEMPERATURE (F)   77        94      1917
 MINIMUM TEMPERATURE (F)   54        34      2001
                                             1977


SUNRISE AND SUNSET
OCTOBER 16 2019.......SUNRISE   743 AM CDT   SUNSET   705 PM CDT
OCTOBER 17 2019.......SUNRISE   744 AM CDT   SUNSET   704 PM CDT


-  INDICATES NEGATIVE NUMBERS.
R  INDICATES RECORD WAS SET OR TIED.
MM INDICATES DATA IS MISSING.
T  INDICATES TRACE AMOUNT.




$$
