000
CDUS45 KABQ 150837
CLIABQ


CLIMATE REPORT
NATIONAL WEATHER SERVICE ALBUQUERQUE NM
236 AM MDT SAT JUN 15 2019


...................................

...THE ALBUQUERQUE  NM CLIMATE SUMMARY FOR JUNE 14 2019...

CLIMATE NORMAL PERIOD 1981 TO 2010
CLIMATE RECORD PERIOD 1891 TO 2019


WEATHER ITEM   OBSERVED TIME   RECORD YEAR NORMAL DEPARTURE LAST
                VALUE   (LST)  VALUE       VALUE  FROM      YEAR
                                                  NORMAL
..................................................................
TEMPERATURE (F)
 YESTERDAY
  MAXIMUM         93    427 PM 101    1939  88      5       94
  MINIMUM         66    529 AM  42    1915  61      5       69
  AVERAGE         80                        75      5       82

PRECIPITATION (IN)
  YESTERDAY        0.00          0.35 1903   0.02  -0.02
  MONTH TO DATE    0.03                      0.21  -0.18
  SINCE JUN 1      0.03                      0.21  -0.18
  SINCE JAN 1      3.03                      2.75   0.28

SNOWFALL (IN)
  YESTERDAY        0.0
  MONTH TO DATE    0.0
  SINCE JUN 1      0.0
  SINCE JUL 1      9.5
  SNOW DEPTH       0

DEGREE DAYS
 HEATING
  YESTERDAY        0                         0      0        0
  MONTH TO DATE    0                         0      0        0
  SINCE JUN 1      0                         0      0        0
  SINCE JUL 1   4171                      4175     -4     3329

 COOLING
  YESTERDAY       15                        10      5       17
  MONTH TO DATE  108                       112     -4      191
  SINCE JUN 1    108                       112     -4      191
  SINCE JAN 1    142                       210    -68      387
..................................................................


WIND (MPH)
  HIGHEST WIND SPEED    25   HIGHEST WIND DIRECTION     W (280)
  HIGHEST GUST SPEED    31   HIGHEST GUST DIRECTION     W (280)
  AVERAGE WIND SPEED    12.7


SKY COVER
  POSSIBLE SUNSHINE  MM
  AVERAGE SKY COVER 0.5


WEATHER CONDITIONS
 THE FOLLOWING WEATHER WAS RECORDED YESTERDAY.
  NO SIGNIFICANT WEATHER WAS OBSERVED.


RELATIVE HUMIDITY (PERCENT)
 HIGHEST    44           700 AM
 LOWEST      5           200 PM
 AVERAGE    25

..........................................................


THE ALBUQUERQUE  NM CLIMATE NORMALS FOR TODAY
                         NORMAL    RECORD    YEAR
 MAXIMUM TEMPERATURE (F)   89       100      1939
                                             1896
 MINIMUM TEMPERATURE (F)   62        42      1901


SUNRISE AND SUNSET
JUNE 15 2019..........SUNRISE   552 AM MDT   SUNSET   822 PM MDT
JUNE 16 2019..........SUNRISE   552 AM MDT   SUNSET   822 PM MDT


-  INDICATES NEGATIVE NUMBERS.
R  INDICATES RECORD WAS SET OR TIED.
MM INDICATES DATA IS MISSING.
T  INDICATES TRACE AMOUNT.




$$
