779
CDUS45 KABQ 160826
CLIABQ


CLIMATE REPORT
NATIONAL WEATHER SERVICE ALBUQUERQUE NM
225 AM MDT WED OCT 16 2019


...................................

...THE ALBUQUERQUE  NM CLIMATE SUMMARY FOR OCTOBER 15 2019...

CLIMATE NORMAL PERIOD 1981 TO 2010
CLIMATE RECORD PERIOD 1891 TO 2019


WEATHER ITEM   OBSERVED TIME   RECORD YEAR NORMAL DEPARTURE LAST
                VALUE   (LST)  VALUE       VALUE  FROM      YEAR
                                                  NORMAL
..................................................................
TEMPERATURE (F)
 YESTERDAY
  MAXIMUM         75    352 PM  85    2016  69      6       42
                                      1909
  MINIMUM         50    641 AM  29    1914  47      3       33
  AVERAGE         63                        58      5       38

PRECIPITATION (IN)
  YESTERDAY        0.00          1.30 1960   0.03  -0.03
  MONTH TO DATE    0.58                      0.57   0.01
  SINCE SEP 1      1.03                      1.65  -0.62
  SINCE JAN 1      6.48                      7.93  -1.45

SNOWFALL (IN)
  YESTERDAY        0.0
  MONTH TO DATE    0.0
  SINCE SEP 1      0.0
  SINCE JUL 1      0.0
  SNOW DEPTH       0

DEGREE DAYS
 HEATING
  YESTERDAY        2                         7     -5       27
  MONTH TO DATE   59                        74    -15      101
  SINCE SEP 1     59                       100    -41      103
  SINCE JUL 1     59                       100    -41      103

 COOLING
  YESTERDAY        0                         0      0        0
  MONTH TO DATE   10                         7      3       23
  SINCE SEP 1    265                       162    103      246
  SINCE JAN 1   1529                      1319    210     1732
..................................................................


WIND (MPH)
  HIGHEST WIND SPEED    20   HIGHEST WIND DIRECTION     E (80)
  HIGHEST GUST SPEED    24   HIGHEST GUST DIRECTION     E (80)
  AVERAGE WIND SPEED     6.3


SKY COVER
  POSSIBLE SUNSHINE  MM
  AVERAGE SKY COVER 0.2


WEATHER CONDITIONS
 THE FOLLOWING WEATHER WAS RECORDED YESTERDAY.
  NO SIGNIFICANT WEATHER WAS OBSERVED.


RELATIVE HUMIDITY (PERCENT)
 HIGHEST    42           600 AM
 LOWEST      7           400 PM
 AVERAGE    25

..........................................................


THE ALBUQUERQUE  NM CLIMATE NORMALS FOR TODAY
                         NORMAL    RECORD    YEAR
 MAXIMUM TEMPERATURE (F)   69        84      1909
 MINIMUM TEMPERATURE (F)   46        27      1899


SUNRISE AND SUNSET
OCTOBER 16 2019.......SUNRISE   713 AM MDT   SUNSET   630 PM MDT
OCTOBER 17 2019.......SUNRISE   714 AM MDT   SUNSET   629 PM MDT


-  INDICATES NEGATIVE NUMBERS.
R  INDICATES RECORD WAS SET OR TIED.
MM INDICATES DATA IS MISSING.
T  INDICATES TRACE AMOUNT.




$$
