799
CDUS45 KABQ 260023
CLIABQ


CLIMATE REPORT
NATIONAL WEATHER SERVICE ALBUQUERQUE NM
623 PM MDT THU APR 25 2019


...................................

...THE ALBUQUERQUE  NM CLIMATE SUMMARY FOR APRIL 25 2019...
VALID TODAY AS OF 0500 PM LOCAL TIME.

CLIMATE NORMAL PERIOD 1981 TO 2010
CLIMATE RECORD PERIOD 1891 TO 2019


WEATHER ITEM   OBSERVED TIME   RECORD YEAR NORMAL DEPARTURE LAST
                VALUE   (LST)  VALUE       VALUE  FROM      YEAR
                                                  NORMAL
..................................................................
TEMPERATURE (F)
 TODAY
  MAXIMUM         79    428 PM  86    2012  72      7       74
                                      1981
  MINIMUM         48    403 AM  25    1921  46      2       45
  AVERAGE         64                        59      5       60

PRECIPITATION (IN)
  TODAY            0.00          0.86 1990   0.02  -0.02
  MONTH TO DATE    1.01                      0.52   0.49
  SINCE MAR 1      1.74                      1.09   0.65
  SINCE JAN 1      2.76                      1.95   0.81

SNOWFALL (IN)
  TODAY            0.0
  MONTH TO DATE    0.0
  SINCE MAR 1      T
  SINCE JUL 1      9.5
  SNOW DEPTH       0

DEGREE DAYS
 HEATING
  TODAY            1                         7     -6        5
  MONTH TO DATE  221                       249    -28      148
  SINCE MAR 1    672                       773   -101      598
  SINCE JUL 1   4040                      4076    -36     3301

 COOLING
  TODAY            0                         1     -1        0
  MONTH TO DATE    2                         1      1        4
  SINCE MAR 1      2                         1      1        4
  SINCE JAN 1      2                         1      1        4
..................................................................


WIND (MPH)
  HIGHEST WIND SPEED    13   HIGHEST WIND DIRECTION     S (170)
  HIGHEST GUST SPEED    16   HIGHEST GUST DIRECTION     S (180)
  AVERAGE WIND SPEED     3.9


SKY COVER
  POSSIBLE SUNSHINE  MM
  AVERAGE SKY COVER 0.1



RELATIVE HUMIDITY (PERCENT)
 HIGHEST    63           200 AM
 LOWEST     16           300 PM
 AVERAGE    40

..........................................................


THE ALBUQUERQUE  NM CLIMATE NORMALS FOR TOMORROW
                         NORMAL    RECORD    YEAR
 MAXIMUM TEMPERATURE (F)   72        87      2012
 MINIMUM TEMPERATURE (F)   46        28      1984


SUNRISE AND SUNSET
APRIL 25 2019.........SUNRISE   622 AM MDT   SUNSET   747 PM MDT
APRIL 26 2019.........SUNRISE   621 AM MDT   SUNSET   748 PM MDT


-  INDICATES NEGATIVE NUMBERS.
R  INDICATES RECORD WAS SET OR TIED.
MM INDICATES DATA IS MISSING.
T  INDICATES TRACE AMOUNT.




$$
