000
CDUS43 KABR 202234
CLIABR


CLIMATE REPORT
NATIONAL WEATHER SERVICE ABERDEEN SD
533 PM CDT SAT APR 20 2019


...................................

...THE ABERDEEN SD CLIMATE SUMMARY FOR APRIL 20 2019...
VALID TODAY AS OF 0500 PM LOCAL TIME.

CLIMATE NORMAL PERIOD 1981 TO 2010
CLIMATE RECORD PERIOD 1893 TO 2019


WEATHER ITEM   OBSERVED TIME   RECORD YEAR NORMAL DEPARTURE
                VALUE   (LST)  VALUE       VALUE  FROM
                                                  NORMAL
...............................................................
TEMPERATURE (F)
 TODAY
  MAXIMUM         86    359 PM  93    1980  60     26
  MINIMUM         44    626 AM  11    2013  34     10
                                      1966
  AVERAGE         65                        47     18

PRECIPITATION (IN)
  TODAY            0.00          1.37 1957   0.06  -0.06
  MONTH TO DATE    1.10                      1.04   0.06
  SINCE MAR 1      2.43                      2.20   0.23
  SINCE JAN 1      4.67                      3.22   1.45

SNOWFALL (IN)
  TODAY            0.0
  MONTH TO DATE   13.6
  SINCE OCT 1     81.1
  SINCE JUL 1     81.1
  SNOW DEPTH       0

DEGREE DAYS
 HEATING
  TODAY            0                              -18
  MONTH TO DATE  469                                9
  SINCE MAR 1   1830                              282
  SINCE JUL 1   8766                              755

 COOLING
  TODAY            0                                0
  MONTH TO DATE    0                                0
  SINCE MAR 1      0                                0
  SINCE JAN 1      0                                0
...............................................................


WIND (MPH)
  HIGHEST WIND SPEED    17   HIGHEST WIND DIRECTION     S (170)
  HIGHEST GUST SPEED    24   HIGHEST GUST DIRECTION     S (170)
  AVERAGE WIND SPEED    11.1


SKY COVER
  AVERAGE SKY COVER 0.0


WEATHER CONDITIONS
 THE FOLLOWING WEATHER WAS RECORDED TODAY.
  NO SIGNIFICANT WEATHER WAS OBSERVED.


RELATIVE HUMIDITY (PERCENT)
 HIGHEST    83
 LOWEST     24
 AVERAGE    54

..........................................................


THE ABERDEEN SD CLIMATE NORMALS FOR TOMORROW
                         NORMAL    RECORD    YEAR
 MAXIMUM TEMPERATURE (F)   60        97      1980
 MINIMUM TEMPERATURE (F)   34        16      1936


SUNRISE AND SUNSET
APRIL 20 2019.........SUNRISE   640 AM CDT   SUNSET   826 PM CDT
APRIL 21 2019.........SUNRISE   638 AM CDT   SUNSET   827 PM CDT


-  INDICATES NEGATIVE NUMBERS.
R  INDICATES RECORD WAS SET OR TIED.
MM INDICATES DATA IS MISSING.
T  INDICATES TRACE AMOUNT.

$$

PEAK WIND WAS 24 MPH OUT OF THE SOUTH AT 103 AM CDT

$$
