000
CDUS43 KABR 152237
CLIABR


CLIMATE REPORT
NATIONAL WEATHER SERVICE ABERDEEN SD
537 PM CDT SAT JUN 15 2019


...................................

...THE ABERDEEN SD CLIMATE SUMMARY FOR JUNE 15 2019...
VALID TODAY AS OF 0500 PM LOCAL TIME.

CLIMATE NORMAL PERIOD 1981 TO 2010
CLIMATE RECORD PERIOD 1893 TO 2019


WEATHER ITEM   OBSERVED TIME   RECORD YEAR NORMAL DEPARTURE
                VALUE   (LST)  VALUE       VALUE  FROM
                                                  NORMAL
...............................................................
TEMPERATURE (F)
 TODAY
  MAXIMUM         80   1235 PM 105    1933  77      3
  MINIMUM         58    334 AM  36    1968  54      4
  AVERAGE         69                        66      3

PRECIPITATION (IN)
  TODAY            0.64          2.97 1953   0.13   0.51
  MONTH TO DATE    1.34                      1.81  -0.47
  SINCE JUN 1      1.34                      1.81  -0.47
  SINCE JAN 1     10.48                      8.95   1.53

SNOWFALL (IN)
  TODAY            0.0
  MONTH TO DATE    0.0
  SINCE OCT 1     81.1
  SINCE JUL 1     81.1
  SNOW DEPTH       0

DEGREE DAYS
 HEATING
  TODAY            0                               -2
  MONTH TO DATE   19                              -35
  SINCE JUN 1     19                              -35
  SINCE JUL 1   9325                              813

 COOLING
  TODAY            4                                1
  MONTH TO DATE   65                               35
  SINCE JUN 1     65                               35
  SINCE JAN 1     79                               26
...............................................................


WIND (MPH)
  HIGHEST WIND SPEED    23   HIGHEST WIND DIRECTION     W (290)
  HIGHEST GUST SPEED    31   HIGHEST GUST DIRECTION    NW (300)
  AVERAGE WIND SPEED     5.4


SKY COVER
  AVERAGE SKY COVER 0.2


WEATHER CONDITIONS
 THE FOLLOWING WEATHER WAS RECORDED TODAY.
  THUNDERSTORM
  HEAVY RAIN
  RAIN
  LIGHT RAIN
  FOG


RELATIVE HUMIDITY (PERCENT)
 HIGHEST    87
 LOWEST     50
 AVERAGE    69

..........................................................


THE ABERDEEN SD CLIMATE NORMALS FOR TOMORROW
                         NORMAL    RECORD    YEAR
 MAXIMUM TEMPERATURE (F)   78       109      1933
 MINIMUM TEMPERATURE (F)   54        34      1903


SUNRISE AND SUNSET
JUNE 15 2019..........SUNRISE   545 AM CDT   SUNSET   924 PM CDT
JUNE 16 2019..........SUNRISE   545 AM CDT   SUNSET   924 PM CDT


-  INDICATES NEGATIVE NUMBERS.
R  INDICATES RECORD WAS SET OR TIED.
MM INDICATES DATA IS MISSING.
T  INDICATES TRACE AMOUNT.

$$

PEAK WIND WAS 31 MPH OUT OF THE NORTHWEST AT 233 PM CDT

$$
