000
CDUS42 KTAE 230637
CLIABY


CLIMATE REPORT
NATIONAL WEATHER SERVICE TALLAHASSEE FL
236 AM EDT TUE APR 23 2019


...................................

...THE ALBANY CLIMATE SUMMARY FOR APRIL 22 2019...

CLIMATE NORMAL PERIOD 1981 TO 2010
CLIMATE RECORD PERIOD 1930 TO 2019


WEATHER ITEM   OBSERVED TIME   RECORD YEAR NORMAL DEPARTURE LAST
                VALUE   (LST)  VALUE       VALUE  FROM      YEAR
                                                  NORMAL
..................................................................
TEMPERATURE (F)
 YESTERDAY
  MAXIMUM         85    339 PM  94    1987  81      4       74
  MINIMUM         48    626 AM  38    1986  55     -7       62
  AVERAGE         67                        68     -1       68

PRECIPITATION (IN)
  YESTERDAY        0.00                      0.11  -0.11     1.67
  MONTH TO DATE    2.66                      2.98  -0.32     3.45
  SINCE MAR 1      5.26                      8.03  -2.77     6.64
  SINCE JAN 1     11.10                     17.01  -5.91    14.75

SNOWFALL (IN)
  YESTERDAY        0.0
  MONTH TO DATE    0.0
  SINCE MAR 1      0.0
  SINCE JUL 1      0.0

DEGREE DAYS
 HEATING
  YESTERDAY        0                         1     -1        0
  MONTH TO DATE   33                        59    -26       61
  SINCE MAR 1    210                       268    -58      295
  SINCE JUL 1   1382                      1828   -446     1541

 COOLING
  YESTERDAY        2                         4     -2        3
  MONTH TO DATE   95                        63     32       30
  SINCE MAR 1    134                        92     42       73
  SINCE JAN 1    192                       101     91      156
..................................................................


WIND (MPH)
  HIGHEST WIND SPEED    10   HIGHEST WIND DIRECTION     N (360)
  HIGHEST GUST SPEED    15   HIGHEST GUST DIRECTION     N (350)
  AVERAGE WIND SPEED     1.4




RELATIVE HUMIDITY (PERCENT)
 HIGHEST    86
 LOWEST     24
 AVERAGE    55

..........................................................


THE ALBANY CLIMATE NORMALS FOR TODAY
                         NORMAL    RECORD    YEAR
 MAXIMUM TEMPERATURE (F)   81        94      1987
 MINIMUM TEMPERATURE (F)   55        33      1993


SUNRISE AND SUNSET
APRIL 23 2019.........SUNRISE   700 AM EDT   SUNSET   811 PM EDT
APRIL 24 2019.........SUNRISE   659 AM EDT   SUNSET   812 PM EDT


-  INDICATES NEGATIVE NUMBERS.
R  INDICATES RECORD WAS SET OR TIED.
MM INDICATES DATA IS MISSING.
T  INDICATES TRACE AMOUNT.




$$
