000
CDUS42 KTAE 170635
CLIABY


CLIMATE REPORT
NATIONAL WEATHER SERVICE TALLAHASSEE FL
233 AM EDT WED JUL 17 2019

...................................

...THE ALBANY CLIMATE SUMMARY FOR JULY 16 2019...

CLIMATE NORMAL PERIOD 1981 TO 2010
CLIMATE RECORD PERIOD 1930 TO 2019


WEATHER ITEM   OBSERVED TIME   RECORD YEAR NORMAL DEPARTURE LAST
                VALUE   (LST)  VALUE       VALUE  FROM      YEAR
                                                  NORMAL
..................................................................
TEMPERATURE (F)
 YESTERDAY
  MAXIMUM         97    301 PM 102    1932  93      4       91
  MINIMUM         74    555 AM  57    1967  72      2       74
  AVERAGE         86                        83      3       83

PRECIPITATION (IN)
  YESTERDAY        0.00                      0.17  -0.17      T
  MONTH TO DATE    0.86                      2.86  -2.00     3.12
  SINCE JUN 1      8.99                      7.80   1.19     6.20
  SINCE JAN 1     21.72                     28.16  -6.44    26.00

SNOWFALL (IN)
  YESTERDAY        0.0

DEGREE DAYS
 HEATING
  YESTERDAY        0                                0
  MONTH TO DATE    0                                0
  SINCE JUN 1      0                                0
  SINCE JUL 1      0                                0

 COOLING
  YESTERDAY       21                                3
  MONTH TO DATE  322                               46
  SINCE JUN 1    854                              113
  SINCE JAN 1   1507                              326
..................................................................


WIND (MPH)
  HIGHEST WIND SPEED    10   HIGHEST WIND DIRECTION     W (250)
  HIGHEST GUST SPEED    13   HIGHEST GUST DIRECTION     W (290)
  AVERAGE WIND SPEED     2.8


..........................................................


THE ALBANY CLIMATE NORMALS FOR TODAY
                         NORMAL    RECORD    YEAR
 MAXIMUM TEMPERATURE (F)   93       104      1981
 MINIMUM TEMPERATURE (F)   72        59      1967


SUNRISE AND SUNSET
JULY 17 2019..........SUNRISE   643 AM EDT   SUNSET   842 PM EDT
JULY 18 2019..........SUNRISE   644 AM EDT   SUNSET   842 PM EDT


-  INDICATES NEGATIVE NUMBERS.
R  INDICATES RECORD WAS SET OR TIED.
MM INDICATES DATA IS MISSING.
T  INDICATES TRACE AMOUNT.

$$
