000
CDUS44 KFWD 200707
CLIACT


CLIMATE REPORT
NATIONAL WEATHER SERVICE FORT WORTH TX
207 AM CDT THU JUN 20 2019


...................................

...THE WACO CLIMATE SUMMARY FOR JUNE 19 2019...

CLIMATE NORMAL PERIOD 1981 TO 2010
CLIMATE RECORD PERIOD 1901 TO 2019


WEATHER ITEM   OBSERVED TIME   RECORD YEAR NORMAL DEPARTURE LAST
                VALUE   (LST)  VALUE       VALUE  FROM      YEAR
                                                  NORMAL
..................................................................
TEMPERATURE (F)
 YESTERDAY
  MAXIMUM         97    341 PM 105    2011  92      5       89
                                      1918
  MINIMUM         69        MM  60    1945  72     -3       74
  AVERAGE         83                        82      1       82

PRECIPITATION (IN)
  YESTERDAY        0.19          4.20 1947   0.11   0.08     0.10
  MONTH TO DATE    3.99                      2.48   1.51     0.12
  SINCE JUN 1      3.99                      2.48   1.51     0.12
  SINCE JAN 1     23.30                     17.37   5.93     8.49

DEGREE DAYS
 HEATING
  YESTERDAY        0                         0      0        0
  MONTH TO DATE    0                         0      0        0
  SINCE JUN 1      0                         0      0        0
  SINCE JUL 1   2280                      2142    138     2088

 COOLING
  YESTERDAY       18                        17      1       17
  MONTH TO DATE  284                       291     -7      420
  SINCE JUN 1    284                       291     -7      420
  SINCE JAN 1    733                       743    -10      988
..................................................................


WIND (MPH)
  HIGHEST WIND SPEED    47   HIGHEST WIND DIRECTION     W (290)
  HIGHEST GUST SPEED    58   HIGHEST GUST DIRECTION     W (280)
  AVERAGE WIND SPEED    12.6


SKY COVER
  POSSIBLE SUNSHINE  MM
  AVERAGE SKY COVER 0.1


WEATHER CONDITIONS
 THE FOLLOWING WEATHER WAS RECORDED YESTERDAY.
  THUNDERSTORM
  HEAVY RAIN
  RAIN
  LIGHT RAIN


RELATIVE HUMIDITY (PERCENT)
 HIGHEST    93           500 AM
 LOWEST     48           300 PM
 AVERAGE    71

..........................................................


THE WACO CLIMATE NORMALS FOR TODAY
                         NORMAL    RECORD    YEAR
 MAXIMUM TEMPERATURE (F)   93       105      1925
 MINIMUM TEMPERATURE (F)   72        59      1976


SUNRISE AND SUNSET
JUNE 20 2019..........SUNRISE   624 AM CDT   SUNSET   837 PM CDT
JUNE 21 2019..........SUNRISE   624 AM CDT   SUNSET   837 PM CDT


-  INDICATES NEGATIVE NUMBERS.
R  INDICATES RECORD WAS SET OR TIED.
MM INDICATES DATA IS MISSING.
T  INDICATES TRACE AMOUNT.




$$
