000
CDUS41 KPHI 190554
CLIACY


CLIMATE REPORT
NATIONAL WEATHER SERVICE MOUNT HOLLY NJ
154 AM EDT FRI APR 19 2019


...................................

...THE ATLANTIC CITY NJ CLIMATE SUMMARY FOR APRIL 18 2019...

CLIMATE NORMAL PERIOD 1981 TO 2010
CLIMATE RECORD PERIOD 1943 TO 2019


WEATHER ITEM   OBSERVED TIME   RECORD YEAR NORMAL DEPARTURE LAST
                VALUE   (LST)  VALUE       VALUE  FROM      YEAR
                                                  NORMAL
..................................................................
TEMPERATURE (F)
 YESTERDAY
  MAXIMUM         71   1243 PM  87    2002  63      8       58
  MINIMUM         53   1239 AM  31    1990  43     10       36
  AVERAGE         62                        53      9       47

PRECIPITATION (IN)
  YESTERDAY        0.00          0.55 1984   0.12  -0.12     0.00
  MONTH TO DATE    1.56                      2.33  -0.77     2.53
  SINCE MAR 1      5.49                      6.54  -1.05     7.86
  SINCE JAN 1     13.32                     12.63   0.69    17.58

SNOWFALL (IN)
  YESTERDAY        0.0           T    2001   0.0    0.0      0.0
  MONTH TO DATE    0.0                       0.2   -0.2       T
  SINCE MAR 1      1.2                       1.3   -0.1      9.6
  SINCE JUL 1     17.8                      16.4    1.4     34.1
  SNOW DEPTH       0

DEGREE DAYS
 HEATING
  YESTERDAY        3                        13    -10       18
  MONTH TO DATE  205                       277    -72      307
  SINCE MAR 1    943                       983    -40     1078
  SINCE JUL 1   4311                      4574   -263     4316

 COOLING
  YESTERDAY        0                         0      0        0
  MONTH TO DATE    6                         0      6        6
  SINCE MAR 1      6                         0      6        6
  SINCE JAN 1      6                         0      6        6
..................................................................


WIND (MPH)
  HIGHEST WIND SPEED    24   HIGHEST WIND DIRECTION     S (190)
  HIGHEST GUST SPEED    38   HIGHEST GUST DIRECTION     S (190)
  AVERAGE WIND SPEED    14.9


SKY COVER
  POSSIBLE SUNSHINE  MM
  AVERAGE SKY COVER 0.4


WEATHER CONDITIONS
 THE FOLLOWING WEATHER WAS RECORDED YESTERDAY.
  NO SIGNIFICANT WEATHER WAS OBSERVED.


RELATIVE HUMIDITY (PERCENT)
 HIGHEST    90           900 PM
 LOWEST     61           100 PM
 AVERAGE    76

..........................................................


THE ATLANTIC CITY NJ CLIMATE NORMALS FOR TODAY
                         NORMAL    RECORD    YEAR
 MAXIMUM TEMPERATURE (F)   63        92      1985
 MINIMUM TEMPERATURE (F)   43        28      2001
                                             1990


SUNRISE AND SUNSET
APRIL 19 2019.........SUNRISE   616 AM EDT   SUNSET   740 PM EDT
APRIL 20 2019.........SUNRISE   614 AM EDT   SUNSET   741 PM EDT


-  INDICATES NEGATIVE NUMBERS.
R  INDICATES RECORD WAS SET OR TIED.
MM INDICATES DATA IS MISSING.
T  INDICATES TRACE AMOUNT.




$$
