000
CDUS41 KPHI 170602
CLIACY


CLIMATE REPORT
NATIONAL WEATHER SERVICE MOUNT HOLLY NJ
202 AM EDT MON JUN 17 2019


...................................

...THE ATLANTIC CITY NJ CLIMATE SUMMARY FOR JUNE 16 2019...

CLIMATE NORMAL PERIOD 1981 TO 2010
CLIMATE RECORD PERIOD 1943 TO 2019


WEATHER ITEM   OBSERVED TIME   RECORD YEAR NORMAL DEPARTURE LAST
                VALUE   (LST)  VALUE       VALUE  FROM      YEAR
                                                  NORMAL
..................................................................
TEMPERATURE (F)
 YESTERDAY
  MAXIMUM         85    406 PM  97    1991  81      4       86
  MINIMUM         68    301 AM  44    1997  62      6       56
  AVERAGE         77                        71      6       71

PRECIPITATION (IN)
  YESTERDAY        0.03          1.28 1966   0.10  -0.07     0.00
  MONTH TO DATE    2.09                      1.73   0.36     2.11
  SINCE JUN 1      2.09                      1.73   0.36     2.11
  SINCE JAN 1     21.60                     19.01   2.59    27.95

SNOWFALL (IN)
  YESTERDAY        0.0           0.0    MM   0.0    0.0      0.0
  MONTH TO DATE    0.0                       0.0    0.0      0.0
  SINCE JUN 1      0.0                       0.0    0.0      0.0
  SINCE JUL 1     17.8                      16.5    1.3     34.1
  SNOW DEPTH       0

DEGREE DAYS
 HEATING
  YESTERDAY        0                         1     -1        0
  MONTH TO DATE    5                        23    -18       11
  SINCE JUN 1      5                        23    -18       11
  SINCE JUL 1   4477                      4901   -424     4518

 COOLING
  YESTERDAY       12                         7      5        6
  MONTH TO DATE   84                        83      1       78
  SINCE JUN 1     84                        83      1       78
  SINCE JAN 1    184                       147     37      208
..................................................................


WIND (MPH)
  HIGHEST WIND SPEED    21   HIGHEST WIND DIRECTION    SW (220)
  HIGHEST GUST SPEED    30   HIGHEST GUST DIRECTION    SW (220)
  AVERAGE WIND SPEED     9.6


SKY COVER
  POSSIBLE SUNSHINE  MM
  AVERAGE SKY COVER 0.2


WEATHER CONDITIONS
 THE FOLLOWING WEATHER WAS RECORDED YESTERDAY.
  THUNDERSTORM
  LIGHT RAIN
  FOG


RELATIVE HUMIDITY (PERCENT)
 HIGHEST    87           900 PM
 LOWEST     48           100 PM
 AVERAGE    68

..........................................................


THE ATLANTIC CITY NJ CLIMATE NORMALS FOR TODAY
                         NORMAL    RECORD    YEAR
 MAXIMUM TEMPERATURE (F)   81        94      2014
 MINIMUM TEMPERATURE (F)   62        47      2003
                                             1997
                                             1971


SUNRISE AND SUNSET
JUNE 17 2019..........SUNRISE   531 AM EDT   SUNSET   828 PM EDT
JUNE 18 2019..........SUNRISE   531 AM EDT   SUNSET   828 PM EDT


-  INDICATES NEGATIVE NUMBERS.
R  INDICATES RECORD WAS SET OR TIED.
MM INDICATES DATA IS MISSING.
T  INDICATES TRACE AMOUNT.




$$
