000
CDUS41 KPHI 232128
CLIACY


CLIMATE REPORT
NATIONAL WEATHER SERVICE MOUNT HOLLY NJ
528 PM EDT MON APR 23 2018


...................................

...THE ATLANTIC CITY NJ CLIMATE SUMMARY FOR APRIL 23 2018...
VALID TODAY AS OF 0500 PM LOCAL TIME.

CLIMATE NORMAL PERIOD 1981 TO 2010
CLIMATE RECORD PERIOD 1874 TO 2018


WEATHER ITEM   OBSERVED TIME   RECORD YEAR NORMAL DEPARTURE LAST
                VALUE   (LST)  VALUE       VALUE  FROM      YEAR
                                                  NORMAL
..................................................................
TEMPERATURE (F)
 TODAY
  MAXIMUM         67   1013 AM  85    2007  64      3       59
                                      1952
  MINIMUM         33    521 AM  24    1989  44    -11       45
  AVERAGE         50                        54     -4       52

PRECIPITATION (IN)
  TODAY            0.00          1.09 1928   0.11  -0.11     0.00
  MONTH TO DATE    2.55                      2.88  -0.33     1.53
  SINCE MAR 1      7.88                      7.09   0.79     7.15
  SINCE JAN 1     17.60                     13.18   4.42    12.70

SNOWFALL (IN)
  TODAY            0.0           T    1986   0.0    0.0      0.0
  MONTH TO DATE    T                         0.3   -0.3      0.0
  SINCE MAR 1      9.6                       1.4    8.2      0.2
  SINCE JUL 1     34.1                      16.5   17.6      7.7
  SNOW DEPTH       0

DEGREE DAYS
 HEATING
  TODAY           15                        11      4       13
  MONTH TO DATE  391                       336     55      219
  SINCE MAR 1   1162                      1042    120      938
  SINCE JUL 1   4400                      4633   -233     3934

 COOLING
  TODAY            0                         0      0        0
  MONTH TO DATE    6                         0      6       10
  SINCE MAR 1      6                         0      6       10
  SINCE JAN 1      6                         0      6       10
..................................................................


WIND (MPH)
  HIGHEST WIND SPEED    18   HIGHEST WIND DIRECTION     S (170)
  HIGHEST GUST SPEED    26   HIGHEST GUST DIRECTION     S (170)
  AVERAGE WIND SPEED     4.8


SKY COVER
  POSSIBLE SUNSHINE  MM
  AVERAGE SKY COVER 0.0


WEATHER CONDITIONS
 THE FOLLOWING WEATHER WAS RECORDED TODAY.
  NO SIGNIFICANT WEATHER WAS OBSERVED.


RELATIVE HUMIDITY (PERCENT)
 HIGHEST    92           300 AM
 LOWEST     23           200 PM
 AVERAGE    58

..........................................................


THE ATLANTIC CITY NJ CLIMATE NORMALS FOR TOMORROW
                         NORMAL    RECORD    YEAR
 MAXIMUM TEMPERATURE (F)   65        85      2001
 MINIMUM TEMPERATURE (F)   44        26      1989


SUNRISE AND SUNSET
APRIL 23 2018.........SUNRISE   610 AM EDT   SUNSET   744 PM EDT
APRIL 24 2018.........SUNRISE   608 AM EDT   SUNSET   745 PM EDT


-  INDICATES NEGATIVE NUMBERS.
R  INDICATES RECORD WAS SET OR TIED.
MM INDICATES DATA IS MISSING.
T  INDICATES TRACE AMOUNT.




$$
