000
CDUS44 KLCH 260823
CLIAEX


CLIMATE REPORT
NATIONAL WEATHER SERVICE LAKE CHARLES, LA
322 AM CDT FRI APR 26 2019


...................................

...THE ALEXANDRIA CLIMATE SUMMARY FOR APRIL 25 2019...

CLIMATE NORMAL PERIOD 1981 TO 2010
CLIMATE RECORD PERIOD 1892 TO 2019


WEATHER ITEM   OBSERVED TIME   RECORD YEAR NORMAL DEPARTURE LAST
                VALUE   (LST)  VALUE       VALUE  FROM      YEAR
                                                  NORMAL
..................................................................
TEMPERATURE (F)
 YESTERDAY
  MAXIMUM         78    307 PM  93    1925  81     -3       84
  MINIMUM         63   1159 PM  32    1910  57      6       54
  AVERAGE         71                        69      2       69

PRECIPITATION (IN)
  YESTERDAY        1.22          3.16 1946   0.09   1.13     0.03
  MONTH TO DATE    8.86                      3.94   4.92     3.42
  SINCE MAR 1      9.37                      8.99   0.38    13.00
  SINCE JAN 1     20.58                     18.67   1.91    29.49

SNOWFALL (IN)
  YESTERDAY        0.0           0.0    MM  MM     MM        0.0
  MONTH TO DATE    0.0                      MM     MM        0.0
  SINCE MAR 1      0.0                      MM     MM        0.0
  SINCE JUL 1      0.0                      MM     MM        2.9
  SNOW DEPTH       0

DEGREE DAYS
 HEATING
  YESTERDAY        0                         1     -1        0
  MONTH TO DATE   70                        63      7      107
  SINCE MAR 1    317                       278     39      248
  SINCE JUL 1   1849                      1943    -94     1870

 COOLING
  YESTERDAY        6                         5      1        4
  MONTH TO DATE   56                        79    -23       41
  SINCE MAR 1     85                       115    -30      112
  SINCE JAN 1    110                       132    -22      171
..................................................................


WIND (MPH)
  HIGHEST WIND SPEED    21   HIGHEST WIND DIRECTION     W (280)
  HIGHEST GUST SPEED    26   HIGHEST GUST DIRECTION     W (280)
  AVERAGE WIND SPEED     8.2


SKY COVER
  POSSIBLE SUNSHINE  MM
  AVERAGE SKY COVER 0.6


WEATHER CONDITIONS
 THE FOLLOWING WEATHER WAS RECORDED YESTERDAY.
  THUNDERSTORM
  HEAVY RAIN
  RAIN
  LIGHT RAIN
  FOG


RELATIVE HUMIDITY (PERCENT)
 HIGHEST    93          1000 PM
 LOWEST     58           300 PM
 AVERAGE    76

..........................................................


THE ALEXANDRIA CLIMATE NORMALS FOR TODAY
                         NORMAL    RECORD    YEAR
 MAXIMUM TEMPERATURE (F)   81        91      1944
                                             1925
 MINIMUM TEMPERATURE (F)   58        35      1910


SUNRISE AND SUNSET
APRIL 26 2019.........SUNRISE   630 AM CDT   SUNSET   746 PM CDT
APRIL 27 2019.........SUNRISE   629 AM CDT   SUNSET   747 PM CDT


-  INDICATES NEGATIVE NUMBERS.
R  INDICATES RECORD WAS SET OR TIED.
MM INDICATES DATA IS MISSING.
T  INDICATES TRACE AMOUNT.




$$
