000
CDUS44 KLCH 251245
CLIAEX


CLIMATE REPORT
NATIONAL WEATHER SERVICE LAKE CHARLES, LA
745 AM CDT WED APR 25 2018


...................................

...THE ALEXANDRIA CLIMATE SUMMARY FOR APRIL 24 2018...

CLIMATE NORMAL PERIOD 1981 TO 2010
CLIMATE RECORD PERIOD 1892 TO 2018


WEATHER ITEM   OBSERVED TIME   RECORD YEAR NORMAL DEPARTURE LAST
                VALUE   (LST)  VALUE       VALUE  FROM      YEAR
                                                  NORMAL
..................................................................
TEMPERATURE (F)
 YESTERDAY
  MAXIMUM         79    328 PM  92    1925  80     -1       80
                                      1923
  MINIMUM         51    552 AM  42    1910  57     -6       45
  AVERAGE         65                        69     -4       63

PRECIPITATION (IN)
  YESTERDAY        0.00          2.65 1937   0.12  -0.12     0.00
  MONTH TO DATE    3.39                      3.85  -0.46     9.83
  SINCE MAR 1     12.97                      8.90   4.07    11.98
  SINCE JAN 1     29.46                     18.58  10.88    19.69

SNOWFALL (IN)
  YESTERDAY        0.0           0.0    MM  MM     MM        0.0
  MONTH TO DATE    0.0                      MM     MM        0.0
  SINCE MAR 1      0.0                      MM     MM        0.0
  SINCE JUL 1      2.9                      MM     MM        0.5
  SNOW DEPTH       0

DEGREE DAYS
 HEATING
  YESTERDAY        0                         1     -1        2
  MONTH TO DATE  107                        62     45       23
  SINCE MAR 1    248                       277    -29      152
  SINCE JUL 1   1870                      1942    -72     1128

 COOLING
  YESTERDAY        0                         4     -4        0
  MONTH TO DATE   37                        74    -37      116
  SINCE MAR 1    108                       110     -2      221
  SINCE JAN 1    167                       127     40      303
..................................................................


WIND (MPH)
  HIGHEST WIND SPEED    16   HIGHEST WIND DIRECTION    NW (300)
  HIGHEST GUST SPEED    24   HIGHEST GUST DIRECTION    NW (330)
  AVERAGE WIND SPEED     5.5


SKY COVER
  POSSIBLE SUNSHINE  MM
  AVERAGE SKY COVER 0.0


WEATHER CONDITIONS
 THE FOLLOWING WEATHER WAS RECORDED YESTERDAY.
  FOG


RELATIVE HUMIDITY (PERCENT)
 HIGHEST   100           500 AM
 LOWEST     43           500 PM
 AVERAGE    72

..........................................................


THE ALEXANDRIA CLIMATE NORMALS FOR TODAY
                         NORMAL    RECORD    YEAR
 MAXIMUM TEMPERATURE (F)   81        93      1925
 MINIMUM TEMPERATURE (F)   57        32      1910


SUNRISE AND SUNSET
APRIL 25 2018.........SUNRISE   631 AM CDT   SUNSET   746 PM CDT
APRIL 26 2018.........SUNRISE   630 AM CDT   SUNSET   746 PM CDT


-  INDICATES NEGATIVE NUMBERS.
R  INDICATES RECORD WAS SET OR TIED.
MM INDICATES DATA IS MISSING.
T  INDICATES TRACE AMOUNT.




$$
