078
CDUS44 KLCH 180820
CLIAEX


CLIMATE REPORT
NATIONAL WEATHER SERVICE LAKE CHARLES, LA
319 AM CDT THU JUL 18 2019


...................................

...THE ALEXANDRIA CLIMATE SUMMARY FOR JULY 17 2019...

CLIMATE NORMAL PERIOD 1981 TO 2010
CLIMATE RECORD PERIOD 1892 TO 2019


WEATHER ITEM   OBSERVED TIME   RECORD YEAR NORMAL DEPARTURE LAST
                VALUE   (LST)  VALUE       VALUE  FROM      YEAR
                                                  NORMAL
..................................................................
TEMPERATURE (F)
 YESTERDAY
  MAXIMUM         92    346 PM 103    1980  92      0       96
  MINIMUM         75    101 AM  65    2014  73      2       77
  AVERAGE         84                        82      2       87

PRECIPITATION (IN)
  YESTERDAY        0.00          1.75 1922   0.09  -0.09      T
  MONTH TO DATE    4.92                      2.43   2.49     4.94
  SINCE JUN 1     10.83                      7.53   3.30     8.11
  SINCE JAN 1     40.17                     31.53   8.64    39.83

DEGREE DAYS
 COOLING
  YESTERDAY       19                        17      2       22
  MONTH TO DATE  301                       289     12      318
  SINCE JUN 1    756                       742     14      848
  SINCE JAN 1   1243                      1196     47     1479
..................................................................


WIND (MPH)
  HIGHEST WIND SPEED    14   HIGHEST WIND DIRECTION    SE (140)
  HIGHEST GUST SPEED    17   HIGHEST GUST DIRECTION    SE (130)
  AVERAGE WIND SPEED     4.4


SKY COVER
  POSSIBLE SUNSHINE  MM
  AVERAGE SKY COVER 0.3


WEATHER CONDITIONS
 THE FOLLOWING WEATHER WAS RECORDED YESTERDAY.
  FOG


RELATIVE HUMIDITY (PERCENT)
 HIGHEST   100          1200 AM
 LOWEST     60           100 PM
 AVERAGE    80

..........................................................


THE ALEXANDRIA CLIMATE NORMALS FOR TODAY
                         NORMAL    RECORD    YEAR
 MAXIMUM TEMPERATURE (F)   92       102      1980
                                             1927
 MINIMUM TEMPERATURE (F)   73        67      1967
                                             1926
                                             1898


SUNRISE AND SUNSET
JULY 18 2019..........SUNRISE   618 AM CDT   SUNSET   815 PM CDT
JULY 19 2019..........SUNRISE   619 AM CDT   SUNSET   814 PM CDT


-  INDICATES NEGATIVE NUMBERS.
R  INDICATES RECORD WAS SET OR TIED.
MM INDICATES DATA IS MISSING.
T  INDICATES TRACE AMOUNT.




$$
