000
CDUS42 KCAE 230606
CLIAGS


CLIMATE REPORT
NATIONAL WEATHER SERVICE COLUMBIA SC
206 AM EDT TUE APR 23 2019


...................................

...THE AUGUSTA REGIONAL BUSH FIELD GA CLIMATE SUMMARY FOR APRIL 22 2019...

CLIMATE NORMAL PERIOD 1981 TO 2010
CLIMATE RECORD PERIOD 1873 TO 2019


WEATHER ITEM   OBSERVED TIME   RECORD YEAR NORMAL DEPARTURE LAST
                VALUE   (LST)  VALUE       VALUE  FROM      YEAR
                                                  NORMAL
..................................................................
TEMPERATURE (F)
 YESTERDAY
  MAXIMUM         81    355 PM  90    2017  79      2       73
                                      1985
                                      1970
  MINIMUM         43    517 AM  33    1978  50     -7       53
  AVERAGE         62                        64     -2       63

PRECIPITATION (IN)
  YESTERDAY        0.00          1.47 1907   0.09  -0.09     0.08
  MONTH TO DATE    3.01                      2.18   0.83     1.60
  SINCE MAR 1      5.24                      6.36  -1.12     4.81
  SINCE JAN 1     10.78                     14.19  -3.41     8.47

SNOWFALL (IN)
  YESTERDAY        0.0          MM      MM   0.0             0.0
  MONTH TO DATE    0.0                       0.0             0.0
  SINCE MAR 1      0.0                       0.0             0.0
  SINCE JUL 1      0.0                       0.9              T

DEGREE DAYS
 HEATING
  YESTERDAY        3                         3      0        2
  MONTH TO DATE   78                       104    -26      119
  SINCE MAR 1    328                       400    -72      453
  SINCE JUL 1   1932                      2432   -500     2140

 COOLING
  YESTERDAY        0                         2     -2        0
  MONTH TO DATE   78                        32     46       13
  SINCE MAR 1     89                        47     42       27
  SINCE JAN 1    102                        50     52       78
..................................................................


WIND (MPH)
  HIGHEST WIND SPEED     9   HIGHEST WIND DIRECTION     N (360)
  HIGHEST GUST SPEED    12   HIGHEST GUST DIRECTION     N (350)
  AVERAGE WIND SPEED     1.0


SKY COVER
  AVERAGE SKY COVER 0.1


WEATHER CONDITIONS
 THE FOLLOWING WEATHER WAS RECORDED YESTERDAY.
  FOG
  FOG W/VISIBILITY <= 1/4 MILE


RELATIVE HUMIDITY (PERCENT)
 HIGHEST   100           100 AM
 LOWEST     35           300 PM
 AVERAGE    68

..........................................................


THE AUGUSTA REGIONAL BUSH FIELD GA CLIMATE NORMALS FOR TODAY
                         NORMAL    RECORD    YEAR
 MAXIMUM TEMPERATURE (F)   79        93      1980
 MINIMUM TEMPERATURE (F)   50        30      1986


SUNRISE AND SUNSET
APRIL 23 2019.........SUNRISE   649 AM EDT   SUNSET   804 PM EDT
APRIL 24 2019.........SUNRISE   647 AM EDT   SUNSET   805 PM EDT


-  INDICATES NEGATIVE NUMBERS.
R  INDICATES RECORD WAS SET OR TIED.
MM INDICATES DATA IS MISSING.
T  INDICATES TRACE AMOUNT.




$$
