198
CDUS42 KCAE 190558
CLIAGS


CLIMATE REPORT
NATIONAL WEATHER SERVICE COLUMBIA SC
158 AM EDT THU APR 19 2018


...................................

...THE AUGUSTA REGIONAL BUSH FIELD GA CLIMATE SUMMARY FOR APRIL 18 2018...

CLIMATE NORMAL PERIOD 1981 TO 2010
CLIMATE RECORD PERIOD 1873 TO 2018


WEATHER ITEM   OBSERVED TIME   RECORD YEAR NORMAL DEPARTURE LAST
                VALUE   (LST)  VALUE       VALUE  FROM      YEAR
                                                  NORMAL
..................................................................
TEMPERATURE (F)
 YESTERDAY
  MAXIMUM         86    444 PM  91    1896  78      8       86
  MINIMUM         44    553 AM  34    2001  49     -5       60
                                      1999
  AVERAGE         65                        63      2       73

PRECIPITATION (IN)
  YESTERDAY        0.00          2.19 1900   0.09  -0.09      T
  MONTH TO DATE    1.52                      1.81  -0.29     1.33
  SINCE MAR 1      4.73                      5.99  -1.26     3.10
  SINCE JAN 1      8.39                     13.82  -5.43    15.34

SNOWFALL (IN)
  YESTERDAY        0.0          MM      MM   0.0             0.0
  MONTH TO DATE    0.0                       0.0             0.0
  SINCE MAR 1      0.0                       0.0             0.0
  SINCE JUL 1      T                         0.9              T

DEGREE DAYS
 HEATING
  YESTERDAY        0                         4     -4        0
  MONTH TO DATE   99                        91      8       29
  SINCE MAR 1    433                       387     46      267
  SINCE JUL 1   2120                      2419   -299     1402

 COOLING
  YESTERDAY        0                         2     -2        8
  MONTH TO DATE   10                        24    -14       60
  SINCE MAR 1     24                        39    -15      113
  SINCE JAN 1     75                        42     33      143
..................................................................


WIND (MPH)
  HIGHEST WIND SPEED    23   HIGHEST WIND DIRECTION     W (260)
  HIGHEST GUST SPEED    32   HIGHEST GUST DIRECTION    SW (230)
  AVERAGE WIND SPEED    10.2


SKY COVER
  AVERAGE SKY COVER 0.0


WEATHER CONDITIONS
 THE FOLLOWING WEATHER WAS RECORDED YESTERDAY.
  FOG


RELATIVE HUMIDITY (PERCENT)
 HIGHEST    92           600 AM
 LOWEST     23           500 PM
 AVERAGE    58

..........................................................


THE AUGUSTA REGIONAL BUSH FIELD GA CLIMATE NORMALS FOR TODAY
                         NORMAL    RECORD    YEAR
 MAXIMUM TEMPERATURE (F)   78        92      2002
                                             1976
 MINIMUM TEMPERATURE (F)   49        33      2001
                                             1983


SUNRISE AND SUNSET
APRIL 19 2018.........SUNRISE   653 AM EDT   SUNSET   802 PM EDT
APRIL 20 2018.........SUNRISE   652 AM EDT   SUNSET   802 PM EDT


-  INDICATES NEGATIVE NUMBERS.
R  INDICATES RECORD WAS SET OR TIED.
MM INDICATES DATA IS MISSING.
T  INDICATES TRACE AMOUNT.




$$
