000
CDUS42 KFFC 240027
CLIAHN


CLIMATE REPORT
NATIONAL WEATHER SERVICE PEACHTREE CITY GA
827 PM EDT TUE APR 23 2019


...................................

...THE ATHENS CLIMATE SUMMARY FOR APRIL 23 2019...
VALID AS OF 0800 PM LOCAL TIME.

CLIMATE NORMAL PERIOD 1981 TO 2010
CLIMATE RECORD PERIOD 1898 TO 2019


WEATHER ITEM   OBSERVED TIME   RECORD YEAR NORMAL DEPARTURE LAST
                VALUE   (LST)  VALUE       VALUE  FROM      YEAR
                                                  NORMAL
..................................................................
TEMPERATURE (F)
 TODAY
  MAXIMUM         85    224 PM  94    1925  76      9       64
  MINIMUM         51    625 AM  33    1986  51      0       56
  AVERAGE         68                        64      4       60

PRECIPITATION (IN)
  TODAY            0.00          2.52 2017   0.11  -0.11     2.29
  MONTH TO DATE    3.35                      2.44   0.91     5.31
  SINCE MAR 1      5.44                      6.87  -1.43     8.49
  SINCE JAN 1     14.39                     15.40  -1.01    18.90

SNOWFALL (IN)
  TODAY            0.0           0.0  2002   0.0    0.0      0.0
                                      2001
                                      2000
  MONTH TO DATE    0.0                       0.1   -0.1      0.0
  SINCE MAR 1      0.0                       0.9   -0.9      0.0
  SINCE JUL 1      0.0                       3.0   -3.0      1.1
  SNOW DEPTH       0

DEGREE DAYS
 HEATING
  TODAY            0                         4     -4        5
  MONTH TO DATE   97                       127    -30      168
  SINCE MAR 1    446                       467    -21      551
  SINCE JUL 1   2533                      2722   -189     2557

 COOLING
  TODAY            3                         2      1        0
  MONTH TO DATE   45                        30     15       11
  SINCE MAR 1     45                        40      5       14
  SINCE JAN 1     52                        41     11       48
..................................................................


WIND (MPH)
  HIGHEST WIND SPEED    13   HIGHEST WIND DIRECTION     W (260)
  HIGHEST GUST SPEED    20   HIGHEST GUST DIRECTION     W (270)
  AVERAGE WIND SPEED     3.9


SKY COVER
  AVERAGE SKY COVER 0.0


WEATHER CONDITIONS
 THE FOLLOWING WEATHER WAS RECORDED TODAY.
  NO SIGNIFICANT WEATHER WAS OBSERVED.


RELATIVE HUMIDITY (PERCENT)
 HIGHEST    89           400 AM
 LOWEST     33           100 PM

..........................................................


THE ATHENS CLIMATE NORMALS FOR TOMORROW
                         NORMAL    RECORD    YEAR
 MAXIMUM TEMPERATURE (F)   76        97      1925
 MINIMUM TEMPERATURE (F)   52        36      2005
                                             1986


SUNRISE AND SUNSET
APRIL 23 2019.........SUNRISE   653 AM EDT   SUNSET   811 PM EDT
APRIL 24 2019.........SUNRISE   652 AM EDT   SUNSET   811 PM EDT


-  INDICATES NEGATIVE NUMBERS.
R  INDICATES RECORD WAS SET OR TIED.
MM INDICATES DATA IS MISSING.
T  INDICATES TRACE AMOUNT.




$$
