000
CDUS42 KFFC 260818
CLIAHN


CLIMATE REPORT
NATIONAL WEATHER SERVICE PEACHTREE CITY GA
417 AM EDT THU APR 26 2018


...................................

...THE ATHENS CLIMATE SUMMARY FOR APRIL 25 2018...

CLIMATE NORMAL PERIOD 1981 TO 2010
CLIMATE RECORD PERIOD 1898 TO 2018


WEATHER ITEM   OBSERVED TIME   RECORD YEAR NORMAL DEPARTURE LAST
                VALUE   (LST)  VALUE       VALUE  FROM      YEAR
                                                  NORMAL
..................................................................
TEMPERATURE (F)
 YESTERDAY
  MAXIMUM         75    300 PM  92    1925  76     -1       80
  MINIMUM         53    555 AM  36    2005  52      1       52
                                      1974
  AVERAGE         64                        64      0       66

PRECIPITATION (IN)
  YESTERDAY        0.00          2.16 1965   0.10  -0.10     0.00
  MONTH TO DATE    5.31                      2.64   2.67     6.86
  SINCE MAR 1      8.49                      7.07   1.42    11.17
  SINCE JAN 1     18.90                     15.60   3.30    18.87

SNOWFALL (IN)
  YESTERDAY        0.0           0.0  2002   0.0    0.0      0.0
                                      2001
                                      2000
  MONTH TO DATE    0.0                       0.1   -0.1      0.0
  SINCE MAR 1      0.0                       0.9   -0.9      0.0
  SINCE JUL 1      1.1                       3.0   -1.9      0.0
  SNOW DEPTH       0

DEGREE DAYS
 HEATING
  YESTERDAY        1                         3     -2        0
  MONTH TO DATE  169                       133     36       60
  SINCE MAR 1    552                       473     79      341
  SINCE JUL 1   2558                      2728   -170     1865

 COOLING
  YESTERDAY        0                         2     -2        1
  MONTH TO DATE   11                        34    -23       79
  SINCE MAR 1     14                        44    -30      117
  SINCE JAN 1     48                        45      3      126
..................................................................


WIND (MPH)
  RESULTANT WIND SPEED   5   RESULTANT WIND DIRECTION  NW (300)
  HIGHEST WIND SPEED    15   HIGHEST WIND DIRECTION     W (280)
  HIGHEST GUST SPEED    23   HIGHEST GUST DIRECTION    NW (330)
  AVERAGE WIND SPEED     7.3


SKY COVER
  POSSIBLE SUNSHINE  MM
  AVERAGE SKY COVER 0.1


WEATHER CONDITIONS
 THE FOLLOWING WEATHER WAS RECORDED YESTERDAY.
  NO SIGNIFICANT WEATHER WAS OBSERVED.


RELATIVE HUMIDITY (PERCENT)
 HIGHEST   100           100 AM
 LOWEST     46           100 PM
 AVERAGE    73

..........................................................


THE ATHENS CLIMATE NORMALS FOR TODAY
                         NORMAL    RECORD    YEAR
 MAXIMUM TEMPERATURE (F)   77        91      1942
 MINIMUM TEMPERATURE (F)   52        33      1919


SUNRISE AND SUNSET
APRIL 26 2018.........SUNRISE   649 AM EDT   SUNSET   813 PM EDT
APRIL 27 2018.........SUNRISE   648 AM EDT   SUNSET   814 PM EDT


-  INDICATES NEGATIVE NUMBERS.
R  INDICATES RECORD WAS SET OR TIED.
MM INDICATES DATA IS MISSING.
T  INDICATES TRACE AMOUNT.




$$
