000
CDAK48 PAFC 240027
CLIAKN


CLIMATE REPORT
NATIONAL WEATHER SERVICE ANCHORAGE, AK
427 PM AKDT TUE JUL 23 2019


...................................

...THE KING SALMON CLIMATE SUMMARY FOR JULY 23 2019...
VALID TODAY AS OF 0400 PM LOCAL TIME.

CLIMATE NORMAL PERIOD 1981 TO 2010
CLIMATE RECORD PERIOD 1917 TO 2019


WEATHER ITEM   OBSERVED TIME   RECORD YEAR NORMAL DEPARTURE LAST
                VALUE   (LST)  VALUE       VALUE  FROM      YEAR
                                                  NORMAL
..................................................................
TEMPERATURE (F)
 TODAY
  MAXIMUM         73        MM  81    1980  64      9       57
  MINIMUM         45        MM  39    1970  48     -3       54
  AVERAGE         59                        56      3       56

PRECIPITATION (IN)
  TODAY            0.00          0.82 2003   0.09  -0.09     0.71
  MONTH TO DATE    1.02                      1.63  -0.61     2.80
  SINCE DEC 1     11.49                      9.21   2.28    18.95
  SINCE JAN 1      9.76                      7.98   1.78    17.14

SNOWFALL (IN)
  TODAY            0.0          MM      MM   0.0    0.0      0.0
  MONTH TO DATE    0.0                       0.0    0.0      0.0
  SINCE DEC 1     19.1                      36.8  -17.7     51.0
  SINCE JUL 1      0.0                       0.0    0.0      0.0
  SNOW DEPTH       0

DEGREE DAYS
 HEATING
  TODAY            6                         9     -3        9
  MONTH TO DATE   82                       218   -136      214
  SINCE JUN 1    344                       625   -281      569
  SINCE JUL 1     82                       218   -136      214

 COOLING
  TODAY            0                         0      0        0
  MONTH TO DATE   31                         0     31        0
  SINCE JUN 1     31                         0     31        0
  SINCE JAN 1     31                         0     31        0
..................................................................


WIND (MPH)
  RESULTANT WIND SPEED   2   RESULTANT WIND DIRECTION   S (170)
  HIGHEST WIND SPEED     9   HIGHEST WIND DIRECTION     W (260)
  HIGHEST GUST SPEED    MM   HIGHEST GUST DIRECTION    MM
  AVERAGE WIND SPEED     3.2



WEATHER CONDITIONS
 THE FOLLOWING WEATHER WAS RECORDED TODAY.
  FOG


RELATIVE HUMIDITY (PERCENT)
 HIGHEST   100
 LOWEST     53
 AVERAGE    77

..........................................................


THE KING SALMON CLIMATE NORMALS FOR TOMORROW
                         NORMAL    RECORD    YEAR
 MAXIMUM TEMPERATURE (F)   64        80      1953
 MINIMUM TEMPERATURE (F)   48        38      1964


SUNRISE AND SUNSET
JULY 23 2019..........SUNRISE   557 AM AKDT  SUNSET  1108 PM AKDT
JULY 24 2019..........SUNRISE   559 AM AKDT  SUNSET  1106 PM AKDT


-  INDICATES NEGATIVE NUMBERS.
R  INDICATES RECORD WAS SET OR TIED.
MM INDICATES DATA IS MISSING.
T  INDICATES TRACE AMOUNT.




$$
