000
CDAK48 PAFC 250054
CLIAKN


CLIMATE REPORT
NATIONAL WEATHER SERVICE ANCHORAGE, AK
454 PM AKDT WED APR 24 2019


...................................

...THE KING SALMON CLIMATE SUMMARY FOR APRIL 24 2019...
VALID TODAY AS OF 0400 PM LOCAL TIME.

CLIMATE NORMAL PERIOD 1981 TO 2010
CLIMATE RECORD PERIOD 1917 TO 2019


WEATHER ITEM   OBSERVED TIME   RECORD YEAR NORMAL DEPARTURE LAST
                VALUE   (LST)  VALUE       VALUE  FROM      YEAR
                                                  NORMAL
..................................................................
TEMPERATURE (F)
 TODAY
  MAXIMUM         46    259 PM  59    1936  46      0       46
  MINIMUM         20    626 AM  10    1955  28     -8       35
  AVERAGE         33                        37     -4       41

PRECIPITATION (IN)
  TODAY            0.00          1.30 1934   0.04  -0.04     0.47
  MONTH TO DATE    1.08                      0.76   0.32     1.53
  SINCE DEC 1      7.42                      4.47   2.95    10.48
  SINCE JAN 1      5.69                      3.24   2.45     8.67

SNOWFALL (IN)
  TODAY            0.0          MM      MM   0.1   -0.1      0.0
  MONTH TO DATE    2.9                       3.5   -0.6     10.5
  SINCE DEC 1     19.1                      35.6  -16.5     51.0
  SINCE JUL 1     20.9                      45.4  -24.5     56.2
  SNOW DEPTH       0

DEGREE DAYS
 HEATING
  TODAY           32                        28      4       24
  MONTH TO DATE  713                       780    -67      682
  SINCE MAR 1   1608                      2046   -438     1817
  SINCE JUL 1   6138                      9666  -3528     8303

 COOLING
  TODAY            0                         0      0        0
  MONTH TO DATE    0                         0      0        0
  SINCE MAR 1      0                         0      0        0
  SINCE JAN 1      0                         0      0        0
..................................................................


WIND (MPH)
  RESULTANT WIND SPEED  10   RESULTANT WIND DIRECTION  NE (30)
  HIGHEST WIND SPEED    15   HIGHEST WIND DIRECTION     E (90)
  HIGHEST GUST SPEED    20   HIGHEST GUST DIRECTION     E (90)
  AVERAGE WIND SPEED    10.9



WEATHER CONDITIONS
 THE FOLLOWING WEATHER WAS RECORDED TODAY.
  NO SIGNIFICANT WEATHER WAS OBSERVED.


RELATIVE HUMIDITY (PERCENT)
 HIGHEST    77
 LOWEST     33
 AVERAGE    55

..........................................................


THE KING SALMON CLIMATE NORMALS FOR TOMORROW
                         NORMAL    RECORD    YEAR
 MAXIMUM TEMPERATURE (F)   46        60      2004
                                             1998
                                             1936
 MINIMUM TEMPERATURE (F)   29         8      1955


SUNRISE AND SUNSET
APRIL 24 2019.........SUNRISE   649 AM AKDT  SUNSET  1002 PM AKDT
APRIL 25 2019.........SUNRISE   647 AM AKDT  SUNSET  1004 PM AKDT


-  INDICATES NEGATIVE NUMBERS.
R  INDICATES RECORD WAS SET OR TIED.
MM INDICATES DATA IS MISSING.
T  INDICATES TRACE AMOUNT.




$$
